{"id":3614,"date":"2018-01-28T17:59:35","date_gmt":"2018-01-28T16:59:35","guid":{"rendered":"http:\/\/www.tempsetor.be\/galerie\/?post_type=product&#038;p=3614"},"modified":"2024-06-27T11:51:10","modified_gmt":"2024-06-27T09:51:10","slug":"montre-hommes-louis-erard-excellence-71231nn32","status":"publish","type":"product","link":"https:\/\/tempsetor.be\/galerie\/produit\/montre-hommes-louis-erard-excellence-71231nn32\/","title":{"rendered":"Montre hommes Louis Erard &#8211; Excellence 71231NN32"},"content":{"rendered":"<p class=\"Textbody\">L\u2019amour du savoir-faire dans la plus pure tradition suisse pourrait bien \u00eatre la devise de Louis Erard. \u00c0 moins que ce ne soit tout simplement l\u2019excellence<\/p>\n","protected":false},"excerpt":{"rendered":"<p><img loading=\"lazy\" decoding=\"async\" class=\"size-full wp-image-3616\" src=\"https:\/\/tempsetor.be\/galerie\/wp-content\/uploads\/2018\/01\/Louis-Erard.jpg\" alt=\"logo Louis Erard\" width=\"150\" height=\"33\" srcset=\"https:\/\/tempsetor.be\/galerie\/wp-content\/uploads\/2018\/01\/Louis-Erard.jpg 150w, https:\/\/tempsetor.be\/galerie\/wp-content\/uploads\/2018\/01\/Louis-Erard-50x11.jpg 50w\" sizes=\"auto, (max-width:767px) 150px, 150px\" \/>La collection cr\u00e9\u00e9e pour le 80e anniversaire de Louis Erard incarne plus que jamais les codes de la Maison. N\u00e9oclassicisme, exclusivit\u00e9s et complications m\u00e9caniques y font autorit\u00e9. Un esprit r\u00e9solument Haute Horlogerie se niche dans chacune des ic\u00f4nes de cette collection, emmen\u00e9 par l\u2019embl\u00e9matique r\u00e9gulateur. Les esth\u00e8tes de la belle ouvrage opteront pour ces chronos, phases de lunes, r\u00e9serves de marche et autres complications qui gardent non seulement le temps, mais \u00e9galement les traditions et l\u2019expertise de la Maison.<\/p>\n<p>D\u00e9j\u00e0 garanties 2 ans, le service apr\u00e8s vente de la bijouterie <strong>Temps &amp; OR<\/strong> vous apporte une confiance suppl\u00e9mentaire pour ces produits. Selon vos besoins, ces montres peuvent \u00eatre \u00e9galement r\u00e9serv\u00e9es \u00e0 la bijouterie. La mise \u00e0 mesure offerte ainsi qu&#8217;un emballage cadeau vous y seront propos\u00e9s.<\/p>\n<p>Faites vos demandes particuli\u00e8res ou passez votre commande via ce formulaire :<br \/>\n<p class=\"wpcf7-contact-form-not-found\"><strong>Error:<\/strong> Contact form not found.<\/p><\/p>\n","protected":false},"featured_media":3644,"template":"","meta":{"_monsterinsights_skip_tracking":false,"_monsterinsights_sitenote_active":false,"_monsterinsights_sitenote_note":"","_monsterinsights_sitenote_category":0},"product_brand":[],"product_cat":[526,40,39],"product_tag":[],"class_list":{"0":"post-3614","1":"product","2":"type-product","3":"status-publish","4":"has-post-thumbnail","6":"product_cat-louis-erard-hommes","7":"product_cat-montres-hommes","8":"product_cat-hommes","10":"first","11":"instock","12":"sale","13":"shipping-taxable","14":"purchasable","15":"product-type-simple"},"_links":{"self":[{"href":"https:\/\/tempsetor.be\/galerie\/wp-json\/wp\/v2\/product\/3614","targetHints":{"allow":["GET"]}}],"collection":[{"href":"https:\/\/tempsetor.be\/galerie\/wp-json\/wp\/v2\/product"}],"about":[{"href":"https:\/\/tempsetor.be\/galerie\/wp-json\/wp\/v2\/types\/product"}],"wp:featuredmedia":[{"embeddable":true,"href":"https:\/\/tempsetor.be\/galerie\/wp-json\/wp\/v2\/media\/3644"}],"wp:attachment":[{"href":"https:\/\/tempsetor.be\/galerie\/wp-json\/wp\/v2\/media?parent=3614"}],"wp:term":[{"taxonomy":"product_brand","embeddable":true,"href":"https:\/\/tempsetor.be\/galerie\/wp-json\/wp\/v2\/product_brand?post=3614"},{"taxonomy":"product_cat","embeddable":true,"href":"https:\/\/tempsetor.be\/galerie\/wp-json\/wp\/v2\/product_cat?post=3614"},{"taxonomy":"product_tag","embeddable":true,"href":"https:\/\/tempsetor.be\/galerie\/wp-json\/wp\/v2\/product_tag?post=3614"}],"curies":[{"name":"wp","href":"https:\/\/api.w.org\/{rel}","templated":true}]}}