{"id":3664,"date":"2018-02-04T16:32:29","date_gmt":"2018-02-04T15:32:29","guid":{"rendered":"http:\/\/www.tempsetor.be\/galerie\/?post_type=product&#038;p=3664"},"modified":"2024-06-27T11:49:19","modified_gmt":"2024-06-27T09:49:19","slug":"montre-dames-louis-erard-romance-10800ab04","status":"publish","type":"product","link":"https:\/\/tempsetor.be\/galerie\/produit\/montre-dames-louis-erard-romance-10800ab04\/","title":{"rendered":"Montre dames Louis Erard &#8211; Romance 10800AB04"},"content":{"rendered":"<p class=\"Textbody\">L\u2019amour du savoir-faire dans la plus pure tradition suisse pourrait bien \u00eatre la devise de Louis Erard. \u00c0 moins que ce ne soit tout simplement l\u2019excellence<\/p>\n","protected":false},"excerpt":{"rendered":"<hr \/>\n<p><img loading=\"lazy\" decoding=\"async\" class=\"size-full wp-image-3616\" src=\"https:\/\/tempsetor.be\/galerie\/wp-content\/uploads\/2018\/01\/Louis-Erard.jpg\" alt=\"logo Louis Erard\" width=\"150\" height=\"33\" srcset=\"https:\/\/tempsetor.be\/galerie\/wp-content\/uploads\/2018\/01\/Louis-Erard.jpg 150w, https:\/\/tempsetor.be\/galerie\/wp-content\/uploads\/2018\/01\/Louis-Erard-50x11.jpg 50w\" sizes=\"auto, (max-width:767px) 150px, 150px\" \/>Collection exclusivement f\u00e9minine, Romance fait la part belle aux variations. Le d\u00e9nominateur commun de ces cr\u00e9ations est leur c\u0153ur de quartz. Pour la suite, Louis Erard a d\u00e9cid\u00e9 d\u2019offrir autant de d\u00e9clarations qu\u2019il lui est possible &#8211; et que les femmes r\u00e9clament ! Les mati\u00e8res se succ\u00e8dent avec panache, les cadrans prennent des couleurs, les index adoptent parfois des atours diamant\u00e9s et les cornes uniques se prolongent par des bracelets contrast\u00e9s. Romance est la collection par excellence pour les femmes sophistiqu\u00e9es, urbaines et authentiques qui savent savourer la volupt\u00e9 du temps.<\/p>\n<p>D\u00e9j\u00e0 garanties 2 ans, le service apr\u00e8s vente de la bijouterie <strong>Temps &amp; OR<\/strong> vous apporte une confiance suppl\u00e9mentaire pour ces produits. Selon vos besoins, ces montres peuvent \u00eatre \u00e9galement r\u00e9serv\u00e9es \u00e0 la bijouterie. La mise \u00e0 mesure offerte ainsi qu&#8217;un emballage cadeau vous y seront propos\u00e9s.<\/p>\n<p>Faites vos demandes particuli\u00e8res ou passez votre commande via ce formulaire :<br \/>\n<p class=\"wpcf7-contact-form-not-found\"><strong>Error:<\/strong> Contact form not found.<\/p><\/p>\n","protected":false},"featured_media":3665,"template":"","meta":{"_monsterinsights_skip_tracking":false,"_monsterinsights_sitenote_active":false,"_monsterinsights_sitenote_note":"","_monsterinsights_sitenote_category":0},"product_brand":[],"product_cat":[564,28,27],"product_tag":[],"class_list":{"0":"post-3664","1":"product","2":"type-product","3":"status-publish","4":"has-post-thumbnail","6":"product_cat-louis-erard-dames","7":"product_cat-montres-dames","8":"product_cat-dames","10":"first","11":"instock","12":"sale","13":"shipping-taxable","14":"purchasable","15":"product-type-simple"},"_links":{"self":[{"href":"https:\/\/tempsetor.be\/galerie\/wp-json\/wp\/v2\/product\/3664","targetHints":{"allow":["GET"]}}],"collection":[{"href":"https:\/\/tempsetor.be\/galerie\/wp-json\/wp\/v2\/product"}],"about":[{"href":"https:\/\/tempsetor.be\/galerie\/wp-json\/wp\/v2\/types\/product"}],"wp:featuredmedia":[{"embeddable":true,"href":"https:\/\/tempsetor.be\/galerie\/wp-json\/wp\/v2\/media\/3665"}],"wp:attachment":[{"href":"https:\/\/tempsetor.be\/galerie\/wp-json\/wp\/v2\/media?parent=3664"}],"wp:term":[{"taxonomy":"product_brand","embeddable":true,"href":"https:\/\/tempsetor.be\/galerie\/wp-json\/wp\/v2\/product_brand?post=3664"},{"taxonomy":"product_cat","embeddable":true,"href":"https:\/\/tempsetor.be\/galerie\/wp-json\/wp\/v2\/product_cat?post=3664"},{"taxonomy":"product_tag","embeddable":true,"href":"https:\/\/tempsetor.be\/galerie\/wp-json\/wp\/v2\/product_tag?post=3664"}],"curies":[{"name":"wp","href":"https:\/\/api.w.org\/{rel}","templated":true}]}}