{"id":3835,"date":"2018-06-04T21:50:19","date_gmt":"2018-06-04T19:50:19","guid":{"rendered":"http:\/\/www.tempsetor.be\/galerie\/?post_type=product&#038;p=3835"},"modified":"2021-11-24T14:46:04","modified_gmt":"2021-11-24T13:46:04","slug":"montre-hommes-victorinox-maverick-241789","status":"publish","type":"product","link":"https:\/\/tempsetor.be\/galerie\/produit\/montre-hommes-victorinox-maverick-241789\/","title":{"rendered":"Montre hommes Victorinox &#8211; Maverick &#8211; 241789"},"content":{"rendered":"<p>Les crit\u00e8res de qualit\u00e9 les plus exigeants pour une fonctionnalit\u00e9 in\u00e9galable. Accompagn\u00e9e d&#8217;un bumper de protection. Bracelet en caoutchouc v\u00e9ritable.<\/p>\n<p>Avec ses lignes sobres, sa robustesse, sa pr\u00e9cision et la lisibilit\u00e9 parfaite de toutes fonctions, ce mod\u00e8le incarne l&#8217;expression la plus audacieuse de l\u2019ing\u00e9nierie militaire vue par <strong>Victorinox<\/strong> Swiss Army, o\u00f9 la fonctionnalit\u00e9 et la qualit\u00e9 conditionnent un design qui va \u00e0 l&#8217;essentiel.<\/p>\n<p>Montre de plong\u00e9e suisse munie d\u2019une lunette tournante unidirectionnelle avec d\u00e9compte.<\/p>\n","protected":false},"excerpt":{"rendered":"<p><img loading=\"lazy\" decoding=\"async\" class=\"size-full wp-image-2745 alignleft\" src=\"https:\/\/tempsetor.be\/galerie\/wp-content\/uploads\/2015\/04\/victorinox.jpg\" alt=\"Logo Victorinox\" width=\"150\" height=\"75\" srcset=\"https:\/\/tempsetor.be\/galerie\/wp-content\/uploads\/2015\/04\/victorinox.jpg 150w, https:\/\/tempsetor.be\/galerie\/wp-content\/uploads\/2015\/04\/victorinox-50x25.jpg 50w\" sizes=\"auto, (max-width:767px) 150px, 150px\" \/>L\u2019alliance parfaite de l\u2019\u00e9l\u00e9gance et la fonctionnalit\u00e9 : voici comment nous pourrions d\u00e9crire notre montre Maverick, v\u00e9ritable r\u00e9f\u00e9rence en mati\u00e8re de polyvalence. Son mouvement quartz fabriqu\u00e9 en Suisse vous offre une fiabilit\u00e9 et une pr\u00e9cision sans faille. Tandis que son bo\u00eetier en acier inoxydable et le triple traitement antireflet de son verre saphir r\u00e9sistent \u00e0 toutes vos aventures. Mais ce qui vous impressionnera le plus, c\u2019est peut-\u00eatre la facilit\u00e9 d\u00e9concertante avec laquelle notre montre Maverick rel\u00e8ve chaque d\u00e9fi. Apr\u00e8s tout, elle est \u00e0 l\u2019image de ceux qui la portent.<\/p>\n<p>D\u00e9j\u00e0 garanties 2 ans, le service apr\u00e8s vente de la bijouterie <strong>Temps &amp; OR<\/strong> vous apporte une confiance suppl\u00e9mentaire pour ces produits. Selon vos besoins, ces montres peuvent \u00eatre \u00e9galement r\u00e9serv\u00e9es \u00e0 la bijouterie. La mise \u00e0 mesure offerte ainsi qu&#8217;un emballage cadeau vous y seront propos\u00e9s.<\/p>\n<p>Faites vos demandes particuli\u00e8res ou passez votre commande via ce formulaire :<br \/>\n<p class=\"wpcf7-contact-form-not-found\"><strong>Error:<\/strong> Contact form not found.<\/p><\/p>\n","protected":false},"featured_media":3836,"template":"","meta":{"_monsterinsights_skip_tracking":false,"_monsterinsights_sitenote_active":false,"_monsterinsights_sitenote_note":"","_monsterinsights_sitenote_category":0},"product_brand":[],"product_cat":[40,39,73],"product_tag":[],"class_list":{"0":"post-3835","1":"product","2":"type-product","3":"status-publish","4":"has-post-thumbnail","6":"product_cat-montres-hommes","7":"product_cat-hommes","8":"product_cat-victorinox-montre-hommes","10":"first","11":"instock","12":"shipping-taxable","13":"purchasable","14":"product-type-simple"},"_links":{"self":[{"href":"https:\/\/tempsetor.be\/galerie\/wp-json\/wp\/v2\/product\/3835","targetHints":{"allow":["GET"]}}],"collection":[{"href":"https:\/\/tempsetor.be\/galerie\/wp-json\/wp\/v2\/product"}],"about":[{"href":"https:\/\/tempsetor.be\/galerie\/wp-json\/wp\/v2\/types\/product"}],"wp:featuredmedia":[{"embeddable":true,"href":"https:\/\/tempsetor.be\/galerie\/wp-json\/wp\/v2\/media\/3836"}],"wp:attachment":[{"href":"https:\/\/tempsetor.be\/galerie\/wp-json\/wp\/v2\/media?parent=3835"}],"wp:term":[{"taxonomy":"product_brand","embeddable":true,"href":"https:\/\/tempsetor.be\/galerie\/wp-json\/wp\/v2\/product_brand?post=3835"},{"taxonomy":"product_cat","embeddable":true,"href":"https:\/\/tempsetor.be\/galerie\/wp-json\/wp\/v2\/product_cat?post=3835"},{"taxonomy":"product_tag","embeddable":true,"href":"https:\/\/tempsetor.be\/galerie\/wp-json\/wp\/v2\/product_tag?post=3835"}],"curies":[{"name":"wp","href":"https:\/\/api.w.org\/{rel}","templated":true}]}}