{"id":3863,"date":"2018-06-13T19:47:48","date_gmt":"2018-06-13T17:47:48","guid":{"rendered":"http:\/\/www.tempsetor.be\/galerie\/?post_type=product&#038;p=3863"},"modified":"2018-06-13T19:50:37","modified_gmt":"2018-06-13T17:50:37","slug":"montre-hommes-claude-bernard-classic-34004-37r-brir","status":"publish","type":"product","link":"https:\/\/tempsetor.be\/galerie\/produit\/montre-hommes-claude-bernard-classic-34004-37r-brir\/","title":{"rendered":"Montre hommes Claude Bernard &#8211; Classic &#8211; 34004 37R BRIR"},"content":{"rendered":"<p>Fond\u00e9 en 1973, La soci\u00e9t\u00e9 horlog\u00e8re <strong>Claude Bernard<\/strong> se fait un point d&#8217;honneur \u00e0 fabriquer des montres &#8220;Swiss Made&#8221; avec un savoir faire et un rapport de qualit\u00e9 exceptionnels. G\u00e9n\u00e9ralement sobres &amp; classiques, automatiques ou \u00e0 quartz, elles poss\u00e8dent toutes un verre en saphir ingriffable et une garantie internationale de 2 ans.<\/p>\n<p>Une montre \u00e9l\u00e9gante d\u00e9clin\u00e9e en quartz. Fonctionnelle, elle poss\u00e8de un double guichet pour une date tr\u00e8s lisible. Et toujours une trotteuse, petite ou grande&#8230;.<\/p>\n","protected":false},"excerpt":{"rendered":"<p><img loading=\"lazy\" decoding=\"async\" class=\"size-medium wp-image-2553 alignnone\" src=\"https:\/\/tempsetor.be\/galerie\/wp-content\/uploads\/2017\/11\/Claude-Bernard-1-300x134.jpeg\" alt=\"\" width=\"300\" height=\"134\" \/><\/p>\n<p>D\u00e9j\u00e0 garanties 2 ans, le service apr\u00e8s vente de la bijouterie <strong>Temps &amp; OR<\/strong> vous apporte une confiance suppl\u00e9mentaire pour ces produits. Selon vos besoins, ces montres peuvent \u00eatre \u00e9galement r\u00e9serv\u00e9es \u00e0 la bijouterie. La mise \u00e0 mesure offerte ainsi qu&#8217;un emballage cadeau vous y seront propos\u00e9s.<\/p>\n<p>Faites vos demandes particuli\u00e8res ou passez votre commande via ce formulaire :<br \/>\n<p class=\"wpcf7-contact-form-not-found\"><strong>Error:<\/strong> Contact form not found.<\/p><\/p>\n<p>&nbsp;<\/p>\n","protected":false},"featured_media":3864,"template":"","meta":{"_monsterinsights_skip_tracking":false,"_monsterinsights_sitenote_active":false,"_monsterinsights_sitenote_note":"","_monsterinsights_sitenote_category":0},"product_brand":[],"product_cat":[41,40,39],"product_tag":[],"class_list":{"0":"post-3863","1":"product","2":"type-product","3":"status-publish","4":"has-post-thumbnail","6":"product_cat-claude-bernard-hommes","7":"product_cat-montres-hommes","8":"product_cat-hommes","10":"first","11":"instock","12":"shipping-taxable","13":"purchasable","14":"product-type-simple"},"_links":{"self":[{"href":"https:\/\/tempsetor.be\/galerie\/wp-json\/wp\/v2\/product\/3863","targetHints":{"allow":["GET"]}}],"collection":[{"href":"https:\/\/tempsetor.be\/galerie\/wp-json\/wp\/v2\/product"}],"about":[{"href":"https:\/\/tempsetor.be\/galerie\/wp-json\/wp\/v2\/types\/product"}],"wp:featuredmedia":[{"embeddable":true,"href":"https:\/\/tempsetor.be\/galerie\/wp-json\/wp\/v2\/media\/3864"}],"wp:attachment":[{"href":"https:\/\/tempsetor.be\/galerie\/wp-json\/wp\/v2\/media?parent=3863"}],"wp:term":[{"taxonomy":"product_brand","embeddable":true,"href":"https:\/\/tempsetor.be\/galerie\/wp-json\/wp\/v2\/product_brand?post=3863"},{"taxonomy":"product_cat","embeddable":true,"href":"https:\/\/tempsetor.be\/galerie\/wp-json\/wp\/v2\/product_cat?post=3863"},{"taxonomy":"product_tag","embeddable":true,"href":"https:\/\/tempsetor.be\/galerie\/wp-json\/wp\/v2\/product_tag?post=3863"}],"curies":[{"name":"wp","href":"https:\/\/api.w.org\/{rel}","templated":true}]}}