{"id":3951,"date":"2018-07-17T12:44:09","date_gmt":"2018-07-17T10:44:09","guid":{"rendered":"http:\/\/www.tempsetor.be\/galerie\/?post_type=product&#038;p=3951"},"modified":"2018-07-17T16:18:48","modified_gmt":"2018-07-17T14:18:48","slug":"bracelet-salvatore-bersani-bjoy-6982","status":"publish","type":"product","link":"https:\/\/tempsetor.be\/galerie\/produit\/bracelet-salvatore-bersani-bjoy-6982\/","title":{"rendered":"Bracelet Salvatore Bersani &#8211; Bjoy &#8211; 6982"},"content":{"rendered":"<p>Les bracelets <strong>Salvatore Bersani<\/strong> sont des bijoux pour l&#8217;homme cr\u00e9atif et \u00e9l\u00e9gant. Au design Italien et compos\u00e9s de c\u00e2bles en acier torsad\u00e9s, ces bracelets parfois teint\u00e9s sont souvent agr\u00e9ment\u00e9s de d\u00e9tails en OR 18 karats. Le raffinement \u00e0 l&#8217;Italienne au poignet.\u00a0La collection BJoy fa\u00e7onne l&#8217;acier selon la philosophie de la marque <strong>Salvatore Bersani<\/strong>: favoriser l&#8217;\u00e9l\u00e9gance et l&#8217;attention au d\u00e9tail dans la cr\u00e9ation de bijoux uniques. Un concept de luxe qui n&#8217;a pas besoin d&#8217;\u00eatre \u00e9vident pour \u00eatre remarqu\u00e9.<\/p>\n","protected":false},"excerpt":{"rendered":"<div id=\"attachment_3945\" style=\"width: 160px\" class=\"wp-caption alignleft\"><img loading=\"lazy\" decoding=\"async\" aria-describedby=\"caption-attachment-3945\" class=\"wp-image-3945 size-full\" src=\"https:\/\/tempsetor.be\/galerie\/wp-content\/uploads\/2018\/07\/salvatore-bersani-logo-150px.jpg\" alt=\"Salvatore Bersani logo\" width=\"150\" height=\"134\" srcset=\"https:\/\/tempsetor.be\/galerie\/wp-content\/uploads\/2018\/07\/salvatore-bersani-logo-150px.jpg 150w, https:\/\/tempsetor.be\/galerie\/wp-content\/uploads\/2018\/07\/salvatore-bersani-logo-150px-50x45.jpg 50w, https:\/\/tempsetor.be\/galerie\/wp-content\/uploads\/2018\/07\/salvatore-bersani-logo-150px-84x75.jpg 84w\" sizes=\"auto, (max-width:767px) 150px, 150px\" \/><p id=\"caption-attachment-3945\" class=\"wp-caption-text\">Salvatore Bersani logo<\/p><\/div>\n<p>En plus de la confiance qu&#8217;apporte un produit de marque, le service apr\u00e8s vente de la bijouterie <strong>Temps &amp; OR<\/strong> vous apporte une confiance suppl\u00e9mentaire pour ces produits.\u00a0 Selon vos besoins, ces bijoux peuvent \u00eatre \u00e9galement r\u00e9serv\u00e9es \u00e0 la bijouterie. La mise \u00e0 mesure offerte ainsi qu&#8217;un emballage cadeau vous y seront propos\u00e9s.<\/p>\n<p>Faites vos demandes particuli\u00e8res ou passez votre commande via ce formulaire :<br \/>\n<p class=\"wpcf7-contact-form-not-found\"><strong>Error:<\/strong> Contact form not found.<\/p><\/p>\n","protected":false},"featured_media":3954,"template":"","meta":{"_monsterinsights_skip_tracking":false,"_monsterinsights_sitenote_active":false,"_monsterinsights_sitenote_note":"","_monsterinsights_sitenote_category":0},"product_brand":[],"product_cat":[42,39,44],"product_tag":[],"class_list":{"0":"post-3951","1":"product","2":"type-product","3":"status-publish","4":"has-post-thumbnail","6":"product_cat-bracelets-hommes","7":"product_cat-hommes","8":"product_cat-salvatore-bersani-bracelet","10":"first","11":"instock","12":"shipping-taxable","13":"purchasable","14":"product-type-simple"},"_links":{"self":[{"href":"https:\/\/tempsetor.be\/galerie\/wp-json\/wp\/v2\/product\/3951","targetHints":{"allow":["GET"]}}],"collection":[{"href":"https:\/\/tempsetor.be\/galerie\/wp-json\/wp\/v2\/product"}],"about":[{"href":"https:\/\/tempsetor.be\/galerie\/wp-json\/wp\/v2\/types\/product"}],"wp:featuredmedia":[{"embeddable":true,"href":"https:\/\/tempsetor.be\/galerie\/wp-json\/wp\/v2\/media\/3954"}],"wp:attachment":[{"href":"https:\/\/tempsetor.be\/galerie\/wp-json\/wp\/v2\/media?parent=3951"}],"wp:term":[{"taxonomy":"product_brand","embeddable":true,"href":"https:\/\/tempsetor.be\/galerie\/wp-json\/wp\/v2\/product_brand?post=3951"},{"taxonomy":"product_cat","embeddable":true,"href":"https:\/\/tempsetor.be\/galerie\/wp-json\/wp\/v2\/product_cat?post=3951"},{"taxonomy":"product_tag","embeddable":true,"href":"https:\/\/tempsetor.be\/galerie\/wp-json\/wp\/v2\/product_tag?post=3951"}],"curies":[{"name":"wp","href":"https:\/\/api.w.org\/{rel}","templated":true}]}}

<p>Les bracelets <strong>Salvatore Bersani</strong> sont des bijoux pour l&#8217;homme créatif et élégant. Au design Italien et composés de câbles en acier torsadés, ces bracelets parfois teintés sont souvent agrémentés de détails en OR 18 karats. Le raffinement à l&#8217;Italienne au poignet. La collection BJoy façonne l&#8217;acier selon la philosophie de la marque <strong>Salvatore Bersani</strong>: favoriser l&#8217;élégance et l&#8217;attention au détail dans la création de bijoux uniques. Un concept de luxe qui n&#8217;a pas besoin d&#8217;être évident pour être remarqué.</p>

<div id="attachment_3945" style="width: 160px" class="wp-caption alignleft"><img loading="lazy" decoding="async" aria-describedby="caption-attachment-3945" class="wp-image-3945 size-full" src="https://tempsetor.be/galerie/wp-content/uploads/2018/07/salvatore-bersani-logo-150px.jpg" alt="Salvatore Bersani logo" width="150" height="134" srcset="https://tempsetor.be/galerie/wp-content/uploads/2018/07/salvatore-bersani-logo-150px.jpg 150w, https://tempsetor.be/galerie/wp-content/uploads/2018/07/salvatore-bersani-logo-150px-50x45.jpg 50w, https://tempsetor.be/galerie/wp-content/uploads/2018/07/salvatore-bersani-logo-150px-84x75.jpg 84w" sizes="auto, (max-width:767px) 150px, 150px" /><p id="caption-attachment-3945" class="wp-caption-text">Salvatore Bersani logo</p></div>
<p>En plus de la confiance qu&#8217;apporte un produit de marque, le service après vente de la bijouterie <strong>Temps &amp; OR</strong> vous apporte une confiance supplémentaire pour ces produits.  Selon vos besoins, ces bijoux peuvent être également réservées à la bijouterie. La mise à mesure offerte ainsi qu&#8217;un emballage cadeau vous y seront proposés.</p>
<p>Faites vos demandes particulières ou passez votre commande via ce formulaire :<br />
<p class="wpcf7-contact-form-not-found"><strong>Error:</strong> Contact form not found.</p></p>
