{"id":4542,"date":"2019-04-13T19:43:06","date_gmt":"2019-04-13T17:43:06","guid":{"rendered":"http:\/\/www.tempsetor.be\/galerie\/?post_type=product&#038;p=4542"},"modified":"2025-02-05T09:21:20","modified_gmt":"2025-02-05T08:21:20","slug":"couteau-suisse-victorinox-wine-master-0-9701-63","status":"publish","type":"product","link":"https:\/\/tempsetor.be\/galerie\/produit\/couteau-suisse-victorinox-wine-master-0-9701-63\/","title":{"rendered":"Couteau Suisse Victorinox &#8211; Wine Master (0.9701.63)"},"content":{"rendered":"<h3 class=\"title e-h4\">Principales caract\u00e9ristiques<\/h3>\n<div class=\"product-key-attributes group-richtext\">\n<ul>\n<li>Pour les amateurs de vin<\/li>\n<li>Couteau de poche avec 6\u00a0fonctions, fabriqu\u00e9 en Suisse<\/li>\n<li>Comprend un double levier pour d\u00e9boucher la bouteille et fourni avec un \u00e9tui de transport en cuir<\/li>\n<\/ul>\n<\/div>\n","protected":false},"excerpt":{"rendered":"<p><img loading=\"lazy\" decoding=\"async\" class=\"alignleft wp-image-2745 size-full\" src=\"https:\/\/tempsetor.be\/galerie\/wp-content\/uploads\/2015\/04\/victorinox.jpg\" alt=\"Logo Victorinox\" width=\"150\" height=\"75\" srcset=\"https:\/\/tempsetor.be\/galerie\/wp-content\/uploads\/2015\/04\/victorinox.jpg 150w, https:\/\/tempsetor.be\/galerie\/wp-content\/uploads\/2015\/04\/victorinox-50x25.jpg 50w\" sizes=\"auto, (max-width:767px) 150px, 150px\" \/><\/p>\n<h2 class=\"title e-h2\">Couteau de poche pour les amateurs de vin<\/h2>\n<div class=\"group-richtext\">\n<p>Les grands vins m\u00e9ritent un outil cr\u00e9\u00e9 dans un esprit de perfection. D\u00e9couvrez notre Wine Master : le compagnon qui saura gagner la confiance des sommeliers et des amateurs de vin. Ses capacit\u00e9s viticoles sont du plus haut niveau et rendent \u00e0 vos grands vins les honneurs qu\u2019ils m\u00e9ritent.<\/p>\n<p>Un tire-bouchon extra-long avec cinq spires \u00e9vite que le bouchon ne casse, tandis qu\u2019un outil multi-usages abrite un double levier et un d\u00e9capsuleur.<\/p>\n<p>Le couteau de poche int\u00e8gre un coupe-capsules avec une lame dent\u00e9e en forme de bec d\u2019oiseau et une grande lame blocable, parfaite pour d\u00e9couper du fromage ou vos petits plats pr\u00e9f\u00e9r\u00e9s. Un outil \u00e9l\u00e9gant et con\u00e7u sur mesure pour les amateurs de vin.<\/p>\n<\/div>\n<p>Faites vos demandes particuli\u00e8res ou passez votre commande via ce formulaire :<br \/>\n<p class=\"wpcf7-contact-form-not-found\"><strong>Error:<\/strong> Contact form not found.<\/p><\/p>\n","protected":false},"featured_media":4543,"template":"","meta":{"_monsterinsights_skip_tracking":false,"_monsterinsights_sitenote_active":false,"_monsterinsights_sitenote_note":"","_monsterinsights_sitenote_category":0},"product_brand":[],"product_cat":[1070,1071],"product_tag":[],"class_list":{"0":"post-4542","1":"product","2":"type-product","3":"status-publish","4":"has-post-thumbnail","6":"product_cat-accessoirelifestyle","7":"product_cat-couteaux-suisses-victorinox","9":"first","10":"instock","11":"shipping-taxable","12":"purchasable","13":"product-type-simple"},"_links":{"self":[{"href":"https:\/\/tempsetor.be\/galerie\/wp-json\/wp\/v2\/product\/4542","targetHints":{"allow":["GET"]}}],"collection":[{"href":"https:\/\/tempsetor.be\/galerie\/wp-json\/wp\/v2\/product"}],"about":[{"href":"https:\/\/tempsetor.be\/galerie\/wp-json\/wp\/v2\/types\/product"}],"wp:featuredmedia":[{"embeddable":true,"href":"https:\/\/tempsetor.be\/galerie\/wp-json\/wp\/v2\/media\/4543"}],"wp:attachment":[{"href":"https:\/\/tempsetor.be\/galerie\/wp-json\/wp\/v2\/media?parent=4542"}],"wp:term":[{"taxonomy":"product_brand","embeddable":true,"href":"https:\/\/tempsetor.be\/galerie\/wp-json\/wp\/v2\/product_brand?post=4542"},{"taxonomy":"product_cat","embeddable":true,"href":"https:\/\/tempsetor.be\/galerie\/wp-json\/wp\/v2\/product_cat?post=4542"},{"taxonomy":"product_tag","embeddable":true,"href":"https:\/\/tempsetor.be\/galerie\/wp-json\/wp\/v2\/product_tag?post=4542"}],"curies":[{"name":"wp","href":"https:\/\/api.w.org\/{rel}","templated":true}]}}