{"id":5011,"date":"2020-02-09T20:51:20","date_gmt":"2020-02-09T19:51:20","guid":{"rendered":"http:\/\/www.tempsetor.be\/galerie\/?post_type=product&#038;p=5011"},"modified":"2023-02-09T18:04:45","modified_gmt":"2023-02-09T17:04:45","slug":"montre-dames-balmain-haute-elegance-mini-b8091-25-86","status":"publish","type":"product","link":"https:\/\/tempsetor.be\/galerie\/produit\/montre-dames-balmain-haute-elegance-mini-b8091-25-86\/","title":{"rendered":"Montre dames Balmain &#8211; Haute Elegance &#8211; Mini B8091.25.86"},"content":{"rendered":"<p class=\"Textbody\">Monsieur <strong>Pierre Balmain<\/strong> a \u00e9t\u00e9 l&#8217;une des figures marquantes de la Haute Couture parisienne. Il a habill\u00e9 des femmes d&#8217;exception qui ont compt\u00e9 dans leur \u00e9poque, qu&#8217;elles soient reines ou princesses, qu&#8217;elles soient stars de cin\u00e9ma ou de th\u00e9\u00e2tre.<\/p>\n","protected":false},"excerpt":{"rendered":"<p><img loading=\"lazy\" decoding=\"async\" class=\"size-full wp-image-4932 alignleft\" src=\"https:\/\/tempsetor.be\/galerie\/wp-content\/uploads\/2019\/12\/balmain-logo-e1575617935991.png\" alt=\"\" width=\"151\" height=\"44\" \/><\/p>\n<p>Monsieur <strong>Pierre Balmain<\/strong> a propag\u00e9 dans le monde entier l&#8217;id\u00e9e du luxe \u00e0 la fran\u00e7aise. &#8220;Les Arabesques&#8221; ont \u00e9t\u00e9, pour ce g\u00e9nie de la cr\u00e9ation, au c\u0153ur profond de son inspiration. Lorsqu&#8217;en 1987, nous avons re\u00e7u la tr\u00e8s d\u00e9licate mission de cr\u00e9er et d\u00e9velopper <strong>les Montres Balmain<\/strong>, il s&#8217;est impos\u00e9 comme une \u00e9vidence que le c\u00e9l\u00e8bre motif &#8220;Arabesques&#8221; et &#8220;l&#8217;\u00e9l\u00e9gance&#8221; devaient \u00eatre l&#8217;\u00e2me de nos garde-temps afin qu&#8217;ils soient dignes de porter cette prestigieuse signature. C&#8217;est ainsi qu&#8217;ann\u00e9e apr\u00e8s ann\u00e9e, les cadrans &#8220;Arabesques&#8221; ont toujours \u00e9t\u00e9 au c\u0153ur des cr\u00e9ations des Montres <strong>Balmain<\/strong>.<\/p>\n<p>D\u00e9j\u00e0 garanties 2 ans, le service apr\u00e8s vente de la bijouterie <strong>Temps &amp; OR<\/strong> vous apporte une confiance suppl\u00e9mentaire pour ces produits. Selon vos besoins, ces montres peuvent \u00eatre \u00e9galement r\u00e9serv\u00e9es \u00e0 la bijouterie. La mise \u00e0 mesure offerte ainsi qu&#8217;un emballage cadeau vous y seront propos\u00e9s.<\/p>\n<p>Faites vos demandes particuli\u00e8res ou passez votre commande via ce formulaire :<br \/>\n<p class=\"wpcf7-contact-form-not-found\"><strong>Error:<\/strong> Contact form not found.<\/p><\/p>\n","protected":false},"featured_media":5012,"template":"","meta":{"_monsterinsights_skip_tracking":false,"_monsterinsights_sitenote_active":false,"_monsterinsights_sitenote_note":"","_monsterinsights_sitenote_category":0},"product_brand":[],"product_cat":[35,28,27],"product_tag":[],"class_list":{"0":"post-5011","1":"product","2":"type-product","3":"status-publish","4":"has-post-thumbnail","6":"product_cat-balmain-dames","7":"product_cat-montres-dames","8":"product_cat-dames","10":"first","11":"instock","12":"shipping-taxable","13":"purchasable","14":"product-type-simple"},"_links":{"self":[{"href":"https:\/\/tempsetor.be\/galerie\/wp-json\/wp\/v2\/product\/5011","targetHints":{"allow":["GET"]}}],"collection":[{"href":"https:\/\/tempsetor.be\/galerie\/wp-json\/wp\/v2\/product"}],"about":[{"href":"https:\/\/tempsetor.be\/galerie\/wp-json\/wp\/v2\/types\/product"}],"wp:featuredmedia":[{"embeddable":true,"href":"https:\/\/tempsetor.be\/galerie\/wp-json\/wp\/v2\/media\/5012"}],"wp:attachment":[{"href":"https:\/\/tempsetor.be\/galerie\/wp-json\/wp\/v2\/media?parent=5011"}],"wp:term":[{"taxonomy":"product_brand","embeddable":true,"href":"https:\/\/tempsetor.be\/galerie\/wp-json\/wp\/v2\/product_brand?post=5011"},{"taxonomy":"product_cat","embeddable":true,"href":"https:\/\/tempsetor.be\/galerie\/wp-json\/wp\/v2\/product_cat?post=5011"},{"taxonomy":"product_tag","embeddable":true,"href":"https:\/\/tempsetor.be\/galerie\/wp-json\/wp\/v2\/product_tag?post=5011"}],"curies":[{"name":"wp","href":"https:\/\/api.w.org\/{rel}","templated":true}]}}