{"id":5043,"date":"2020-02-24T16:25:17","date_gmt":"2020-02-24T15:25:17","guid":{"rendered":"http:\/\/www.tempsetor.be\/galerie\/?post_type=product&#038;p=5043"},"modified":"2020-02-24T16:31:23","modified_gmt":"2020-02-24T15:31:23","slug":"horloge-murale-pendule-ams-304","status":"publish","type":"product","link":"https:\/\/tempsetor.be\/galerie\/produit\/horloge-murale-pendule-ams-304\/","title":{"rendered":"Horloge murale &#8211; pendule &#8211; AMS 304"},"content":{"rendered":"<p>Vous recevrez un certificat avec une garantie de 3 ans sur votre nouvelle horloge. En cas d&#8217;un probl\u00e8me avec le mouvement, le m\u00e9canisme ou le carillon dans ces trois ans, ce certificat vous garantie la r\u00e9paration.<\/p>\n","protected":false},"excerpt":{"rendered":"<p><img loading=\"lazy\" decoding=\"async\" class=\"size-full wp-image-5041 alignleft\" src=\"https:\/\/tempsetor.be\/galerie\/wp-content\/uploads\/2019\/12\/ams-logo.png\" alt=\"\" width=\"120\" height=\"47\" srcset=\"https:\/\/tempsetor.be\/galerie\/wp-content\/uploads\/2019\/12\/ams-logo.png 120w, https:\/\/tempsetor.be\/galerie\/wp-content\/uploads\/2019\/12\/ams-logo-50x20.png 50w\" sizes=\"auto, (max-width:767px) 120px, 120px\" \/>Horloge AMS originale &#8211; Fabriqu\u00e9e en Allemagne Mouvement squelette; m\u00e9tallique Famille d&#8217;horlogers depuis plus de 150 ans, AMS est soucieux de cr\u00e9er des horloges de qualit\u00e9 sup\u00e9rieure repr\u00e9sentant les c\u00e9l\u00e8bres horloges de la For\u00eat-Noire. Les horloges de table et murales AMS affichent un design et une esth\u00e9tique uniques reposant sur un mouvement d&#8217;une extr\u00eame pr\u00e9cision le tout fabriqu\u00e9 avec des mat\u00e9riaux recherch\u00e9s.<\/p>\n<p>Faites vos demandes particuli\u00e8res ou passez votre commande via ce formulaire :<br \/>\n<p class=\"wpcf7-contact-form-not-found\"><strong>Error:<\/strong> Contact form not found.<\/p><\/p>\n","protected":false},"featured_media":5044,"template":"","meta":{"_monsterinsights_skip_tracking":false,"_monsterinsights_sitenote_active":false,"_monsterinsights_sitenote_note":"","_monsterinsights_sitenote_category":0},"product_brand":[],"product_cat":[1339],"product_tag":[],"class_list":{"0":"post-5043","1":"product","2":"type-product","3":"status-publish","4":"has-post-thumbnail","6":"product_cat-pendule","8":"first","9":"instock","10":"shipping-taxable","11":"purchasable","12":"product-type-simple"},"_links":{"self":[{"href":"https:\/\/tempsetor.be\/galerie\/wp-json\/wp\/v2\/product\/5043","targetHints":{"allow":["GET"]}}],"collection":[{"href":"https:\/\/tempsetor.be\/galerie\/wp-json\/wp\/v2\/product"}],"about":[{"href":"https:\/\/tempsetor.be\/galerie\/wp-json\/wp\/v2\/types\/product"}],"wp:featuredmedia":[{"embeddable":true,"href":"https:\/\/tempsetor.be\/galerie\/wp-json\/wp\/v2\/media\/5044"}],"wp:attachment":[{"href":"https:\/\/tempsetor.be\/galerie\/wp-json\/wp\/v2\/media?parent=5043"}],"wp:term":[{"taxonomy":"product_brand","embeddable":true,"href":"https:\/\/tempsetor.be\/galerie\/wp-json\/wp\/v2\/product_brand?post=5043"},{"taxonomy":"product_cat","embeddable":true,"href":"https:\/\/tempsetor.be\/galerie\/wp-json\/wp\/v2\/product_cat?post=5043"},{"taxonomy":"product_tag","embeddable":true,"href":"https:\/\/tempsetor.be\/galerie\/wp-json\/wp\/v2\/product_tag?post=5043"}],"curies":[{"name":"wp","href":"https:\/\/api.w.org\/{rel}","templated":true}]}}