{"id":5625,"date":"2021-02-15T14:02:31","date_gmt":"2021-02-15T13:02:31","guid":{"rendered":"http:\/\/www.tempsetor.be\/galerie\/?post_type=product&#038;p=5625"},"modified":"2021-02-15T14:09:04","modified_gmt":"2021-02-15T13:09:04","slug":"montre-hommes-victorinox-fieldforce-sport-chrono-chronographe-241897","status":"publish","type":"product","link":"https:\/\/tempsetor.be\/galerie\/produit\/montre-hommes-victorinox-fieldforce-sport-chrono-chronographe-241897\/","title":{"rendered":"Montre hommes Victorinox &#8211; FieldForce Sport Chrono &#8211; chronographe &#8211; 241897"},"content":{"rendered":"<h3 class=\"title e-h4\">Principales caract\u00e9ristiques<\/h3>\n<div class=\"product-key-attributes group-richtext\">\n<ul>\n<li>Esth\u00e9tique sportive et audacieuse rehauss\u00e9e par un traitement PVD gris acier moderne et affichant une aiguille des secondes avec contrepoids en forme de couteau suisse color\u00e9<\/li>\n<li>Fonction GMT pour afficher deux fuseaux horaires simultan\u00e9ment et ind\u00e9pendamment<\/li>\n<li>Aiguilles aux dimensions g\u00e9n\u00e9reuses, gros chiffres et Super-LumiNova\u00ae pour une lecture facile de jour comme de nuit<\/li>\n<\/ul>\n<\/div>\n","protected":false},"excerpt":{"rendered":"<p><img loading=\"lazy\" decoding=\"async\" class=\"alignleft wp-image-2745 size-full\" src=\"https:\/\/tempsetor.be\/galerie\/wp-content\/uploads\/2015\/04\/victorinox.jpg\" alt=\"Logo Victorinox\" width=\"150\" height=\"75\" srcset=\"https:\/\/tempsetor.be\/galerie\/wp-content\/uploads\/2015\/04\/victorinox.jpg 150w, https:\/\/tempsetor.be\/galerie\/wp-content\/uploads\/2015\/04\/victorinox-50x25.jpg 50w\" sizes=\"auto, (max-width:767px) 150px, 150px\" \/><\/p>\n<h2 class=\"title e-h2\">Parcourez le monde en gardant les pieds sur terre<\/h2>\n<div class=\"group-richtext\">\n<p>Visualisez l\u2019heure locale et l\u2019heure \u00e0 votre domicile en un seul coup d\u2019\u0153il. Gr\u00e2ce \u00e0 sa fonction GMT, cette montre sensationnelle vous permet d\u2019en prendre connaissance en temps r\u00e9el et o\u00f9 que vous vous trouviez. Des d\u00e9tails en forme de couteau suisse embl\u00e9matique et un bracelet en caoutchouc suppl\u00e9mentaire ajoutent un esprit sportif et tout-terrain palpitant \u00e0 ce design classique. Id\u00e9al pour le globe-trotteur qui souhaite garder le contact avec la maison. Le meilleur moyen de voyager dans le temps.<\/p>\n<\/div>\n<p>D\u00e9j\u00e0 garanties 2 ans, le service apr\u00e8s vente de la bijouterie <strong>Temps &amp; OR<\/strong> vous apporte une confiance suppl\u00e9mentaire pour ces produits. Selon vos besoins, ces montres peuvent \u00eatre \u00e9galement r\u00e9serv\u00e9es \u00e0 la bijouterie. La mise \u00e0 mesure offerte ainsi qu&#8217;un emballage cadeau vous y seront propos\u00e9s.<\/p>\n<p>Faites vos demandes particuli\u00e8res ou passez votre commande via ce formulaire :<br \/>\n<p class=\"wpcf7-contact-form-not-found\"><strong>Error:<\/strong> Contact form not found.<\/p><\/p>\n","protected":false},"featured_media":5627,"template":"","meta":{"_monsterinsights_skip_tracking":false,"_monsterinsights_sitenote_active":false,"_monsterinsights_sitenote_note":"","_monsterinsights_sitenote_category":0},"product_brand":[],"product_cat":[40,39,73],"product_tag":[],"class_list":{"0":"post-5625","1":"product","2":"type-product","3":"status-publish","4":"has-post-thumbnail","6":"product_cat-montres-hommes","7":"product_cat-hommes","8":"product_cat-victorinox-montre-hommes","10":"first","11":"instock","12":"shipping-taxable","13":"purchasable","14":"product-type-simple"},"_links":{"self":[{"href":"https:\/\/tempsetor.be\/galerie\/wp-json\/wp\/v2\/product\/5625","targetHints":{"allow":["GET"]}}],"collection":[{"href":"https:\/\/tempsetor.be\/galerie\/wp-json\/wp\/v2\/product"}],"about":[{"href":"https:\/\/tempsetor.be\/galerie\/wp-json\/wp\/v2\/types\/product"}],"wp:featuredmedia":[{"embeddable":true,"href":"https:\/\/tempsetor.be\/galerie\/wp-json\/wp\/v2\/media\/5627"}],"wp:attachment":[{"href":"https:\/\/tempsetor.be\/galerie\/wp-json\/wp\/v2\/media?parent=5625"}],"wp:term":[{"taxonomy":"product_brand","embeddable":true,"href":"https:\/\/tempsetor.be\/galerie\/wp-json\/wp\/v2\/product_brand?post=5625"},{"taxonomy":"product_cat","embeddable":true,"href":"https:\/\/tempsetor.be\/galerie\/wp-json\/wp\/v2\/product_cat?post=5625"},{"taxonomy":"product_tag","embeddable":true,"href":"https:\/\/tempsetor.be\/galerie\/wp-json\/wp\/v2\/product_tag?post=5625"}],"curies":[{"name":"wp","href":"https:\/\/api.w.org\/{rel}","templated":true}]}}