{"id":6002,"date":"2021-10-25T10:49:57","date_gmt":"2021-10-25T08:49:57","guid":{"rendered":"http:\/\/www.tempsetor.be\/galerie\/?post_type=product&#038;p=6002"},"modified":"2023-02-09T17:47:10","modified_gmt":"2023-02-09T16:47:10","slug":"montre-dames-balmain-ophrys-b4331-33-65","status":"publish","type":"product","link":"https:\/\/tempsetor.be\/galerie\/produit\/montre-dames-balmain-ophrys-b4331-33-65\/","title":{"rendered":"Montre dames Balmain &#8211; Ophrys &#8211; B4331.33.65"},"content":{"rendered":"<p class=\"Textbody\">Port\u00e9 par l\u2019audace qui lui est propre, Balmain conjugue la technicit\u00e9 de la c\u00e9ramique \u00e0 l\u2019originalit\u00e9 de la couleur pour proposer Ophrys, une nouvelle collection f\u00e9minine inspir\u00e9e des montres de type plongeur. Clin d\u2019\u0153il aux c\u00e9l\u00e8bres marini\u00e8res cr\u00e9\u00e9es par les plus grands couturiers, des rayures s\u2019affichent fi\u00e8rement sur les cadrans. La nouvelle collection Ophrys de Balmain affiche une silhouette sportive qui reprend les codes des montres de type plongeur dans un esprit tr\u00e8s f\u00e9minin. Les pi\u00e8ces sont dot\u00e9es d\u2019une couronne viss\u00e9e, d\u2019une lunette tournante et sont \u00e9tanches \u00e0 20 bars (200 m\u00e8tres), autant de sp\u00e9cificit\u00e9s techniques qui sont l\u2019expression de leur esprit marin<\/p>\n","protected":false},"excerpt":{"rendered":"<p><img loading=\"lazy\" decoding=\"async\" class=\"size-full wp-image-4932 alignleft\" src=\"https:\/\/www.tempsetor.be\/galerie\/wp-content\/uploads\/2019\/12\/balmain-logo-e1575617935991.png\" alt=\"\" width=\"151\" height=\"44\" \/><\/p>\n<p>Monsieur <strong>Pierre Balmain<\/strong> a propag\u00e9 dans le monde entier l&#8217;id\u00e9e du luxe \u00e0 la fran\u00e7aise. &#8220;Les Arabesques&#8221; ont \u00e9t\u00e9, pour ce g\u00e9nie de la cr\u00e9ation, au c\u0153ur profond de son inspiration. Lorsqu&#8217;en 1987, nous avons re\u00e7u la tr\u00e8s d\u00e9licate mission de cr\u00e9er et d\u00e9velopper <strong>les Montres Balmain<\/strong>, il s&#8217;est impos\u00e9 comme une \u00e9vidence que le c\u00e9l\u00e8bre motif &#8220;Arabesques&#8221; et &#8220;l&#8217;\u00e9l\u00e9gance&#8221; devaient \u00eatre l&#8217;\u00e2me de nos garde-temps afin qu&#8217;ils soient dignes de porter cette prestigieuse signature. C&#8217;est ainsi qu&#8217;ann\u00e9e apr\u00e8s ann\u00e9e, les cadrans &#8220;Arabesques&#8221; ont toujours \u00e9t\u00e9 au c\u0153ur des cr\u00e9ations des Montres <strong>Balmain<\/strong>.<\/p>\n<p>D\u00e9j\u00e0 garanties 2 ans, le service apr\u00e8s vente de la bijouterie <strong>Temps &amp; OR<\/strong> vous apporte une confiance suppl\u00e9mentaire pour ces produits. Selon vos besoins, ces montres peuvent \u00eatre \u00e9galement r\u00e9serv\u00e9es \u00e0 la bijouterie. La mise \u00e0 mesure offerte ainsi qu&#8217;un emballage cadeau vous y seront propos\u00e9s.<\/p>\n<p>Faites vos demandes particuli\u00e8res ou passez votre commande via ce formulaire :<br \/>\n<p class=\"wpcf7-contact-form-not-found\"><strong>Error:<\/strong> Contact form not found.<\/p><\/p>\n","protected":false},"featured_media":6003,"template":"","meta":{"_monsterinsights_skip_tracking":false,"_monsterinsights_sitenote_active":false,"_monsterinsights_sitenote_note":"","_monsterinsights_sitenote_category":0},"product_brand":[],"product_cat":[35,28,27],"product_tag":[],"class_list":{"0":"post-6002","1":"product","2":"type-product","3":"status-publish","4":"has-post-thumbnail","6":"product_cat-balmain-dames","7":"product_cat-montres-dames","8":"product_cat-dames","10":"first","11":"instock","12":"shipping-taxable","13":"purchasable","14":"product-type-simple"},"_links":{"self":[{"href":"https:\/\/tempsetor.be\/galerie\/wp-json\/wp\/v2\/product\/6002","targetHints":{"allow":["GET"]}}],"collection":[{"href":"https:\/\/tempsetor.be\/galerie\/wp-json\/wp\/v2\/product"}],"about":[{"href":"https:\/\/tempsetor.be\/galerie\/wp-json\/wp\/v2\/types\/product"}],"wp:featuredmedia":[{"embeddable":true,"href":"https:\/\/tempsetor.be\/galerie\/wp-json\/wp\/v2\/media\/6003"}],"wp:attachment":[{"href":"https:\/\/tempsetor.be\/galerie\/wp-json\/wp\/v2\/media?parent=6002"}],"wp:term":[{"taxonomy":"product_brand","embeddable":true,"href":"https:\/\/tempsetor.be\/galerie\/wp-json\/wp\/v2\/product_brand?post=6002"},{"taxonomy":"product_cat","embeddable":true,"href":"https:\/\/tempsetor.be\/galerie\/wp-json\/wp\/v2\/product_cat?post=6002"},{"taxonomy":"product_tag","embeddable":true,"href":"https:\/\/tempsetor.be\/galerie\/wp-json\/wp\/v2\/product_tag?post=6002"}],"curies":[{"name":"wp","href":"https:\/\/api.w.org\/{rel}","templated":true}]}}