{"id":6283,"date":"2021-11-30T18:48:02","date_gmt":"2021-11-30T17:48:02","guid":{"rendered":"http:\/\/www.tempsetor.be\/galerie\/?post_type=product&#038;p=6283"},"modified":"2025-06-23T15:15:44","modified_gmt":"2025-06-23T13:15:44","slug":"montre-hommes-bulova-curv-98a162","status":"publish","type":"product","link":"https:\/\/tempsetor.be\/galerie\/produit\/montre-hommes-bulova-curv-98a162\/","title":{"rendered":"Montre hommes Bulova &#8211; Curv &#8211; 98A162"},"content":{"rendered":"<p>Bulova Curv 98A162 : chronographe 5 aiguilles, bo\u00eetier incurv\u00e9 acier\/titane de 44\u202fmm, verre saphir bomb\u00e9, mouvement quartz haute fr\u00e9quence (262\u202fkHz), bracelet caoutchouc noir, \u00e9tanch\u00e9it\u00e9 30\u202fm.<\/p>\n","protected":false},"excerpt":{"rendered":"<p><img loading=\"lazy\" decoding=\"async\" class=\"wp-image-4746 size-full alignleft\" src=\"https:\/\/tempsetor.be\/galerie\/wp-content\/uploads\/2019\/07\/Bulova-150px.png\" alt=\"Bulova logo\" width=\"150\" height=\"28\" srcset=\"https:\/\/tempsetor.be\/galerie\/wp-content\/uploads\/2019\/07\/Bulova-150px.png 150w, https:\/\/tempsetor.be\/galerie\/wp-content\/uploads\/2019\/07\/Bulova-150px-50x9.png 50w\" sizes=\"auto, (max-width:767px) 150px, 150px\" \/><\/p>\n<p data-start=\"330\" data-end=\"673\">D\u00e9couvrez l\u2019excellence horlog\u00e8re avec la Bulova Curv 98A162, un mod\u00e8le embl\u00e9matique qui r\u00e9unit innovation technique et \u00e9l\u00e9gance contemporaine. V\u00e9ritable pionni\u00e8re, cette montre s\u2019impose comme la premi\u00e8re au monde \u00e0 \u00eatre \u00e9quip\u00e9e d\u2019un mouvement chronographe incurv\u00e9, offrant ainsi une ergonomie exceptionnelle et une sensation unique au poignet.<\/p>\n<p data-start=\"675\" data-end=\"1227\">Son bo\u00eetier de 44\u202fmm en acier inoxydable et titane, par\u00e9 d\u2019une finition grise ion\u2011plaqu\u00e9, allie robustesse et raffinement. Le cadran gris fonc\u00e9, subtilement travaill\u00e9, d\u00e9voile des aiguilles et des index appliqu\u00e9s rose gold, tous deux luminescents gr\u00e2ce au traitement Super-LumiNova, pour une lisibilit\u00e9 parfaite de jour comme de nuit. Le verre saphir bomb\u00e9, dot\u00e9 d\u2019un traitement antireflet, prot\u00e8ge l\u2019ensemble tout en sublimant la profondeur du cadran, tandis que le fond viss\u00e9 transparent laisse admirer le mouvement CURV dans toute sa sophistication.<\/p>\n<p data-start=\"1229\" data-end=\"1577\">Au c\u0153ur de cette pi\u00e8ce bat un mouvement quartz haute performance, oscillant \u00e0 262\u202fkHz, garantissant une pr\u00e9cision remarquable et un affichage chronographe cinq aiguilles, pour mesurer le temps avec une fiabilit\u00e9 absolue. Le bracelet en caoutchouc noir, souple et r\u00e9sistant, assure un confort optimal au quotidien, compl\u00e9t\u00e9 par une boucle s\u00e9curis\u00e9e.<\/p>\n<p>D\u00e9j\u00e0 garanties 2 ans, la bijouterie <strong>Temps &amp; OR<\/strong> vous apporte une confiance suppl\u00e9mentaire pour ces produits. Selon vos besoins, ces montres peuvent \u00eatre \u00e9galement r\u00e9serv\u00e9es \u00e0 la bijouterie. La mise \u00e0 mesure offerte ainsi qu&#8217;un emballage cadeau vous y seront propos\u00e9s.<\/p>\n<p><div class=\"alert alert_error\"><div class=\"alert_icon\"><svg viewBox=\"0 0 28 28\"><defs><style>.path{fill:none;stroke:#000;stroke-miterlimit:10;stroke-width:1.5px;}<\/style><\/defs><g><circle cx=\"14\" cy=\"20\" r=\"0.33\" class=\"path\"\/><line x1=\"14\" y1=\"8.72\" x2=\"14\" y2=\"16.72\" class=\"path\"\/><path d=\"M12.6,3.42,1.54,22.58A1.61,1.61,0,0,0,2.93,25H25.07a1.61,1.61,0,0,0,1.39-2.42L15.4,3.42A1.61,1.61,0,0,0,12.6,3.42Z\" class=\"path\"\/><\/g><\/svg><\/div><div class=\"alert_wrapper\">Le montant affich\u00e9 peut \u00eatre modifi\u00e9 par le fournisseur sans que nous en soyons inform\u00e9s. Une diff\u00e9rence entre le prix affich\u00e9 ici et en magasin reste possible.<\/div><a href=\"#\" class=\"close mfn-close-icon\"><span class=\"icon\">\u2715<\/span><\/a><\/div>\n<div class=\"alert alert_info\"><div class=\"alert_icon\"><svg viewBox=\"0 0 28 28\"><defs><style>.path{fill:none;stroke:#000;stroke-miterlimit:10;stroke-width:1.5px;}<\/style><\/defs><g><circle class=\"path\" cx=\"14\" cy=\"14\" r=\"12\"\/><path class=\"path\" d=\"M11.2,9.12a3.4,3.4,0,0,1,3-1.69,2.84,2.84,0,0,1,3,2.76,3.16,3.16,0,0,1-.84,2.23c-.63.74-1.58,1.18-2.19,1.88a1,1,0,0,0-.26.64v2.32\"\/><circle class=\"path\" cx=\"14\" cy=\"20\" r=\"0.33\"\/><\/g><\/svg><\/div><div class=\"alert_wrapper\">Faites vos demandes particuli\u00e8res ou passez votre commande via ce formulaire <\/div><a href=\"#\" class=\"close mfn-close-icon\"><span class=\"icon\">\u2715<\/span><\/a><\/div>\n <a class=\"button  button_size_3\" href=\"https:\/\/tempsetor.be\/galerie\/ma-commande\/\"     target=\"_blank\"    title=\"\"><span class=\"button_label\">&gt; Formulaire<\/span><\/a>\n<\/p>\n","protected":false},"featured_media":8433,"template":"","meta":{"_monsterinsights_skip_tracking":false,"_monsterinsights_sitenote_active":false,"_monsterinsights_sitenote_note":"","_monsterinsights_sitenote_category":0},"product_brand":[],"product_cat":[1216,40,39],"product_tag":[],"class_list":{"0":"post-6283","1":"product","2":"type-product","3":"status-publish","4":"has-post-thumbnail","6":"product_cat-bulova-hommes","7":"product_cat-montres-hommes","8":"product_cat-hommes","10":"first","11":"instock","12":"shipping-taxable","13":"purchasable","14":"product-type-simple"},"_links":{"self":[{"href":"https:\/\/tempsetor.be\/galerie\/wp-json\/wp\/v2\/product\/6283","targetHints":{"allow":["GET"]}}],"collection":[{"href":"https:\/\/tempsetor.be\/galerie\/wp-json\/wp\/v2\/product"}],"about":[{"href":"https:\/\/tempsetor.be\/galerie\/wp-json\/wp\/v2\/types\/product"}],"wp:featuredmedia":[{"embeddable":true,"href":"https:\/\/tempsetor.be\/galerie\/wp-json\/wp\/v2\/media\/8433"}],"wp:attachment":[{"href":"https:\/\/tempsetor.be\/galerie\/wp-json\/wp\/v2\/media?parent=6283"}],"wp:term":[{"taxonomy":"product_brand","embeddable":true,"href":"https:\/\/tempsetor.be\/galerie\/wp-json\/wp\/v2\/product_brand?post=6283"},{"taxonomy":"product_cat","embeddable":true,"href":"https:\/\/tempsetor.be\/galerie\/wp-json\/wp\/v2\/product_cat?post=6283"},{"taxonomy":"product_tag","embeddable":true,"href":"https:\/\/tempsetor.be\/galerie\/wp-json\/wp\/v2\/product_tag?post=6283"}],"curies":[{"name":"wp","href":"https:\/\/api.w.org\/{rel}","templated":true}]}}