{"id":6407,"date":"2022-04-13T17:46:29","date_gmt":"2022-04-13T15:46:29","guid":{"rendered":"https:\/\/www.tempsetor.be\/galerie\/?post_type=product&#038;p=6407"},"modified":"2022-04-13T18:14:00","modified_gmt":"2022-04-13T16:14:00","slug":"montre-hommes-garmin-venu-2-plus-010-02496-10","status":"publish","type":"product","link":"https:\/\/tempsetor.be\/galerie\/produit\/montre-hommes-garmin-venu-2-plus-010-02496-10\/","title":{"rendered":"Montre hommes Garmin Venu\u00ae 2 Plus &#8211; 010-02496-10"},"content":{"rendered":"<p>NUM\u00c9RO DE R\u00c9F\u00c9RENCE\u00a0<span id=\"js__product__info__part-number__text\" class=\"app__product__info__part-number--light\">010-02496-10\u00a0 <\/span><span class=\"app__product__info__part-number--light\">|\u00a0<\/span>CONNECTEZ VOTRE CORPS ET VOTRE ESPRIT | Prenez soin de votre corps et de votre esprit gr\u00e2ce \u00e0 un suivi avanc\u00e9 sant\u00e9 et fitness. Vous pouvez aussi passer et recevoir des appels \u00e0 votre poignet<sup>1<\/sup>\u00a0en couplant votre montre \u00e0 votre smartphone compatible.<\/p>\n","protected":false},"excerpt":{"rendered":"<p><img loading=\"lazy\" decoding=\"async\" class=\"size-full wp-image-3680 alignleft\" src=\"https:\/\/tempsetor.be\/galerie\/wp-content\/uploads\/2018\/02\/garmin_logo.jpg\" alt=\"garmin logo\" width=\"150\" height=\"48\" srcset=\"https:\/\/tempsetor.be\/galerie\/wp-content\/uploads\/2018\/02\/garmin_logo.jpg 150w, https:\/\/tempsetor.be\/galerie\/wp-content\/uploads\/2018\/02\/garmin_logo-50x16.jpg 50w\" sizes=\"auto, (max-width:767px) 150px, 150px\" \/><\/p>\n<h2>CONNECTEZ VOTRE CORPS ET VOTRE ESPRIT<\/h2>\n<p>Prenez soin de votre corps et de votre esprit gr\u00e2ce \u00e0 un suivi avanc\u00e9 sant\u00e9 et fitness. Vous pouvez aussi passer et recevoir des appels \u00e0 votre poignet<sup>1<\/sup>\u00a0en couplant votre montre \u00e0 votre smartphone compatible.<\/p>\n<h4 id=\"js__product__info__variation\" class=\"app__product__info__subtitle\">Silver Avec Bracelet Silicone Gris Clair<\/h4>\n<p>D\u00e9j\u00e0 garanties 2 ans, le service apr\u00e8s vente de la bijouterie <strong>Temps &amp; OR<\/strong> vous apporte une confiance suppl\u00e9mentaire pour ces produits. Selon vos besoins, ces montres peuvent \u00eatre \u00e9galement r\u00e9serv\u00e9es \u00e0 la bijouterie. La mise \u00e0 mesure offerte ainsi qu&#8217;un emballage cadeau vous y seront propos\u00e9s.<\/p>\n<p>Faites vos demandes particuli\u00e8res ou passez votre commande via ce formulaire :<br \/>\n<p class=\"wpcf7-contact-form-not-found\"><strong>Error:<\/strong> Contact form not found.<\/p><\/p>\n","protected":false},"featured_media":6408,"template":"","meta":{"_monsterinsights_skip_tracking":false,"_monsterinsights_sitenote_active":false,"_monsterinsights_sitenote_note":"","_monsterinsights_sitenote_category":0},"product_brand":[],"product_cat":[778,779,572,40,39],"product_tag":[],"class_list":{"0":"post-6407","1":"product","2":"type-product","3":"status-publish","4":"has-post-thumbnail","6":"product_cat-connecte","7":"product_cat-garmin-connecte","8":"product_cat-garmin-hommes","9":"product_cat-montres-hommes","10":"product_cat-hommes","12":"first","13":"instock","14":"shipping-taxable","15":"purchasable","16":"product-type-simple"},"_links":{"self":[{"href":"https:\/\/tempsetor.be\/galerie\/wp-json\/wp\/v2\/product\/6407","targetHints":{"allow":["GET"]}}],"collection":[{"href":"https:\/\/tempsetor.be\/galerie\/wp-json\/wp\/v2\/product"}],"about":[{"href":"https:\/\/tempsetor.be\/galerie\/wp-json\/wp\/v2\/types\/product"}],"wp:featuredmedia":[{"embeddable":true,"href":"https:\/\/tempsetor.be\/galerie\/wp-json\/wp\/v2\/media\/6408"}],"wp:attachment":[{"href":"https:\/\/tempsetor.be\/galerie\/wp-json\/wp\/v2\/media?parent=6407"}],"wp:term":[{"taxonomy":"product_brand","embeddable":true,"href":"https:\/\/tempsetor.be\/galerie\/wp-json\/wp\/v2\/product_brand?post=6407"},{"taxonomy":"product_cat","embeddable":true,"href":"https:\/\/tempsetor.be\/galerie\/wp-json\/wp\/v2\/product_cat?post=6407"},{"taxonomy":"product_tag","embeddable":true,"href":"https:\/\/tempsetor.be\/galerie\/wp-json\/wp\/v2\/product_tag?post=6407"}],"curies":[{"name":"wp","href":"https:\/\/api.w.org\/{rel}","templated":true}]}}