{"id":6508,"date":"2022-08-24T15:59:14","date_gmt":"2022-08-24T13:59:14","guid":{"rendered":"https:\/\/tempsetor.be\/galerie\/?post_type=product&#038;p=6508"},"modified":"2022-08-24T17:54:29","modified_gmt":"2022-08-24T15:54:29","slug":"montre-hommes-casio-g-shock-pro-gg-b100-1aer","status":"publish","type":"product","link":"https:\/\/tempsetor.be\/galerie\/produit\/montre-hommes-casio-g-shock-pro-gg-b100-1aer\/","title":{"rendered":"Montre hommes &#8211; Casio &#8211; G-SHOCK PRO &#8211; GG-B100-1AER"},"content":{"rendered":"<p>La montre est \u00e9quip\u00e9e d\u2019une technologie Bluetooth\u00ae \u00e9conome en \u00e9nergie permettant l\u2019\u00e9change de donn\u00e9es d\u2019une simple pression sur un bouton. La fonction Bluetooth\u00ae permet de connecter sans fil la montre \u00e0 un smartphone, donnant ainsi acc\u00e8s \u00e0 une multitude de fonctionnalit\u00e9s tr\u00e8s pratiques.<\/p>\n","protected":false},"excerpt":{"rendered":"<p><img loading=\"lazy\" decoding=\"async\" class=\"wp-image-4183 size-full alignleft\" src=\"https:\/\/tempsetor.be\/galerie\/wp-content\/uploads\/2018\/11\/casio-logo.png\" alt=\"casio logo\" width=\"150\" height=\"30\" srcset=\"https:\/\/tempsetor.be\/galerie\/wp-content\/uploads\/2018\/11\/casio-logo.png 150w, https:\/\/tempsetor.be\/galerie\/wp-content\/uploads\/2018\/11\/casio-logo-50x10.png 50w\" sizes=\"auto, (max-width:767px) 150px, 150px\" \/><\/p>\n<p><b>Bluetooth\u00ae Smart<\/b><br \/>\nLa montre est \u00e9quip\u00e9e d\u2019une technologie Bluetooth\u00ae \u00e9conome en \u00e9nergie permettant l\u2019\u00e9change de donn\u00e9es d\u2019une simple pression sur un bouton. La fonction Bluetooth\u00ae permet de connecter sans fil la montre \u00e0 un smartphone, donnant ainsi acc\u00e8s \u00e0 une multitude de fonctionnalit\u00e9s tr\u00e8s pratiques.<\/p>\n<p><b>Smartphone time<\/b><br \/>\nSi l&#8217;horloge est coupl\u00e9 au smartphone, le temps est r\u00e9gl\u00e9 automatiquement et afficher l&#8217;heure actuelle si le monde entier.<\/p>\n<p><b>\u00c9clairage LED automatique<\/b><br \/>\nPour illuminer l&#8217;\u00e9cran de la montre au moyen des diodes \u00e9lectroluminescentes, il suffit de tourner l\u00e9g\u00e8rement le poignet<\/p>\n<p><b>Bo\u00eetier r\u00e9sistant aux salissures<\/b><br \/>\nLe bo\u00eetier de cette montre est herm\u00e9tiquement ferm\u00e9 : les impuret\u00e9s et la poussi\u00e8re ne peuvent pas y p\u00e9n\u00e9trer.<\/p>\n<p>&nbsp;<\/p>\n<p>&nbsp;<\/p>\n<p>D\u00e9j\u00e0 garanties 2 ans, le service apr\u00e8s vente de la bijouterie <strong>Temps &amp; OR<\/strong> vous apporte une confiance suppl\u00e9mentaire pour ces produits. Selon vos besoins, ces montres peuvent \u00eatre \u00e9galement r\u00e9serv\u00e9es \u00e0 la bijouterie. La mise \u00e0 mesure offerte ainsi qu&#8217;un emballage cadeau vous y seront propos\u00e9s.<\/p>\n<p>Faites vos demandes particuli\u00e8res ou passez votre commande via ce formulaire :<br \/>\n<p class=\"wpcf7-contact-form-not-found\"><strong>Error:<\/strong> Contact form not found.<\/p><\/p>\n","protected":false},"featured_media":6509,"template":"","meta":{"_monsterinsights_skip_tracking":false,"_monsterinsights_sitenote_active":false,"_monsterinsights_sitenote_note":"","_monsterinsights_sitenote_category":0},"product_brand":[],"product_cat":[2056,40,39],"product_tag":[],"class_list":{"0":"post-6508","1":"product","2":"type-product","3":"status-publish","4":"has-post-thumbnail","6":"product_cat-casio-g-shock-pro-homme-montre","7":"product_cat-montres-hommes","8":"product_cat-hommes","10":"first","11":"instock","12":"shipping-taxable","13":"purchasable","14":"product-type-simple"},"_links":{"self":[{"href":"https:\/\/tempsetor.be\/galerie\/wp-json\/wp\/v2\/product\/6508","targetHints":{"allow":["GET"]}}],"collection":[{"href":"https:\/\/tempsetor.be\/galerie\/wp-json\/wp\/v2\/product"}],"about":[{"href":"https:\/\/tempsetor.be\/galerie\/wp-json\/wp\/v2\/types\/product"}],"wp:featuredmedia":[{"embeddable":true,"href":"https:\/\/tempsetor.be\/galerie\/wp-json\/wp\/v2\/media\/6509"}],"wp:attachment":[{"href":"https:\/\/tempsetor.be\/galerie\/wp-json\/wp\/v2\/media?parent=6508"}],"wp:term":[{"taxonomy":"product_brand","embeddable":true,"href":"https:\/\/tempsetor.be\/galerie\/wp-json\/wp\/v2\/product_brand?post=6508"},{"taxonomy":"product_cat","embeddable":true,"href":"https:\/\/tempsetor.be\/galerie\/wp-json\/wp\/v2\/product_cat?post=6508"},{"taxonomy":"product_tag","embeddable":true,"href":"https:\/\/tempsetor.be\/galerie\/wp-json\/wp\/v2\/product_tag?post=6508"}],"curies":[{"name":"wp","href":"https:\/\/api.w.org\/{rel}","templated":true}]}}