{"id":6521,"date":"2022-09-11T20:28:36","date_gmt":"2022-09-11T18:28:36","guid":{"rendered":"https:\/\/tempsetor.be\/galerie\/?post_type=product&#038;p=6521"},"modified":"2022-09-11T20:39:30","modified_gmt":"2022-09-11T18:39:30","slug":"montre-dames-michael-kors-montre-everest-mk6971","status":"publish","type":"product","link":"https:\/\/tempsetor.be\/galerie\/produit\/montre-dames-michael-kors-montre-everest-mk6971\/","title":{"rendered":"Montre dames Michael Kors &#8211; Montre Everest &#8211; MK6971"},"content":{"rendered":"<p>Everest, cette pi\u00e8ce se distingue par son cadran surdimensionn\u00e9 aux d\u00e9tails nets. Les pierres baguettes bicolores au niveau de la lunette mettent merveilleusement en avant le design du cadran.<\/p>\n","protected":false},"excerpt":{"rendered":"<p><img loading=\"lazy\" decoding=\"async\" class=\"alignleft size-full wp-image-2953\" src=\"https:\/\/tempsetor.be\/galerie\/wp-content\/uploads\/2017\/12\/Michael-KORS-Logo-e1512590573587.png\" alt=\"Michael KORS Logo\" width=\"151\" height=\"101\" \/>La\u00a0<strong>Montre Michael Kors MK6971 Everest <\/strong>est une pi\u00e8ce de caract\u00e8re au design somptueux et sophistiqu\u00e9. Issue de la collection Everest, cette pi\u00e8ce se distingue par son cadran surdimensionn\u00e9 aux d\u00e9tails nets. Les pierres baguettes bicolores au niveau de la lunette mettent merveilleusement en avant le design du cadran. Le fond bleu marine permet une lecture ais\u00e9e des indications en cr\u00e9ant un splendide contraste avec les d\u00e9tails en blanc et dor\u00e9<\/p>\n<p>D\u00e9j\u00e0 garanties 2 ans, le service apr\u00e8s vente de la bijouterie <strong>Temps &amp; OR<\/strong> vous apporte une confiance suppl\u00e9mentaire pour ces produits. Selon vos besoins, ces montres peuvent \u00eatre \u00e9galement r\u00e9serv\u00e9es \u00e0 la bijouterie. La mise \u00e0 mesure offerte ainsi qu&#8217;un emballage cadeau vous y seront propos\u00e9s.<\/p>\n<p>Cette montre femme Michael Kors se compose d&#8217;un boitier rond de 33mm en acier dor\u00e9, d&#8217;un bracelet en acier dor\u00e9 et d&#8217;un cadran dor\u00e9. Etanch\u00e9it\u00e9 50M<\/p>\n<p>Faites vos demandes particuli\u00e8res ou passez votre commande via ce formulaire :<br \/>\n<p class=\"wpcf7-contact-form-not-found\"><strong>Error:<\/strong> Contact form not found.<\/p><\/p>\n","protected":false},"featured_media":6523,"template":"","meta":{"_monsterinsights_skip_tracking":false,"_monsterinsights_sitenote_active":false,"_monsterinsights_sitenote_note":"","_monsterinsights_sitenote_category":0},"product_brand":[],"product_cat":[37,28,27],"product_tag":[],"class_list":{"0":"post-6521","1":"product","2":"type-product","3":"status-publish","4":"has-post-thumbnail","6":"product_cat-michael-kors-dames","7":"product_cat-montres-dames","8":"product_cat-dames","10":"first","11":"instock","12":"shipping-taxable","13":"purchasable","14":"product-type-simple"},"_links":{"self":[{"href":"https:\/\/tempsetor.be\/galerie\/wp-json\/wp\/v2\/product\/6521","targetHints":{"allow":["GET"]}}],"collection":[{"href":"https:\/\/tempsetor.be\/galerie\/wp-json\/wp\/v2\/product"}],"about":[{"href":"https:\/\/tempsetor.be\/galerie\/wp-json\/wp\/v2\/types\/product"}],"wp:featuredmedia":[{"embeddable":true,"href":"https:\/\/tempsetor.be\/galerie\/wp-json\/wp\/v2\/media\/6523"}],"wp:attachment":[{"href":"https:\/\/tempsetor.be\/galerie\/wp-json\/wp\/v2\/media?parent=6521"}],"wp:term":[{"taxonomy":"product_brand","embeddable":true,"href":"https:\/\/tempsetor.be\/galerie\/wp-json\/wp\/v2\/product_brand?post=6521"},{"taxonomy":"product_cat","embeddable":true,"href":"https:\/\/tempsetor.be\/galerie\/wp-json\/wp\/v2\/product_cat?post=6521"},{"taxonomy":"product_tag","embeddable":true,"href":"https:\/\/tempsetor.be\/galerie\/wp-json\/wp\/v2\/product_tag?post=6521"}],"curies":[{"name":"wp","href":"https:\/\/api.w.org\/{rel}","templated":true}]}}