{"id":6529,"date":"2022-09-16T21:35:14","date_gmt":"2022-09-16T19:35:14","guid":{"rendered":"https:\/\/tempsetor.be\/galerie\/?post_type=product&#038;p=6529"},"modified":"2022-09-16T21:46:24","modified_gmt":"2022-09-16T19:46:24","slug":"montre-dames-michael-kors-lennox-or-a-pierres-pavees-mk7281","status":"publish","type":"product","link":"https:\/\/tempsetor.be\/galerie\/produit\/montre-dames-michael-kors-lennox-or-a-pierres-pavees-mk7281\/","title":{"rendered":"Montre dames Michael Kors &#8211; Lennox or \u00e0 pierres pav\u00e9es &#8211; MK7281"},"content":{"rendered":"<p>Cette montre poss\u00e8de un m\u00e9canisme quartz . Le cadran de la montre est noir et recouvert deverre min\u00e9ral. Le bracelet est fabriqu\u00e9 en silicone.<\/p>\n","protected":false},"excerpt":{"rendered":"<p><img loading=\"lazy\" decoding=\"async\" class=\"alignleft size-full wp-image-2953\" src=\"https:\/\/tempsetor.be\/galerie\/wp-content\/uploads\/2017\/12\/Michael-KORS-Logo-e1512590573587.png\" alt=\"Michael KORS Logo\" width=\"151\" height=\"101\" \/>Cette montre poss\u00e8de un m\u00e9canisme quartz . Le cadran de la montre est noir et recouvert deverre min\u00e9ral. Le bracelet est fabriqu\u00e9 en silicone. Votre montre Lennox pr\u00e9f\u00e9r\u00e9e revient dans une version orn\u00e9e de nos initiales \u00ab MK \u00bb pour marquer son audace novatrice. Elle est magnifiquement fabriqu\u00e9e en acier inoxydable argent\u00e9 et incrust\u00e9e de pierres pav\u00e9es brillantes pour un maximum d&#8217;effet. Ce mod\u00e8le parach\u00e8vera \u00e0 merveille tous vos looks de soir\u00e9e.<\/p>\n<p>D\u00e9j\u00e0 garanties 2 ans, le service apr\u00e8s vente de la bijouterie <strong>Temps &amp; OR<\/strong> vous apporte une confiance suppl\u00e9mentaire pour ces produits. Selon vos besoins, ces montres peuvent \u00eatre \u00e9galement r\u00e9serv\u00e9es \u00e0 la bijouterie. La mise \u00e0 mesure offerte ainsi qu&#8217;un emballage cadeau vous y seront propos\u00e9s.<\/p>\n<p>Cette montre femme Michael Kors se compose d&#8217;un boitier rond de 33mm en acier dor\u00e9, d&#8217;un bracelet en acier dor\u00e9 et d&#8217;un cadran dor\u00e9. Etanch\u00e9it\u00e9 50M<\/p>\n<p>Faites vos demandes particuli\u00e8res ou passez votre commande via ce formulaire :<br \/>\n<p class=\"wpcf7-contact-form-not-found\"><strong>Error:<\/strong> Contact form not found.<\/p><\/p>\n","protected":false},"featured_media":6531,"template":"","meta":{"_monsterinsights_skip_tracking":false,"_monsterinsights_sitenote_active":false,"_monsterinsights_sitenote_note":"","_monsterinsights_sitenote_category":0},"product_brand":[],"product_cat":[37,28,27],"product_tag":[],"class_list":{"0":"post-6529","1":"product","2":"type-product","3":"status-publish","4":"has-post-thumbnail","6":"product_cat-michael-kors-dames","7":"product_cat-montres-dames","8":"product_cat-dames","10":"first","11":"instock","12":"shipping-taxable","13":"purchasable","14":"product-type-simple"},"_links":{"self":[{"href":"https:\/\/tempsetor.be\/galerie\/wp-json\/wp\/v2\/product\/6529","targetHints":{"allow":["GET"]}}],"collection":[{"href":"https:\/\/tempsetor.be\/galerie\/wp-json\/wp\/v2\/product"}],"about":[{"href":"https:\/\/tempsetor.be\/galerie\/wp-json\/wp\/v2\/types\/product"}],"wp:featuredmedia":[{"embeddable":true,"href":"https:\/\/tempsetor.be\/galerie\/wp-json\/wp\/v2\/media\/6531"}],"wp:attachment":[{"href":"https:\/\/tempsetor.be\/galerie\/wp-json\/wp\/v2\/media?parent=6529"}],"wp:term":[{"taxonomy":"product_brand","embeddable":true,"href":"https:\/\/tempsetor.be\/galerie\/wp-json\/wp\/v2\/product_brand?post=6529"},{"taxonomy":"product_cat","embeddable":true,"href":"https:\/\/tempsetor.be\/galerie\/wp-json\/wp\/v2\/product_cat?post=6529"},{"taxonomy":"product_tag","embeddable":true,"href":"https:\/\/tempsetor.be\/galerie\/wp-json\/wp\/v2\/product_tag?post=6529"}],"curies":[{"name":"wp","href":"https:\/\/api.w.org\/{rel}","templated":true}]}}