{"id":6532,"date":"2022-09-16T22:00:55","date_gmt":"2022-09-16T20:00:55","guid":{"rendered":"https:\/\/tempsetor.be\/galerie\/?post_type=product&#038;p=6532"},"modified":"2023-12-04T16:54:57","modified_gmt":"2023-12-04T15:54:57","slug":"montre-dames-michael-kors-mini-montre-camille-mk9051","status":"publish","type":"product","link":"https:\/\/tempsetor.be\/galerie\/produit\/montre-dames-michael-kors-mini-montre-camille-mk9051\/","title":{"rendered":"Montre dames Michael Kors &#8211; Mini Camille Automatique  &#8211; MK9051"},"content":{"rendered":"<p>Montre automatique pour femme Michael Kors de la collection camille. Montre avec bo\u00eetier de 33 mm en acier inoxydable avec une finition en or rose poli. Le bo\u00eetier est de forme ronde avec une \u00e9paisseur de 11 mm.<\/p>\n","protected":false},"excerpt":{"rendered":"<p><img loading=\"lazy\" decoding=\"async\" class=\"alignleft size-full wp-image-2953\" src=\"https:\/\/tempsetor.be\/galerie\/wp-content\/uploads\/2017\/12\/Michael-KORS-Logo-e1512590573587.png\" alt=\"Michael KORS Logo\" width=\"151\" height=\"101\" \/>Montre automatique pour femme Michael Kors de la collection camille. Montre avec bo\u00eetier de 33 mm en acier inoxydable avec une finition en or rose poli. Le bo\u00eetier est de forme ronde avec une \u00e9paisseur de 11 mm. Le verre est transparent et le cadran est blanc. La distance entre les pattes est de 16 mm. La r\u00e9sistance \u00e0 l&#8217;eau est de 5 atm. Le bracelet est en acier inoxydable avec une finition couleur or rose poli. Bracelet avec boucle d\u00e9ployante.<\/p>\n<p>D\u00e9j\u00e0 garanties 2 ans, le service apr\u00e8s vente de la bijouterie <strong>Temps &amp; OR<\/strong> vous apporte une confiance suppl\u00e9mentaire pour ces produits. Selon vos besoins, ces montres peuvent \u00eatre \u00e9galement r\u00e9serv\u00e9es \u00e0 la bijouterie. La mise \u00e0 mesure offerte ainsi qu&#8217;un emballage cadeau vous y seront propos\u00e9s.<\/p>\n<p>Cette montre femme Michael Kors se compose d&#8217;un boitier rond de 33mm en acier dor\u00e9, d&#8217;un bracelet en acier dor\u00e9 et d&#8217;un cadran dor\u00e9. Etanch\u00e9it\u00e9 50M<\/p>\n<p>Faites vos demandes particuli\u00e8res ou passez votre commande via ce formulaire :<br \/>\n<p class=\"wpcf7-contact-form-not-found\"><strong>Error:<\/strong> Contact form not found.<\/p><\/p>\n","protected":false},"featured_media":6533,"template":"","meta":{"_monsterinsights_skip_tracking":false,"_monsterinsights_sitenote_active":false,"_monsterinsights_sitenote_note":"","_monsterinsights_sitenote_category":0},"product_brand":[],"product_cat":[37,28,27],"product_tag":[],"class_list":{"0":"post-6532","1":"product","2":"type-product","3":"status-publish","4":"has-post-thumbnail","6":"product_cat-michael-kors-dames","7":"product_cat-montres-dames","8":"product_cat-dames","10":"first","11":"instock","12":"shipping-taxable","13":"purchasable","14":"product-type-simple"},"_links":{"self":[{"href":"https:\/\/tempsetor.be\/galerie\/wp-json\/wp\/v2\/product\/6532","targetHints":{"allow":["GET"]}}],"collection":[{"href":"https:\/\/tempsetor.be\/galerie\/wp-json\/wp\/v2\/product"}],"about":[{"href":"https:\/\/tempsetor.be\/galerie\/wp-json\/wp\/v2\/types\/product"}],"wp:featuredmedia":[{"embeddable":true,"href":"https:\/\/tempsetor.be\/galerie\/wp-json\/wp\/v2\/media\/6533"}],"wp:attachment":[{"href":"https:\/\/tempsetor.be\/galerie\/wp-json\/wp\/v2\/media?parent=6532"}],"wp:term":[{"taxonomy":"product_brand","embeddable":true,"href":"https:\/\/tempsetor.be\/galerie\/wp-json\/wp\/v2\/product_brand?post=6532"},{"taxonomy":"product_cat","embeddable":true,"href":"https:\/\/tempsetor.be\/galerie\/wp-json\/wp\/v2\/product_cat?post=6532"},{"taxonomy":"product_tag","embeddable":true,"href":"https:\/\/tempsetor.be\/galerie\/wp-json\/wp\/v2\/product_tag?post=6532"}],"curies":[{"name":"wp","href":"https:\/\/api.w.org\/{rel}","templated":true}]}}