{"id":6563,"date":"2022-09-24T17:49:50","date_gmt":"2022-09-24T15:49:50","guid":{"rendered":"https:\/\/tempsetor.be\/galerie\/?post_type=product&#038;p=6563"},"modified":"2025-02-08T09:07:28","modified_gmt":"2025-02-08T08:07:28","slug":"montre-hommes-festina-timeless-chronographe-f20636-1","status":"publish","type":"product","link":"https:\/\/tempsetor.be\/galerie\/produit\/montre-hommes-festina-timeless-chronographe-f20636-1\/","title":{"rendered":"Montre hommes &#8211; Festina &#8211; Timeless chronographe &#8211; F20636\/1"},"content":{"rendered":"<p>Montre Festina F20636\/1 pour homme. Avec un bo\u00eetier acier inoxydable 316l et verre min\u00e9ral, \u00e9quip\u00e9 d\u2019un bracelet de cuir.<\/p>\n","protected":false},"excerpt":{"rendered":"<p><img loading=\"lazy\" decoding=\"async\" class=\"wp-image-4096 size-full alignleft\" src=\"https:\/\/tempsetor.be\/galerie\/wp-content\/uploads\/2018\/11\/festina.png\" alt=\"logo Festina\" width=\"150\" height=\"92\" srcset=\"https:\/\/tempsetor.be\/galerie\/wp-content\/uploads\/2018\/11\/festina.png 150w, https:\/\/tempsetor.be\/galerie\/wp-content\/uploads\/2018\/11\/festina-50x31.png 50w, https:\/\/tempsetor.be\/galerie\/wp-content\/uploads\/2018\/11\/festina-122x75.png 122w\" sizes=\"auto, (max-width:767px) 150px, 150px\" \/><\/p>\n<div class=\"row ng-star-inserted\">\n<div class=\"col-12 col-lg-8 mx-auto\">\n<div class=\"row ng-star-inserted\">\n<div class=\"col-12 col-lg-8 mx-auto\">\n<div class=\"row ng-star-inserted\">\n<div class=\"col-12 col-lg-8 mx-auto\">\n<div class=\"row ng-star-inserted\">\n<div class=\"col-12 col-lg-8 mx-auto\">\n<h3 class=\"text-capitalize font-weight-bold\">Timeless chronograph<\/h3>\n<\/div>\n<\/div>\n<div class=\"row mt-3 mb-5 ng-star-inserted\">\n<div class=\"col-12 col-lg-8 mx-auto\">\n<p><strong>Le Chronographe urbain<\/strong><\/p>\n<p>Non, les chronographes ne sont pas uniquement r\u00e9serv\u00e9s aux sportifs ! Gr\u00e2ce \u00e0 sa collection TIMELESS CHRONOGRAPH, FESTINA compl\u00e8te son offre et son attachement aux mod\u00e8les sophistiqu\u00e9s pour un look tendance. Au bureau, en famille, entre amis, vous trouverez facilement la montre qui s\u2019adaptera au rythme de votre quotidien!<\/p>\n<\/div>\n<\/div>\n<\/div>\n<\/div>\n<\/div>\n<\/div>\n<\/div>\n<\/div>\n<p>Montre Festina F20636\/1 pour homme. Avec un bo\u00eetier acier inoxydable 316l et verre min\u00e9ral, \u00e9quip\u00e9 d\u2019un bracelet de cuir.<br \/>\nLes montres Festina sont le m\u00e9lange parfait entre l\u2019\u00e9l\u00e9gance et la modernit\u00e9. Festina propose des designs distingu\u00e9s, une innovation technologique constante et un excellent rapport qualit\u00e9-prix.<\/p>\n<p>D\u00e9j\u00e0 garanties 2 ans, le service apr\u00e8s vente de la bijouterie <strong>Temps &amp; OR<\/strong> vous apporte une confiance suppl\u00e9mentaire pour ces produits. Selon vos besoins, ces montres peuvent \u00eatre \u00e9galement r\u00e9serv\u00e9es \u00e0 la bijouterie. La mise \u00e0 mesure offerte ainsi qu&#8217;un emballage cadeau vous y seront propos\u00e9s.<\/p>\n<p>Faites vos demandes particuli\u00e8res ou passez votre commande via ce formulaire :<br \/>\n<p class=\"wpcf7-contact-form-not-found\"><strong>Error:<\/strong> Contact form not found.<\/p><\/p>\n","protected":false},"featured_media":6564,"template":"","meta":{"_monsterinsights_skip_tracking":false,"_monsterinsights_sitenote_active":false,"_monsterinsights_sitenote_note":"","_monsterinsights_sitenote_category":0},"product_brand":[],"product_cat":[795,40,39],"product_tag":[],"class_list":{"0":"post-6563","1":"product","2":"type-product","3":"status-publish","4":"has-post-thumbnail","6":"product_cat-festina-hommes","7":"product_cat-montres-hommes","8":"product_cat-hommes","10":"first","11":"instock","12":"shipping-taxable","13":"purchasable","14":"product-type-simple"},"_links":{"self":[{"href":"https:\/\/tempsetor.be\/galerie\/wp-json\/wp\/v2\/product\/6563","targetHints":{"allow":["GET"]}}],"collection":[{"href":"https:\/\/tempsetor.be\/galerie\/wp-json\/wp\/v2\/product"}],"about":[{"href":"https:\/\/tempsetor.be\/galerie\/wp-json\/wp\/v2\/types\/product"}],"wp:featuredmedia":[{"embeddable":true,"href":"https:\/\/tempsetor.be\/galerie\/wp-json\/wp\/v2\/media\/6564"}],"wp:attachment":[{"href":"https:\/\/tempsetor.be\/galerie\/wp-json\/wp\/v2\/media?parent=6563"}],"wp:term":[{"taxonomy":"product_brand","embeddable":true,"href":"https:\/\/tempsetor.be\/galerie\/wp-json\/wp\/v2\/product_brand?post=6563"},{"taxonomy":"product_cat","embeddable":true,"href":"https:\/\/tempsetor.be\/galerie\/wp-json\/wp\/v2\/product_cat?post=6563"},{"taxonomy":"product_tag","embeddable":true,"href":"https:\/\/tempsetor.be\/galerie\/wp-json\/wp\/v2\/product_tag?post=6563"}],"curies":[{"name":"wp","href":"https:\/\/api.w.org\/{rel}","templated":true}]}}