{"id":6596,"date":"2022-11-13T19:56:41","date_gmt":"2022-11-13T18:56:41","guid":{"rendered":"https:\/\/tempsetor.be\/galerie\/?post_type=product&#038;p=6596"},"modified":"2022-11-14T15:11:17","modified_gmt":"2022-11-14T14:11:17","slug":"montre-hommes-orient-kamasu-mako-ra-aa0814r19b","status":"publish","type":"product","link":"https:\/\/tempsetor.be\/galerie\/produit\/montre-hommes-orient-kamasu-mako-ra-aa0814r19b\/","title":{"rendered":"Montre hommes &#8211; Orient &#8211; Kamasu MAKO &#8211; RA-AA0814R19B"},"content":{"rendered":"<p>Sportif Orient montres pour Hommes RA-AA0814R19B. Couleurs du cadran : Rouge. Bracelet : tr\u00e8s confortable en Acier inoxydable. La r\u00e9sistance \u00e0 l&#8217;eau est 20 ATM. Un ergot anti-reflet, Verre saphir prot\u00e8ge votre montre contre les blessures involontaires.<\/p>\n","protected":false},"excerpt":{"rendered":"<p><img loading=\"lazy\" decoding=\"async\" class=\"alignleft wp-image-6593\" src=\"https:\/\/tempsetor.be\/galerie\/wp-content\/uploads\/2022\/11\/Orient-logo.jpg\" alt=\"Orient logo\" width=\"151\" height=\"79\" srcset=\"https:\/\/tempsetor.be\/galerie\/wp-content\/uploads\/2022\/11\/Orient-logo.jpg 191w, https:\/\/tempsetor.be\/galerie\/wp-content\/uploads\/2022\/11\/Orient-logo-50x26.jpg 50w, https:\/\/tempsetor.be\/galerie\/wp-content\/uploads\/2022\/11\/Orient-logo-143x75.jpg 143w\" sizes=\"auto, (max-width:767px) 151px, 151px\" \/><\/p>\n<p>Orient Watch Company, plus commun\u00e9ment appel\u00e9e Orient est la plus grande entreprise japonaise de production de montres m\u00e9caniques, cr\u00e9\u00e9e en 1950 par Sh. Yoshida. Orient en 2009 devient une filiale exclusive de Seiko avec leurs mouvements Epson. Quant \u00e0 Orient Star, leurs mouvements sont fabriqu\u00e9s avec soin dans leur propre usine de manufacture. La finition de leurs cadrans sont incroyables.<\/p>\n<p>D\u00e9j\u00e0 garanties 2 ans, le service apr\u00e8s vente de la bijouterie <strong>Temps &amp; OR<\/strong> vous apporte une confiance suppl\u00e9mentaire pour ces produits. Selon vos besoins, ces montres peuvent \u00eatre \u00e9galement r\u00e9serv\u00e9es \u00e0 la bijouterie. La mise \u00e0 mesure offerte ainsi qu&#8217;un emballage cadeau vous y seront propos\u00e9s.<\/p>\n<a class=\"button  button_left button_size_2\" href=\"\/galerie\/ma-commande\/\"     target=\"_blank\"    title=\"\"><span class=\"button_icon\"><i class=\"icon-basket\"  aria-hidden=\"true\"><\/i><\/span><span class=\"button_label\">passer commande ou poser une question<\/span><\/a>\n\n","protected":false},"featured_media":6632,"template":"","meta":{"_monsterinsights_skip_tracking":false,"_monsterinsights_sitenote_active":false,"_monsterinsights_sitenote_note":"","_monsterinsights_sitenote_category":0},"product_brand":[],"product_cat":[40,2096,39],"product_tag":[],"class_list":{"0":"post-6596","1":"product","2":"type-product","3":"status-publish","4":"has-post-thumbnail","6":"product_cat-montres-hommes","7":"product_cat-orient-hommes","8":"product_cat-hommes","10":"first","11":"instock","12":"shipping-taxable","13":"purchasable","14":"product-type-simple"},"_links":{"self":[{"href":"https:\/\/tempsetor.be\/galerie\/wp-json\/wp\/v2\/product\/6596","targetHints":{"allow":["GET"]}}],"collection":[{"href":"https:\/\/tempsetor.be\/galerie\/wp-json\/wp\/v2\/product"}],"about":[{"href":"https:\/\/tempsetor.be\/galerie\/wp-json\/wp\/v2\/types\/product"}],"wp:featuredmedia":[{"embeddable":true,"href":"https:\/\/tempsetor.be\/galerie\/wp-json\/wp\/v2\/media\/6632"}],"wp:attachment":[{"href":"https:\/\/tempsetor.be\/galerie\/wp-json\/wp\/v2\/media?parent=6596"}],"wp:term":[{"taxonomy":"product_brand","embeddable":true,"href":"https:\/\/tempsetor.be\/galerie\/wp-json\/wp\/v2\/product_brand?post=6596"},{"taxonomy":"product_cat","embeddable":true,"href":"https:\/\/tempsetor.be\/galerie\/wp-json\/wp\/v2\/product_cat?post=6596"},{"taxonomy":"product_tag","embeddable":true,"href":"https:\/\/tempsetor.be\/galerie\/wp-json\/wp\/v2\/product_tag?post=6596"}],"curies":[{"name":"wp","href":"https:\/\/api.w.org\/{rel}","templated":true}]}}