{"id":6648,"date":"2022-11-20T17:10:54","date_gmt":"2022-11-20T16:10:54","guid":{"rendered":"https:\/\/tempsetor.be\/galerie\/?post_type=product&#038;p=6648"},"modified":"2023-02-13T14:35:09","modified_gmt":"2023-02-13T13:35:09","slug":"montre-hommes-hamilton-jamerican-classic-pan-europ-day-date-auto-h35425730","status":"publish","type":"product","link":"https:\/\/tempsetor.be\/galerie\/produit\/montre-hommes-hamilton-jamerican-classic-pan-europ-day-date-auto-h35425730\/","title":{"rendered":"Montre hommes Hamilton &#8211; JAMERICAN CLASSIC PAN EUROP DAY DATE AUTO &#8211; H35425730"},"content":{"rendered":"<div class=\"product-info-links-wrapper\">\n<div class=\"product attribute description\">\n<div class=\"value\">Brillez de mille feux avec ce design bicolore. Incarnant le myst\u00e8re et le glamour hollywoodien, le concept noir et or se compose de cinq c\u00e9l\u00e8bres montres. Jouant sur les contrastes de l&#8217;ombre et de la lumi\u00e8re, cette collection capsule est une parfaite repr\u00e9sentation du grand \u00e9cran.<\/div>\n<\/div>\n<\/div>\n","protected":false},"excerpt":{"rendered":"<p><img loading=\"lazy\" decoding=\"async\" class=\"size-full wp-image-5425 alignleft\" src=\"https:\/\/www.tempsetor.be\/galerie\/wp-content\/uploads\/2020\/12\/Hamilton.png\" alt=\"logo Hamilton\" width=\"150\" height=\"29\" srcset=\"https:\/\/tempsetor.be\/galerie\/wp-content\/uploads\/2020\/12\/Hamilton.png 150w, https:\/\/tempsetor.be\/galerie\/wp-content\/uploads\/2020\/12\/Hamilton-50x10.png 50w\" sizes=\"auto, (max-width:767px) 150px, 150px\" \/><\/p>\n<h1 class=\"page-title large\"><span class=\"pretitle\" data-ui-id=\"page-pretitle-wrapper\">AMERICAN CLASSIC PAN EUROP DAY DATE AUTO<\/span><\/h1>\n<div class=\"product-main-attributes\">\n<h4>Automatique | 42mm | H35425730<\/h4>\n<\/div>\n<p>Brillez de mille feux avec ce design bicolore. Incarnant le myst\u00e8re et le glamour hollywoodien, le concept noir et or se compose de cinq c\u00e9l\u00e8bres montres. Jouant sur les contrastes de l&#8217;ombre et de la lumi\u00e8re, cette collection capsule est une parfaite repr\u00e9sentation du grand \u00e9cran.<\/p>\n<p>D\u00e9j\u00e0 garanties 2 ans, le service apr\u00e8s vente de la bijouterie <strong>Temps &amp; OR<\/strong> vous apporte une confiance suppl\u00e9mentaire pour ces produits. Selon vos besoins, ces montres peuvent \u00eatre \u00e9galement r\u00e9serv\u00e9es \u00e0 la bijouterie. La mise \u00e0 mesure offerte ainsi qu&#8217;un emballage cadeau vous y seront propos\u00e9s.<\/p>\n<p>Faites vos demandes particuli\u00e8res ou passez votre commande via ce formulaire :<br \/>\n<p class=\"wpcf7-contact-form-not-found\"><strong>Error:<\/strong> Contact form not found.<\/p><\/p>\n","protected":false},"featured_media":6650,"template":"","meta":{"_monsterinsights_skip_tracking":false,"_monsterinsights_sitenote_active":false,"_monsterinsights_sitenote_note":"","_monsterinsights_sitenote_category":0},"product_brand":[],"product_cat":[1628,40,39],"product_tag":[],"class_list":{"0":"post-6648","1":"product","2":"type-product","3":"status-publish","4":"has-post-thumbnail","6":"product_cat-hamilton-hommes","7":"product_cat-montres-hommes","8":"product_cat-hommes","10":"first","11":"instock","12":"shipping-taxable","13":"purchasable","14":"product-type-simple"},"_links":{"self":[{"href":"https:\/\/tempsetor.be\/galerie\/wp-json\/wp\/v2\/product\/6648","targetHints":{"allow":["GET"]}}],"collection":[{"href":"https:\/\/tempsetor.be\/galerie\/wp-json\/wp\/v2\/product"}],"about":[{"href":"https:\/\/tempsetor.be\/galerie\/wp-json\/wp\/v2\/types\/product"}],"wp:featuredmedia":[{"embeddable":true,"href":"https:\/\/tempsetor.be\/galerie\/wp-json\/wp\/v2\/media\/6650"}],"wp:attachment":[{"href":"https:\/\/tempsetor.be\/galerie\/wp-json\/wp\/v2\/media?parent=6648"}],"wp:term":[{"taxonomy":"product_brand","embeddable":true,"href":"https:\/\/tempsetor.be\/galerie\/wp-json\/wp\/v2\/product_brand?post=6648"},{"taxonomy":"product_cat","embeddable":true,"href":"https:\/\/tempsetor.be\/galerie\/wp-json\/wp\/v2\/product_cat?post=6648"},{"taxonomy":"product_tag","embeddable":true,"href":"https:\/\/tempsetor.be\/galerie\/wp-json\/wp\/v2\/product_tag?post=6648"}],"curies":[{"name":"wp","href":"https:\/\/api.w.org\/{rel}","templated":true}]}}