{"id":6757,"date":"2023-01-04T12:07:10","date_gmt":"2023-01-04T11:07:10","guid":{"rendered":"https:\/\/tempsetor.be\/galerie\/?post_type=product&#038;p=6757"},"modified":"2023-03-27T16:32:35","modified_gmt":"2023-03-27T14:32:35","slug":"bougie-baobab-arabian-nights-arabian-nights","status":"publish","type":"product","link":"https:\/\/tempsetor.be\/galerie\/produit\/bougie-baobab-arabian-nights-arabian-nights\/","title":{"rendered":"Bougie Baobab &#8211; ARABIAN NIGHTS &#8211; ARABIAN NIGHTS"},"content":{"rendered":"<p>Patchouli, F\u00e8ve, Tonka, Coriandre. La bougie parfum\u00e9e Arabian Nights nous transporte dans l\u2019univers myst\u00e9rieux du Moyen-Orient. Le d\u00e9cor de son verre s\u00e9rigraphi\u00e9 d\u2019or 9 carats s\u2019inspire des c\u00e9l\u00e8bres moucharabiehs, motifs ajour\u00e9s que l\u2019on retrouve dans l\u2019architecture arabe. \u00c0 travers le verre, la flamme apparait cr\u00e9ant tout autour des ombres port\u00e9es.<\/p>\n","protected":false},"excerpt":{"rendered":"<p><img loading=\"lazy\" decoding=\"async\" class=\"size-full wp-image-4311 alignleft\" src=\"https:\/\/tempsetor.be\/galerie\/wp-content\/uploads\/2019\/03\/baobab.jpg\" alt=\"logo Baobab\" width=\"128\" height=\"142\" srcset=\"https:\/\/tempsetor.be\/galerie\/wp-content\/uploads\/2019\/03\/baobab.jpg 128w, https:\/\/tempsetor.be\/galerie\/wp-content\/uploads\/2019\/03\/baobab-45x50.jpg 45w, https:\/\/tempsetor.be\/galerie\/wp-content\/uploads\/2019\/03\/baobab-68x75.jpg 68w\" sizes=\"auto, (max-width:767px) 128px, 128px\" \/>La bougie parfum\u00e9e Arabian Nights nous transporte dans l\u2019univers myst\u00e9rieux du Moyen-Orient. Le d\u00e9cor de son verre s\u00e9rigraphi\u00e9 d\u2019or 9 carats s\u2019inspire des c\u00e9l\u00e8bres moucharabiehs, motifs ajour\u00e9s que l\u2019on retrouve dans l\u2019architecture arabe. \u00c0 travers le verre, la flamme apparait cr\u00e9ant tout autour des ombres port\u00e9es. Laissez toujours br\u00fbler la bougie jusqu&#8217;\u00e0 ce que sa surface soit totalement liquide.<\/p>\n<h2>Fragrance<\/h2>\n<p>Safran &#8211; Oud &#8211; Encens Son parfum d\u2019oud, de safran et d\u2019encens est une invitation \u00e0 un voyage imaginaire au pays des mille et une nuits.<\/p>\n<div class=\"icon_box_jmn\">\n<div class=\"icon_box_jmn\">\n<h4>Tailles disponibles en magasin (en cm)<\/h4>\n<\/div>\n<p><div class=\"column one-third mobile-one\"><div class=\"mcb-column-inner\"><div class=\"icon_box icon_position_top has_border\"><div class=\"icon_wrapper\"><div class=\"icon\"><i class=\"icon-bitbucket\" aria-hidden=\"true\"><\/i><\/div><\/div><div class=\"desc_wrapper\"><h4 class=\"title \">Max 10<\/h4><div class=\"desc\">105\u20ac<\/div><\/div><\/div>\n<\/div><\/div>\n<div class=\"column one-third mobile-one\"><div class=\"mcb-column-inner\"><div class=\"icon_box icon_position_top has_border\"><div class=\"icon_wrapper\"><div class=\"icon\"><i class=\"icon-bitbucket\" aria-hidden=\"true\"><\/i><\/div><\/div><div class=\"desc_wrapper\"><h4 class=\"title \">Max 16<\/h4><div class=\"desc\">150\u20ac<\/div><\/div><\/div>\n<\/div><\/div>\n<div class=\"column one-third mobile-one\"><div class=\"mcb-column-inner\"><div class=\"icon_box icon_position_top has_border\"><div class=\"icon_wrapper\"><div class=\"icon\"><i class=\"icon-bitbucket\" aria-hidden=\"true\"><\/i><\/div><\/div><div class=\"desc_wrapper\"><h4 class=\"title \">Max 24<\/h4><div class=\"desc\">310\u20ac<\/div><\/div><\/div>\n<\/div><\/div>\n<\/p>\n<p>Faites vos demandes particuli\u00e8res ou passez votre commande via ce formulaire :<br \/>\n<p class=\"wpcf7-contact-form-not-found\"><strong>Error:<\/strong> Contact form not found.<\/p><\/p>\n<\/div>\n","protected":false},"featured_media":6760,"template":"","meta":{"_monsterinsights_skip_tracking":false,"_monsterinsights_sitenote_active":false,"_monsterinsights_sitenote_note":"","_monsterinsights_sitenote_category":0},"product_brand":[],"product_cat":[1070,2131,903,1005],"product_tag":[],"class_list":{"0":"post-6757","1":"product","2":"type-product","3":"status-publish","4":"has-post-thumbnail","6":"product_cat-accessoirelifestyle","7":"product_cat-baobab-arabian-nights-bougie","8":"product_cat-baobab","9":"product_cat-baobab-bougies","11":"first","12":"instock","13":"shipping-taxable","14":"purchasable","15":"product-type-simple"},"_links":{"self":[{"href":"https:\/\/tempsetor.be\/galerie\/wp-json\/wp\/v2\/product\/6757","targetHints":{"allow":["GET"]}}],"collection":[{"href":"https:\/\/tempsetor.be\/galerie\/wp-json\/wp\/v2\/product"}],"about":[{"href":"https:\/\/tempsetor.be\/galerie\/wp-json\/wp\/v2\/types\/product"}],"wp:featuredmedia":[{"embeddable":true,"href":"https:\/\/tempsetor.be\/galerie\/wp-json\/wp\/v2\/media\/6760"}],"wp:attachment":[{"href":"https:\/\/tempsetor.be\/galerie\/wp-json\/wp\/v2\/media?parent=6757"}],"wp:term":[{"taxonomy":"product_brand","embeddable":true,"href":"https:\/\/tempsetor.be\/galerie\/wp-json\/wp\/v2\/product_brand?post=6757"},{"taxonomy":"product_cat","embeddable":true,"href":"https:\/\/tempsetor.be\/galerie\/wp-json\/wp\/v2\/product_cat?post=6757"},{"taxonomy":"product_tag","embeddable":true,"href":"https:\/\/tempsetor.be\/galerie\/wp-json\/wp\/v2\/product_tag?post=6757"}],"curies":[{"name":"wp","href":"https:\/\/api.w.org\/{rel}","templated":true}]}}