{"id":7834,"date":"2024-06-01T17:20:37","date_gmt":"2024-06-01T15:20:37","guid":{"rendered":"https:\/\/tempsetor.be\/galerie\/?post_type=product&#038;p=7834"},"modified":"2025-08-03T21:17:48","modified_gmt":"2025-08-03T19:17:48","slug":"albanu-mocano-bracelet-poils-elephant-614n-el","status":"publish","type":"product","link":"https:\/\/tempsetor.be\/galerie\/produit\/albanu-mocano-bracelet-poils-elephant-614n-el\/","title":{"rendered":"Albanu Mocano &#8211; Bracelet Poils \u00c9l\u00e9phant &#8211; 614N EL"},"content":{"rendered":"<p>Bracelet compos\u00e9 de poils d&#8217;\u00e9l\u00e9phant avec fermoir s\u00e9curis\u00e9 en PVD et or blanc 750\/1000 (18K). Ce bracelet, selon la l\u00e9gende Africaine, vous portera bonheur tout au long de votre vie. Il est livr\u00e9 avec son permis CITES, garant du respect de la convention de Washington pour la protection des esp\u00e8ces menac\u00e9es.<\/p>\n","protected":false},"excerpt":{"rendered":"<p><img loading=\"lazy\" decoding=\"async\" class=\" wp-image-7835 alignleft\" src=\"https:\/\/tempsetor.be\/galerie\/wp-content\/uploads\/2024\/06\/albanu-monaco-300x129.png\" alt=\"\" width=\"205\" height=\"88\" srcset=\"https:\/\/tempsetor.be\/galerie\/wp-content\/uploads\/2024\/06\/albanu-monaco-300x129.png 300w, https:\/\/tempsetor.be\/galerie\/wp-content\/uploads\/2024\/06\/albanu-monaco-1024x439.png 1024w, https:\/\/tempsetor.be\/galerie\/wp-content\/uploads\/2024\/06\/albanu-monaco-768x329.png 768w, https:\/\/tempsetor.be\/galerie\/wp-content\/uploads\/2024\/06\/albanu-monaco-1536x658.png 1536w, https:\/\/tempsetor.be\/galerie\/wp-content\/uploads\/2024\/06\/albanu-monaco-2048x878.png 2048w, https:\/\/tempsetor.be\/galerie\/wp-content\/uploads\/2024\/06\/albanu-monaco-150x64.png 150w, https:\/\/tempsetor.be\/galerie\/wp-content\/uploads\/2024\/06\/albanu-monaco-480x206.png 480w, https:\/\/tempsetor.be\/galerie\/wp-content\/uploads\/2024\/06\/albanu-monaco-800x343.png 800w\" sizes=\"auto, (max-width:767px) 205px, 205px\" \/><\/p>\n<h2 class=\"HomeEngagements-title\">Des bracelets respectant et prot\u00e9geant le monde animal<\/h2>\n<div class=\"HomeEngagements-text\">\n<p>En cr\u00e9ant chacune de ses \u0153uvres \u00e0 partir de poils d\u2019\u00e9l\u00e9phants d\u2019Afrique ou de girafes collect\u00e9s de mani\u00e8re \u00e9thique par des v\u00e9t\u00e9rinaires lors des soins aux animaux, la Maison Albanu se distingue par son engagement in\u00e9gal\u00e9 en faveur de l\u2019environnement et du bien-\u00eatre animal. Cette approche respectueuse de la nature constitue le socle de la gamme de bijoux d\u2019\u00e9l\u00e9gance que cette maison propose.<\/p>\n<p>Les \u201cbracelets porte-bonheur,\u201d orn\u00e9s d\u2019or et m\u00eame de diamants, \u00e9veillent les sens et stimulent l\u2019imaginaire avec leur esth\u00e9tique \u00e9pur\u00e9e et sophistiqu\u00e9e. Le savoir-faire exceptionnel des artisans d\u2019Albanu s\u2019inscrit pleinement dans la mission cruciale de pr\u00e9server les esp\u00e8ces en danger.<\/p>\n<\/div>\n<p><div class=\"alert alert_error\"><div class=\"alert_icon\"><svg viewBox=\"0 0 28 28\"><defs><style>.path{fill:none;stroke:#000;stroke-miterlimit:10;stroke-width:1.5px;}<\/style><\/defs><g><circle cx=\"14\" cy=\"20\" r=\"0.33\" class=\"path\"\/><line x1=\"14\" y1=\"8.72\" x2=\"14\" y2=\"16.72\" class=\"path\"\/><path d=\"M12.6,3.42,1.54,22.58A1.61,1.61,0,0,0,2.93,25H25.07a1.61,1.61,0,0,0,1.39-2.42L15.4,3.42A1.61,1.61,0,0,0,12.6,3.42Z\" class=\"path\"\/><\/g><\/svg><\/div><div class=\"alert_wrapper\">Le montant affich\u00e9 peut \u00eatre modifi\u00e9 par le fournisseur sans que nous en soyons inform\u00e9s. Une diff\u00e9rence entre le prix affich\u00e9 ici et en magasin reste possible.<\/div><a href=\"#\" class=\"close mfn-close-icon\"><span class=\"icon\">\u2715<\/span><\/a><\/div>\n<div class=\"alert alert_info\"><div class=\"alert_icon\"><svg viewBox=\"0 0 28 28\"><defs><style>.path{fill:none;stroke:#000;stroke-miterlimit:10;stroke-width:1.5px;}<\/style><\/defs><g><circle class=\"path\" cx=\"14\" cy=\"14\" r=\"12\"\/><path class=\"path\" d=\"M11.2,9.12a3.4,3.4,0,0,1,3-1.69,2.84,2.84,0,0,1,3,2.76,3.16,3.16,0,0,1-.84,2.23c-.63.74-1.58,1.18-2.19,1.88a1,1,0,0,0-.26.64v2.32\"\/><circle class=\"path\" cx=\"14\" cy=\"20\" r=\"0.33\"\/><\/g><\/svg><\/div><div class=\"alert_wrapper\">Faites vos demandes particuli\u00e8res ou passez votre commande via ce formulaire <\/div><a href=\"#\" class=\"close mfn-close-icon\"><span class=\"icon\">\u2715<\/span><\/a><\/div>\n <a class=\"button  button_size_3\" href=\"https:\/\/tempsetor.be\/galerie\/ma-commande\/\"     target=\"_blank\"    title=\"\"><span class=\"button_label\">&gt; Formulaire<\/span><\/a>\n<\/p>\n","protected":false},"featured_media":7837,"template":"","meta":{"_monsterinsights_skip_tracking":false,"_monsterinsights_sitenote_active":false,"_monsterinsights_sitenote_note":"","_monsterinsights_sitenote_category":0},"product_brand":[],"product_cat":[2373,42,39],"product_tag":[],"class_list":{"0":"post-7834","1":"product","2":"type-product","3":"status-publish","4":"has-post-thumbnail","6":"product_cat-albanu-mocano-hommes","7":"product_cat-bracelets-hommes","8":"product_cat-hommes","10":"first","11":"instock","12":"shipping-taxable","13":"purchasable","14":"product-type-simple"},"_links":{"self":[{"href":"https:\/\/tempsetor.be\/galerie\/wp-json\/wp\/v2\/product\/7834","targetHints":{"allow":["GET"]}}],"collection":[{"href":"https:\/\/tempsetor.be\/galerie\/wp-json\/wp\/v2\/product"}],"about":[{"href":"https:\/\/tempsetor.be\/galerie\/wp-json\/wp\/v2\/types\/product"}],"wp:featuredmedia":[{"embeddable":true,"href":"https:\/\/tempsetor.be\/galerie\/wp-json\/wp\/v2\/media\/7837"}],"wp:attachment":[{"href":"https:\/\/tempsetor.be\/galerie\/wp-json\/wp\/v2\/media?parent=7834"}],"wp:term":[{"taxonomy":"product_brand","embeddable":true,"href":"https:\/\/tempsetor.be\/galerie\/wp-json\/wp\/v2\/product_brand?post=7834"},{"taxonomy":"product_cat","embeddable":true,"href":"https:\/\/tempsetor.be\/galerie\/wp-json\/wp\/v2\/product_cat?post=7834"},{"taxonomy":"product_tag","embeddable":true,"href":"https:\/\/tempsetor.be\/galerie\/wp-json\/wp\/v2\/product_tag?post=7834"}],"curies":[{"name":"wp","href":"https:\/\/api.w.org\/{rel}","templated":true}]}}