{"id":8061,"date":"2024-11-10T20:18:50","date_gmt":"2024-11-10T19:18:50","guid":{"rendered":"https:\/\/tempsetor.be\/galerie\/?post_type=product&#038;p=8061"},"modified":"2024-11-10T20:32:43","modified_gmt":"2024-11-10T19:32:43","slug":"montre-hommes-ciga-design-z-series-skeleton-wristwatch-orange-z031-titi-w15og","status":"publish","type":"product","link":"https:\/\/tempsetor.be\/galerie\/produit\/montre-hommes-ciga-design-z-series-skeleton-wristwatch-orange-z031-titi-w15og\/","title":{"rendered":"Montre hommes CIGA Design &#8211; Z-Series Skeleton Wristwatch Orange &#8211; Z031-TITI-W15OG"},"content":{"rendered":"<p>La montre CIGA Design Z-Series Stainless Steel &#8211; Skeleton Wristwatch Orange allie l\u00e9g\u00e8ret\u00e9, puissance et design unique. Son bo\u00eetier en titane, son verre saphir et son m\u00e9canisme automatique Seagull offrent robustesse et performance. Gagnante du prix de la &#8220;German National Design Masterpiece Award 2020&#8221;, cette montre se distingue par son design innovant, sa r\u00e9sistance \u00e0 l&#8217;eau de 3 ATM et sa r\u00e9serve de marche de 40 heures.<\/p>\n","protected":false},"excerpt":{"rendered":"<p class=\"product-single__vendor\"><img loading=\"lazy\" decoding=\"async\" class=\" wp-image-8047 alignleft\" src=\"https:\/\/tempsetor.be\/galerie\/wp-content\/uploads\/2024\/11\/logo-ciga-design-noir-300x88.png\" alt=\"logo ciga design noir\" width=\"150\" height=\"44\" srcset=\"https:\/\/tempsetor.be\/galerie\/wp-content\/uploads\/2024\/11\/logo-ciga-design-noir-300x88.png 300w, https:\/\/tempsetor.be\/galerie\/wp-content\/uploads\/2024\/11\/logo-ciga-design-noir-150x44.png 150w, https:\/\/tempsetor.be\/galerie\/wp-content\/uploads\/2024\/11\/logo-ciga-design-noir.png 312w\" sizes=\"auto, (max-width:767px) 150px, 150px\" \/><\/p>\n<p>La CIGA Design Z-Series Stainless Steel &#8211; Skeleton Wristwatch Orange est une montre qui se distingue par sa l\u00e9g\u00e8ret\u00e9, sa robustesse et son design innovant. Son bo\u00eetier en titane, un mat\u00e9riau utilis\u00e9 dans l&#8217;industrie a\u00e9rospatiale et 33% plus l\u00e9ger que le mod\u00e8le classique en acier inoxydable 316L, lui conf\u00e8re une r\u00e9sistance accrue tout en restant remarquablement l\u00e9g\u00e8re (seulement 53g). Associ\u00e9e \u00e0 un verre saphir ultra-r\u00e9sistant aux rayures, cette montre est con\u00e7ue pour durer.<\/p>\n<p>Le m\u00e9canisme automatique Seagull, d\u00e9velopp\u00e9 en collaboration avec CIGA Design, permet \u00e0 la montre de se recharger gr\u00e2ce \u00e0 l&#8217;\u00e9nergie cin\u00e9tique g\u00e9n\u00e9r\u00e9e par vos mouvements. Cette technologie de pointe garantit une r\u00e9serve de marche de 40 heures et une pr\u00e9cision optimale avec 21 600 oscillations par heure.<\/p>\n<p>La Z-Series Orange n&#8217;est pas seulement une montre, c&#8217;est un accessoire de mode audacieux. Elle allie l\u2019\u00e9l\u00e9gance du titane \u00e0 la vivacit\u00e9 de son bracelet en silicone orange, facile \u00e0 changer et r\u00e9sistant \u00e0 l&#8217;eau jusqu&#8217;\u00e0 3 ATM. Son design moderne, combin\u00e9 \u00e0 des lignes nettes et une finition soign\u00e9e, fait de cette montre un mod\u00e8le de personnalit\u00e9 et d&#8217;individualit\u00e9.<\/p>\n<p>Gagnante du German National Design Masterpiece Award 2020, la Z-Series est une montre d&#8217;exception qui vous accompagne dans toutes vos aventures. Disponible avec un bracelet interchangeable en cuir ou silicone, elle peut s\u2019adapter \u00e0 vos envies.<\/p>\n<p>D\u00e9j\u00e0 garanties 2 ans, la bijouterie <strong>Temps &amp; OR<\/strong> vous apporte une confiance suppl\u00e9mentaire pour ces produits. Selon vos besoins, ces montres peuvent \u00eatre \u00e9galement r\u00e9serv\u00e9es \u00e0 la bijouterie. La mise \u00e0 mesure offerte ainsi qu&#8217;un emballage cadeau vous y seront propos\u00e9s.<\/p>\n<p><div class=\"alert alert_error\"><div class=\"alert_icon\"><svg viewBox=\"0 0 28 28\"><defs><style>.path{fill:none;stroke:#000;stroke-miterlimit:10;stroke-width:1.5px;}<\/style><\/defs><g><circle cx=\"14\" cy=\"20\" r=\"0.33\" class=\"path\"\/><line x1=\"14\" y1=\"8.72\" x2=\"14\" y2=\"16.72\" class=\"path\"\/><path d=\"M12.6,3.42,1.54,22.58A1.61,1.61,0,0,0,2.93,25H25.07a1.61,1.61,0,0,0,1.39-2.42L15.4,3.42A1.61,1.61,0,0,0,12.6,3.42Z\" class=\"path\"\/><\/g><\/svg><\/div><div class=\"alert_wrapper\">Le montant affich\u00e9 peut \u00eatre modifi\u00e9 par le fournisseur sans que nous en soyons inform\u00e9s. Une diff\u00e9rence entre le prix affich\u00e9 ici et en magasin reste possible.<\/div><a href=\"#\" class=\"close mfn-close-icon\"><span class=\"icon\">\u2715<\/span><\/a><\/div>\n<div class=\"alert alert_info\"><div class=\"alert_icon\"><svg viewBox=\"0 0 28 28\"><defs><style>.path{fill:none;stroke:#000;stroke-miterlimit:10;stroke-width:1.5px;}<\/style><\/defs><g><circle class=\"path\" cx=\"14\" cy=\"14\" r=\"12\"\/><path class=\"path\" d=\"M11.2,9.12a3.4,3.4,0,0,1,3-1.69,2.84,2.84,0,0,1,3,2.76,3.16,3.16,0,0,1-.84,2.23c-.63.74-1.58,1.18-2.19,1.88a1,1,0,0,0-.26.64v2.32\"\/><circle class=\"path\" cx=\"14\" cy=\"20\" r=\"0.33\"\/><\/g><\/svg><\/div><div class=\"alert_wrapper\">Faites vos demandes particuli\u00e8res ou passez votre commande via ce formulaire <\/div><a href=\"#\" class=\"close mfn-close-icon\"><span class=\"icon\">\u2715<\/span><\/a><\/div>\n <a class=\"button  button_size_3\" href=\"https:\/\/tempsetor.be\/galerie\/ma-commande\/\"     target=\"_blank\"    title=\"\"><span class=\"button_label\">&gt; Formulaire<\/span><\/a>\n<\/p>\n","protected":false},"featured_media":8062,"template":"","meta":{"_monsterinsights_skip_tracking":false,"_monsterinsights_sitenote_active":false,"_monsterinsights_sitenote_note":"","_monsterinsights_sitenote_category":0},"product_brand":[],"product_cat":[2428,40,39],"product_tag":[],"class_list":{"0":"post-8061","1":"product","2":"type-product","3":"status-publish","4":"has-post-thumbnail","6":"product_cat-ciga-design-hommes","7":"product_cat-montres-hommes","8":"product_cat-hommes","10":"first","11":"instock","12":"shipping-taxable","13":"purchasable","14":"product-type-simple"},"_links":{"self":[{"href":"https:\/\/tempsetor.be\/galerie\/wp-json\/wp\/v2\/product\/8061","targetHints":{"allow":["GET"]}}],"collection":[{"href":"https:\/\/tempsetor.be\/galerie\/wp-json\/wp\/v2\/product"}],"about":[{"href":"https:\/\/tempsetor.be\/galerie\/wp-json\/wp\/v2\/types\/product"}],"wp:featuredmedia":[{"embeddable":true,"href":"https:\/\/tempsetor.be\/galerie\/wp-json\/wp\/v2\/media\/8062"}],"wp:attachment":[{"href":"https:\/\/tempsetor.be\/galerie\/wp-json\/wp\/v2\/media?parent=8061"}],"wp:term":[{"taxonomy":"product_brand","embeddable":true,"href":"https:\/\/tempsetor.be\/galerie\/wp-json\/wp\/v2\/product_brand?post=8061"},{"taxonomy":"product_cat","embeddable":true,"href":"https:\/\/tempsetor.be\/galerie\/wp-json\/wp\/v2\/product_cat?post=8061"},{"taxonomy":"product_tag","embeddable":true,"href":"https:\/\/tempsetor.be\/galerie\/wp-json\/wp\/v2\/product_tag?post=8061"}],"curies":[{"name":"wp","href":"https:\/\/api.w.org\/{rel}","templated":true}]}}