{"id":8074,"date":"2024-11-12T22:27:18","date_gmt":"2024-11-12T21:27:18","guid":{"rendered":"https:\/\/tempsetor.be\/galerie\/?post_type=product&#038;p=8074"},"modified":"2024-11-12T22:35:05","modified_gmt":"2024-11-12T21:35:05","slug":"montre-dames-festina-boyfriend-multicolore-f20640-7","status":"publish","type":"product","link":"https:\/\/tempsetor.be\/galerie\/produit\/montre-dames-festina-boyfriend-multicolore-f20640-7\/","title":{"rendered":"Montre dames &#8211; Festina &#8211; Boyfriend &#8211; Multicolore &#8211; F20640\/7"},"content":{"rendered":"<p>La montre Festina F20640\/7 pour femme est un mod\u00e8le \u00e9l\u00e9gant et tendance de la collection &#8220;Boyfriend&#8221;. Avec un bo\u00eetier en acier inoxydable dor\u00e9 de 36,8 mm et un mouvement japonais fiable Miyota 2035-h1, elle se distingue par son design moderne et f\u00e9minin. Propos\u00e9e au prix attractif de 119 \u20ac, cette montre offre le parfait \u00e9quilibre entre style et fonctionnalit\u00e9.<\/p>\n","protected":false},"excerpt":{"rendered":"<p><img loading=\"lazy\" decoding=\"async\" class=\"wp-image-4096 size-full alignleft\" src=\"https:\/\/tempsetor.be\/galerie\/wp-content\/uploads\/2018\/11\/festina.png\" alt=\"logo Festina\" width=\"150\" height=\"92\" srcset=\"https:\/\/tempsetor.be\/galerie\/wp-content\/uploads\/2018\/11\/festina.png 150w, https:\/\/tempsetor.be\/galerie\/wp-content\/uploads\/2018\/11\/festina-50x31.png 50w, https:\/\/tempsetor.be\/galerie\/wp-content\/uploads\/2018\/11\/festina-122x75.png 122w\" sizes=\"auto, (max-width:767px) 150px, 150px\" \/><\/p>\n<p>La montre Festina F20640\/7 pour femme, issue de la collection tendance &#8220;Boyfriend&#8221;, se distingue par son \u00e9l\u00e9gance moderne et son allure audacieuse. Ce mod\u00e8le pr\u00e9sente un bo\u00eetier en acier inoxydable dor\u00e9 de 36,8 mm de diam\u00e8tre, combin\u00e9 \u00e0 un bracelet assorti, apportant une touche de sophistication \u00e0 toutes vos tenues. Sa teinte dor\u00e9e et son cadran multicolore lui conf\u00e8rent un look unique et raffin\u00e9, id\u00e9al pour celles qui souhaitent allier mode et fonctionnalit\u00e9.<\/p>\n<p>Dot\u00e9e du mouvement quartz japonais Miyota 2035-h1, cette montre garantit une pr\u00e9cision optimale tout en n\u00e9cessitant peu d&#8217;entretien gr\u00e2ce \u00e0 sa pile Sr626sw. Avec une \u00e9paisseur de 9,2 mm et une \u00e9tanch\u00e9it\u00e9 de 5 ATM, elle est parfaite pour un usage quotidien, r\u00e9sistant aux \u00e9claboussures tout en \u00e9tant l\u00e9g\u00e8re et confortable au poignet.<\/p>\n<p>Ce mod\u00e8le de la collection &#8220;Boyfriend&#8221; a \u00e9t\u00e9 con\u00e7u pour celles qui aiment sortir du lot et afficher un style affirm\u00e9. Propos\u00e9e au prix attractif de 119 \u20ac, la Festina F20640\/7 est un excellent choix pour les femmes en qu\u00eate d&#8217;une montre tendance, durable et \u00e9l\u00e9gante.<\/p>\n<p>D\u00e9j\u00e0 garanties 2 ans, la bijouterie <strong>Temps &amp; OR<\/strong> vous apporte une confiance suppl\u00e9mentaire pour ces produits. Selon vos besoins, ces montres peuvent \u00eatre \u00e9galement r\u00e9serv\u00e9es \u00e0 la bijouterie. La mise \u00e0 mesure offerte ainsi qu&#8217;un emballage cadeau vous y seront propos\u00e9s.<\/p>\n<p><div class=\"alert alert_error\"><div class=\"alert_icon\"><svg viewBox=\"0 0 28 28\"><defs><style>.path{fill:none;stroke:#000;stroke-miterlimit:10;stroke-width:1.5px;}<\/style><\/defs><g><circle cx=\"14\" cy=\"20\" r=\"0.33\" class=\"path\"\/><line x1=\"14\" y1=\"8.72\" x2=\"14\" y2=\"16.72\" class=\"path\"\/><path d=\"M12.6,3.42,1.54,22.58A1.61,1.61,0,0,0,2.93,25H25.07a1.61,1.61,0,0,0,1.39-2.42L15.4,3.42A1.61,1.61,0,0,0,12.6,3.42Z\" class=\"path\"\/><\/g><\/svg><\/div><div class=\"alert_wrapper\">Le montant affich\u00e9 peut \u00eatre modifi\u00e9 par le fournisseur sans que nous en soyons inform\u00e9s. Une diff\u00e9rence entre le prix affich\u00e9 ici et en magasin reste possible.<\/div><a href=\"#\" class=\"close mfn-close-icon\"><span class=\"icon\">\u2715<\/span><\/a><\/div>\n<div class=\"alert alert_info\"><div class=\"alert_icon\"><svg viewBox=\"0 0 28 28\"><defs><style>.path{fill:none;stroke:#000;stroke-miterlimit:10;stroke-width:1.5px;}<\/style><\/defs><g><circle class=\"path\" cx=\"14\" cy=\"14\" r=\"12\"\/><path class=\"path\" d=\"M11.2,9.12a3.4,3.4,0,0,1,3-1.69,2.84,2.84,0,0,1,3,2.76,3.16,3.16,0,0,1-.84,2.23c-.63.74-1.58,1.18-2.19,1.88a1,1,0,0,0-.26.64v2.32\"\/><circle class=\"path\" cx=\"14\" cy=\"20\" r=\"0.33\"\/><\/g><\/svg><\/div><div class=\"alert_wrapper\">Faites vos demandes particuli\u00e8res ou passez votre commande via ce formulaire <\/div><a href=\"#\" class=\"close mfn-close-icon\"><span class=\"icon\">\u2715<\/span><\/a><\/div>\n <a class=\"button  button_size_3\" href=\"https:\/\/tempsetor.be\/galerie\/ma-commande\/\"     target=\"_blank\"    title=\"\"><span class=\"button_label\">&gt; Formulaire<\/span><\/a>\n<\/p>\n","protected":false},"featured_media":8075,"template":"","meta":{"_monsterinsights_skip_tracking":false,"_monsterinsights_sitenote_active":false,"_monsterinsights_sitenote_note":"","_monsterinsights_sitenote_category":0},"product_brand":[],"product_cat":[794,28,27],"product_tag":[],"class_list":{"0":"post-8074","1":"product","2":"type-product","3":"status-publish","4":"has-post-thumbnail","6":"product_cat-festina-dames","7":"product_cat-montres-dames","8":"product_cat-dames","10":"first","11":"instock","12":"shipping-taxable","13":"purchasable","14":"product-type-simple"},"_links":{"self":[{"href":"https:\/\/tempsetor.be\/galerie\/wp-json\/wp\/v2\/product\/8074","targetHints":{"allow":["GET"]}}],"collection":[{"href":"https:\/\/tempsetor.be\/galerie\/wp-json\/wp\/v2\/product"}],"about":[{"href":"https:\/\/tempsetor.be\/galerie\/wp-json\/wp\/v2\/types\/product"}],"wp:featuredmedia":[{"embeddable":true,"href":"https:\/\/tempsetor.be\/galerie\/wp-json\/wp\/v2\/media\/8075"}],"wp:attachment":[{"href":"https:\/\/tempsetor.be\/galerie\/wp-json\/wp\/v2\/media?parent=8074"}],"wp:term":[{"taxonomy":"product_brand","embeddable":true,"href":"https:\/\/tempsetor.be\/galerie\/wp-json\/wp\/v2\/product_brand?post=8074"},{"taxonomy":"product_cat","embeddable":true,"href":"https:\/\/tempsetor.be\/galerie\/wp-json\/wp\/v2\/product_cat?post=8074"},{"taxonomy":"product_tag","embeddable":true,"href":"https:\/\/tempsetor.be\/galerie\/wp-json\/wp\/v2\/product_tag?post=8074"}],"curies":[{"name":"wp","href":"https:\/\/api.w.org\/{rel}","templated":true}]}}