{"id":8098,"date":"2024-11-15T13:39:29","date_gmt":"2024-11-15T12:39:29","guid":{"rendered":"https:\/\/tempsetor.be\/galerie\/?post_type=product&#038;p=8098"},"modified":"2025-11-19T21:39:14","modified_gmt":"2025-11-19T20:39:14","slug":"montre-hommes-hugo-boss-bossmatic-1514178","status":"publish","type":"product","link":"https:\/\/tempsetor.be\/galerie\/produit\/montre-hommes-hugo-boss-bossmatic-1514178\/","title":{"rendered":"Montre hommes &#8211;  Boss &#8211; Bossmatic &#8211; 1514178"},"content":{"rendered":"<p>La montre Festina Bossmatic pour homme incarne l&#8217;innovation avec son mouvement autoquartz, combinant la pr\u00e9cision du quartz et l&#8217;efficacit\u00e9 d&#8217;une montre automatique. Avec un bo\u00eetier en inox argent\u00e9 de 42 mm et un bracelet \u00e0 maillons assorti, elle affiche un design moderne et \u00e9l\u00e9gant. Son cadran vert rehauss\u00e9 d\u2019aiguilles argent\u00e9es ajoute une touche de sophistication. Avec une \u00e9tanch\u00e9it\u00e9 de 10 ATM, elle est pr\u00eate \u00e0 vous accompagner dans toutes vos aventures quotidiennes. Un choix parfait pour ceux qui recherchent une montre \u00e0 la fois technologique et styl\u00e9e.<\/p>\n","protected":false},"excerpt":{"rendered":"<p><img loading=\"lazy\" decoding=\"async\" class=\"alignleft size-full wp-image-3176\" src=\"https:\/\/tempsetor.be\/galerie\/wp-content\/uploads\/2017\/12\/Hugo-Boss-logo-e1512852406736.jpg\" alt=\"logo Hugo Boss\" width=\"151\" height=\"60\" \/><\/p>\n<p>La Festina Bossmatic pour homme allie innovation et \u00e9l\u00e9gance dans un design moderne et fonctionnel. Son mouvement autoquartz unique combine la fiabilit\u00e9 d\u2019une montre \u00e0 quartz avec l\u2019\u00e9nergie g\u00e9n\u00e9r\u00e9e par les mouvements du porteur, \u00e9liminant ainsi le besoin de piles tout en offrant une pr\u00e9cision de quartz. Ce m\u00e9canisme, qui fait appel \u00e0 la technologie autoquartz, est \u00e0 la fois \u00e9conome en \u00e9nergie et exceptionnellement durable, ce qui fait de cette montre un choix parfait pour les passionn\u00e9s d\u2019horlogerie avanc\u00e9e.<\/p>\n<p>Le bo\u00eetier en inox argent\u00e9 de 42 mm, avec une \u00e9paisseur de 11 mm, abrite un cadran vert raffin\u00e9, surmont\u00e9 d\u2019aiguilles argent\u00e9es qui accentuent l\u2019aspect moderne de ce mod\u00e8le. Le verre min\u00e9ral prot\u00e8ge ce cadran tout en conservant une clart\u00e9 optimale. La couronne de tirage permet de r\u00e9gler facilement l&#8217;heure et la date, tandis que le fond du bo\u00eetier viss\u00e9 assure une protection suppl\u00e9mentaire.<\/p>\n<p>Le bracelet \u00e0 maillons en inox de 20 mm de largeur est aussi \u00e9l\u00e9gant que pratique, offrant une finition brillante et un confort optimal. Le fermoir \u00e0 boucle d\u00e9ployante avec boutons poussoirs assure un maintien s\u00e9curis\u00e9, m\u00eame pendant les activit\u00e9s les plus intenses.<\/p>\n<p>L&#8217;\u00e9tanch\u00e9it\u00e9 \u00e0 10 ATM (100 m\u00e8tres) permet de porter cette montre sans souci lors des baignades ou sous la pluie, faisant de la Festina Bossmatic un choix id\u00e9al pour l\u2019homme moderne en qu\u00eate de praticit\u00e9 et de style. Ce mod\u00e8le est l\u2019incarnation m\u00eame du m\u00e9lange entre technologie de pointe et design intemporel, pr\u00eat \u00e0 \u00eatre port\u00e9 en toute occasion.<\/p>\n<p>D\u00e9j\u00e0 garanties 2 ans, le service apr\u00e8s-vente de la bijouterie <strong>Temps &amp; OR<\/strong> vous apporte une confiance suppl\u00e9mentaire pour ces produits. Selon vos besoins, ces montres peuvent \u00eatre \u00e9galement r\u00e9serv\u00e9es \u00e0 la bijouterie. La mise \u00e0 mesure offerte ainsi qu&#8217;un emballage cadeau vous y seront propos\u00e9s.<\/p>\n<p><div class=\"alert alert_error\"><div class=\"alert_icon\"><svg viewBox=\"0 0 28 28\"><defs><style>.path{fill:none;stroke:#000;stroke-miterlimit:10;stroke-width:1.5px;}<\/style><\/defs><g><circle cx=\"14\" cy=\"20\" r=\"0.33\" class=\"path\"\/><line x1=\"14\" y1=\"8.72\" x2=\"14\" y2=\"16.72\" class=\"path\"\/><path d=\"M12.6,3.42,1.54,22.58A1.61,1.61,0,0,0,2.93,25H25.07a1.61,1.61,0,0,0,1.39-2.42L15.4,3.42A1.61,1.61,0,0,0,12.6,3.42Z\" class=\"path\"\/><\/g><\/svg><\/div><div class=\"alert_wrapper\">Le montant affich\u00e9 peut \u00eatre modifi\u00e9 par le fournisseur sans que nous en soyons inform\u00e9s. Une diff\u00e9rence entre le prix affich\u00e9 ici et en magasin reste possible.<\/div><a href=\"#\" class=\"close mfn-close-icon\"><span class=\"icon\">\u2715<\/span><\/a><\/div>\n<div class=\"alert alert_info\"><div class=\"alert_icon\"><svg viewBox=\"0 0 28 28\"><defs><style>.path{fill:none;stroke:#000;stroke-miterlimit:10;stroke-width:1.5px;}<\/style><\/defs><g><circle class=\"path\" cx=\"14\" cy=\"14\" r=\"12\"\/><path class=\"path\" d=\"M11.2,9.12a3.4,3.4,0,0,1,3-1.69,2.84,2.84,0,0,1,3,2.76,3.16,3.16,0,0,1-.84,2.23c-.63.74-1.58,1.18-2.19,1.88a1,1,0,0,0-.26.64v2.32\"\/><circle class=\"path\" cx=\"14\" cy=\"20\" r=\"0.33\"\/><\/g><\/svg><\/div><div class=\"alert_wrapper\">Faites vos demandes particuli\u00e8res ou passez votre commande via ce formulaire <\/div><a href=\"#\" class=\"close mfn-close-icon\"><span class=\"icon\">\u2715<\/span><\/a><\/div>\n <a class=\"button  button_size_3\" href=\"https:\/\/tempsetor.be\/galerie\/ma-commande\/\"     target=\"_blank\"    title=\"\"><span class=\"button_label\">&gt; Formulaire<\/span><\/a>\n<\/p>\n","protected":false},"featured_media":8099,"template":"","meta":{"_monsterinsights_skip_tracking":false,"_monsterinsights_sitenote_active":false,"_monsterinsights_sitenote_note":"","_monsterinsights_sitenote_category":0},"product_brand":[],"product_cat":[64,40,39],"product_tag":[],"class_list":{"0":"post-8098","1":"product","2":"type-product","3":"status-publish","4":"has-post-thumbnail","6":"product_cat-boss-hommes","7":"product_cat-montres-hommes","8":"product_cat-hommes","10":"first","11":"instock","12":"shipping-taxable","13":"purchasable","14":"product-type-simple"},"_links":{"self":[{"href":"https:\/\/tempsetor.be\/galerie\/wp-json\/wp\/v2\/product\/8098","targetHints":{"allow":["GET"]}}],"collection":[{"href":"https:\/\/tempsetor.be\/galerie\/wp-json\/wp\/v2\/product"}],"about":[{"href":"https:\/\/tempsetor.be\/galerie\/wp-json\/wp\/v2\/types\/product"}],"wp:featuredmedia":[{"embeddable":true,"href":"https:\/\/tempsetor.be\/galerie\/wp-json\/wp\/v2\/media\/8099"}],"wp:attachment":[{"href":"https:\/\/tempsetor.be\/galerie\/wp-json\/wp\/v2\/media?parent=8098"}],"wp:term":[{"taxonomy":"product_brand","embeddable":true,"href":"https:\/\/tempsetor.be\/galerie\/wp-json\/wp\/v2\/product_brand?post=8098"},{"taxonomy":"product_cat","embeddable":true,"href":"https:\/\/tempsetor.be\/galerie\/wp-json\/wp\/v2\/product_cat?post=8098"},{"taxonomy":"product_tag","embeddable":true,"href":"https:\/\/tempsetor.be\/galerie\/wp-json\/wp\/v2\/product_tag?post=8098"}],"curies":[{"name":"wp","href":"https:\/\/api.w.org\/{rel}","templated":true}]}}