{"id":8296,"date":"2025-01-29T16:49:08","date_gmt":"2025-01-29T15:49:08","guid":{"rendered":"https:\/\/tempsetor.be\/galerie\/?post_type=product&#038;p=8296"},"modified":"2025-01-29T16:54:17","modified_gmt":"2025-01-29T15:54:17","slug":"montre-hommes-ciga-design-x-series-titanium-gorrila-x021-blg0-w25bk","status":"publish","type":"product","link":"https:\/\/tempsetor.be\/galerie\/produit\/montre-hommes-ciga-design-x-series-titanium-gorrila-x021-blg0-w25bk\/","title":{"rendered":"Montre hommes CIGA Design &#8211; X-Series Titanium &#8211; Gorrila &#8211; X021-BLG0-W25BK"},"content":{"rendered":"<p>La CIGA Design X021-BLGO-W25BK, aussi appel\u00e9e <strong>S\u00e9rie X Gorilla<\/strong>, est une montre squelette au bo\u00eetier en titane DLC noir avec accents en or 18 carats. \u00c9quip\u00e9e d\u2019un mouvement automatique CD-01 et d\u2019une r\u00e9serve de marche de 40 heures, elle allie innovation et design audacieux.<\/p>\n","protected":false},"excerpt":{"rendered":"<p class=\"product-single__vendor\"><img loading=\"lazy\" decoding=\"async\" class=\" wp-image-8047 alignleft\" src=\"https:\/\/tempsetor.be\/galerie\/wp-content\/uploads\/2024\/11\/logo-ciga-design-noir-300x88.png\" alt=\"logo ciga design noir\" width=\"150\" height=\"44\" srcset=\"https:\/\/tempsetor.be\/galerie\/wp-content\/uploads\/2024\/11\/logo-ciga-design-noir-300x88.png 300w, https:\/\/tempsetor.be\/galerie\/wp-content\/uploads\/2024\/11\/logo-ciga-design-noir-150x44.png 150w, https:\/\/tempsetor.be\/galerie\/wp-content\/uploads\/2024\/11\/logo-ciga-design-noir.png 312w\" sizes=\"auto, (max-width:767px) 150px, 150px\" \/><\/p>\n<p>La CIGA Design X021-BLGO-W25BK, connue sous le nom de S\u00e9rie X Gorilla, est une montre qui allie innovation, design audacieux et mat\u00e9riaux haut de gamme. Son esth\u00e9tique unique et son ing\u00e9nierie de pr\u00e9cision en font une pi\u00e8ce incontournable pour les passionn\u00e9s d\u2019horlogerie contemporaine.<\/p>\n<p>Son bo\u00eetier carr\u00e9 en titane DLC noir, agr\u00e9ment\u00e9 d\u2019accents en or 18 carats, mesure 44 mm de largeur sur 48 mm de hauteur, avec une \u00e9paisseur de 11,8 mm. Il assure une l\u00e9g\u00e8ret\u00e9 optimale tout en garantissant une robustesse exceptionnelle. Le cadran squelette en forme de X offre une vue plongeante sur le mouvement automatique CD-01, un calibre d\u00e9velopp\u00e9 en interne par CIGA Design. Il fonctionne \u00e0 28 800 alternances par heure et offre une r\u00e9serve de marche de 40 heures. Le barillet de remontage est positionn\u00e9 \u00e0 12 heures, tandis que le balancier est visible \u00e0 6 heures, mettant en valeur la complexit\u00e9 du m\u00e9canisme.<\/p>\n<p>Le verre saphir ultra-r\u00e9sistant prot\u00e8ge efficacement le cadran contre les rayures et garantit une lisibilit\u00e9 optimale.<\/p>\n<p>Le bracelet en silicone noir de 22 mm assure un confort optimal au poignet, tandis qu\u2019un bracelet en tissu noir suppl\u00e9mentaire est inclus pour offrir une personnalisation adapt\u00e9e aux pr\u00e9f\u00e9rences de l\u2019utilisateur.<\/p>\n<p>Avec une \u00e9tanch\u00e9it\u00e9 de 30 m\u00e8tres, elle est con\u00e7ue pour r\u00e9sister aux \u00e9claboussures et \u00e0 une immersion l\u00e9g\u00e8re, bien qu\u2019elle ne soit pas recommand\u00e9e pour la natation ou la plong\u00e9e.<\/p>\n<p>Disponible au prix de 599,00 \u20ac, la CIGA Design X021-BLGO-W25BK est une montre au design puissant et sophistiqu\u00e9, parfaite pour les amateurs de montres d\u2019avant-garde. \u00c0 d\u00e9couvrir en magasin ou sur notre eshop.<\/p>\n<p><div class=\"alert alert_error\"><div class=\"alert_icon\"><svg viewBox=\"0 0 28 28\"><defs><style>.path{fill:none;stroke:#000;stroke-miterlimit:10;stroke-width:1.5px;}<\/style><\/defs><g><circle cx=\"14\" cy=\"20\" r=\"0.33\" class=\"path\"\/><line x1=\"14\" y1=\"8.72\" x2=\"14\" y2=\"16.72\" class=\"path\"\/><path d=\"M12.6,3.42,1.54,22.58A1.61,1.61,0,0,0,2.93,25H25.07a1.61,1.61,0,0,0,1.39-2.42L15.4,3.42A1.61,1.61,0,0,0,12.6,3.42Z\" class=\"path\"\/><\/g><\/svg><\/div><div class=\"alert_wrapper\">Le montant affich\u00e9 peut \u00eatre modifi\u00e9 par le fournisseur sans que nous en soyons inform\u00e9s. Une diff\u00e9rence entre le prix affich\u00e9 ici et en magasin reste possible.<\/div><a href=\"#\" class=\"close mfn-close-icon\"><span class=\"icon\">\u2715<\/span><\/a><\/div>\n<div class=\"alert alert_info\"><div class=\"alert_icon\"><svg viewBox=\"0 0 28 28\"><defs><style>.path{fill:none;stroke:#000;stroke-miterlimit:10;stroke-width:1.5px;}<\/style><\/defs><g><circle class=\"path\" cx=\"14\" cy=\"14\" r=\"12\"\/><path class=\"path\" d=\"M11.2,9.12a3.4,3.4,0,0,1,3-1.69,2.84,2.84,0,0,1,3,2.76,3.16,3.16,0,0,1-.84,2.23c-.63.74-1.58,1.18-2.19,1.88a1,1,0,0,0-.26.64v2.32\"\/><circle class=\"path\" cx=\"14\" cy=\"20\" r=\"0.33\"\/><\/g><\/svg><\/div><div class=\"alert_wrapper\">Faites vos demandes particuli\u00e8res ou passez votre commande via ce formulaire <\/div><a href=\"#\" class=\"close mfn-close-icon\"><span class=\"icon\">\u2715<\/span><\/a><\/div>\n <a class=\"button  button_size_3\" href=\"https:\/\/tempsetor.be\/galerie\/ma-commande\/\"     target=\"_blank\"    title=\"\"><span class=\"button_label\">&gt; Formulaire<\/span><\/a>\n<\/p>\n","protected":false},"featured_media":8297,"template":"","meta":{"_monsterinsights_skip_tracking":false,"_monsterinsights_sitenote_active":false,"_monsterinsights_sitenote_note":"","_monsterinsights_sitenote_category":0},"product_brand":[],"product_cat":[2428,40,39],"product_tag":[],"class_list":{"0":"post-8296","1":"product","2":"type-product","3":"status-publish","4":"has-post-thumbnail","6":"product_cat-ciga-design-hommes","7":"product_cat-montres-hommes","8":"product_cat-hommes","10":"first","11":"instock","12":"shipping-taxable","13":"purchasable","14":"product-type-simple"},"_links":{"self":[{"href":"https:\/\/tempsetor.be\/galerie\/wp-json\/wp\/v2\/product\/8296","targetHints":{"allow":["GET"]}}],"collection":[{"href":"https:\/\/tempsetor.be\/galerie\/wp-json\/wp\/v2\/product"}],"about":[{"href":"https:\/\/tempsetor.be\/galerie\/wp-json\/wp\/v2\/types\/product"}],"wp:featuredmedia":[{"embeddable":true,"href":"https:\/\/tempsetor.be\/galerie\/wp-json\/wp\/v2\/media\/8297"}],"wp:attachment":[{"href":"https:\/\/tempsetor.be\/galerie\/wp-json\/wp\/v2\/media?parent=8296"}],"wp:term":[{"taxonomy":"product_brand","embeddable":true,"href":"https:\/\/tempsetor.be\/galerie\/wp-json\/wp\/v2\/product_brand?post=8296"},{"taxonomy":"product_cat","embeddable":true,"href":"https:\/\/tempsetor.be\/galerie\/wp-json\/wp\/v2\/product_cat?post=8296"},{"taxonomy":"product_tag","embeddable":true,"href":"https:\/\/tempsetor.be\/galerie\/wp-json\/wp\/v2\/product_tag?post=8296"}],"curies":[{"name":"wp","href":"https:\/\/api.w.org\/{rel}","templated":true}]}}