{"id":8332,"date":"2025-03-16T14:09:58","date_gmt":"2025-03-16T13:09:58","guid":{"rendered":"https:\/\/tempsetor.be\/galerie\/?post_type=product&#038;p=8332"},"modified":"2025-03-16T14:14:07","modified_gmt":"2025-03-16T13:14:07","slug":"bague-dames-ti-sento-ring-12370zy","status":"publish","type":"product","link":"https:\/\/tempsetor.be\/galerie\/produit\/bague-dames-ti-sento-ring-12370zy\/","title":{"rendered":"Bague dames &#8211; TI SENTO Ring &#8211; 12370ZY"},"content":{"rendered":"<p>Sublimez votre main avec la bague <strong data-start=\"163\" data-end=\"183\">TI SENTO 12370ZY<\/strong>, une pi\u00e8ce audacieuse au design entrelac\u00e9. Confectionn\u00e9e en <strong data-start=\"244\" data-end=\"267\">argent sterling 925<\/strong> et plaqu\u00e9e <strong data-start=\"279\" data-end=\"291\">or jaune<\/strong>, elle associe l\u2019\u00e9clat chaleureux de l\u2019or au scintillement d\u2019un <strong data-start=\"355\" data-end=\"384\">pav\u00e9 de zirconiums blancs<\/strong>. Un bijou sophistiqu\u00e9 qui allie modernit\u00e9 et intemporalit\u00e9 avec \u00e9l\u00e9gance.<\/p>\n","protected":false},"excerpt":{"rendered":"<p><img loading=\"lazy\" decoding=\"async\" class=\"wp-image-8327 alignnone\" src=\"https:\/\/tempsetor.be\/galerie\/wp-content\/uploads\/2025\/03\/logo-300x157.png\" alt=\"TI SENTO logo\" width=\"151\" height=\"79\" srcset=\"https:\/\/tempsetor.be\/galerie\/wp-content\/uploads\/2025\/03\/logo-300x157.png 300w, https:\/\/tempsetor.be\/galerie\/wp-content\/uploads\/2025\/03\/logo-1024x536.png 1024w, https:\/\/tempsetor.be\/galerie\/wp-content\/uploads\/2025\/03\/logo-768x402.png 768w, https:\/\/tempsetor.be\/galerie\/wp-content\/uploads\/2025\/03\/logo-143x75.png 143w, https:\/\/tempsetor.be\/galerie\/wp-content\/uploads\/2025\/03\/logo-480x251.png 480w, https:\/\/tempsetor.be\/galerie\/wp-content\/uploads\/2025\/03\/logo-800x419.png 800w, https:\/\/tempsetor.be\/galerie\/wp-content\/uploads\/2025\/03\/logo.png 1200w\" sizes=\"auto, (max-width:767px) 151px, 151px\" \/><\/p>\n<h3 data-start=\"1720\" data-end=\"1798\"><strong data-start=\"1720\" data-end=\"1796\">TI SENTO 12370ZY &#8211; Bague entrelac\u00e9e plaqu\u00e9 or jaune et zirconiums blancs<\/strong><\/h3>\n<p data-start=\"1800\" data-end=\"2090\">Audacieuse et sophistiqu\u00e9e, la bague <strong data-start=\"1837\" data-end=\"1857\">TI SENTO 12370ZY<\/strong> est un bijou qui allie modernit\u00e9 et \u00e9l\u00e9gance intemporelle. Son <strong data-start=\"1921\" data-end=\"1941\">design entrelac\u00e9<\/strong> associe la brillance de l\u2019<strong data-start=\"1968\" data-end=\"1980\">or jaune<\/strong> au raffinement d\u2019un <strong data-start=\"2001\" data-end=\"2030\">pav\u00e9 de zirconiums blancs<\/strong>, cr\u00e9ant une harmonie parfaite entre \u00e9clat et d\u00e9licatesse.<\/p>\n<p data-start=\"2092\" data-end=\"2427\">Confectionn\u00e9e en <strong data-start=\"2109\" data-end=\"2132\">argent sterling 925<\/strong>, cette bague offre un confort optimal gr\u00e2ce \u00e0 sa conception hypoallerg\u00e9nique et sans nickel. Son jeu de contrastes entre la douceur du m\u00e9tal dor\u00e9 et l\u2019\u00e9clat des pierres pr\u00e9cieuses en fait un <strong data-start=\"2324\" data-end=\"2353\">accessoire incontournable<\/strong>, id\u00e9al pour illuminer chaque tenue, du quotidien aux grandes occasions.<\/p>\n<p data-start=\"2429\" data-end=\"2601\">Polyvalente et raffin\u00e9e, elle peut \u00eatre port\u00e9e seule pour un effet minimaliste ou en accumulation avec d\u2019autres cr\u00e9ations <strong data-start=\"2551\" data-end=\"2563\">TI SENTO<\/strong> pour un look encore plus personnel.<\/p>\n<p data-start=\"2482\" data-end=\"2750\"><div class=\"alert alert_error\"><div class=\"alert_icon\"><svg viewBox=\"0 0 28 28\"><defs><style>.path{fill:none;stroke:#000;stroke-miterlimit:10;stroke-width:1.5px;}<\/style><\/defs><g><circle cx=\"14\" cy=\"20\" r=\"0.33\" class=\"path\"\/><line x1=\"14\" y1=\"8.72\" x2=\"14\" y2=\"16.72\" class=\"path\"\/><path d=\"M12.6,3.42,1.54,22.58A1.61,1.61,0,0,0,2.93,25H25.07a1.61,1.61,0,0,0,1.39-2.42L15.4,3.42A1.61,1.61,0,0,0,12.6,3.42Z\" class=\"path\"\/><\/g><\/svg><\/div><div class=\"alert_wrapper\">Le montant affich\u00e9 peut \u00eatre modifi\u00e9 par le fournisseur sans que nous en soyons inform\u00e9s. Une diff\u00e9rence entre le prix affich\u00e9 ici et en magasin reste possible.<\/div><a href=\"#\" class=\"close mfn-close-icon\"><span class=\"icon\">\u2715<\/span><\/a><\/div>\n<div class=\"alert alert_info\"><div class=\"alert_icon\"><svg viewBox=\"0 0 28 28\"><defs><style>.path{fill:none;stroke:#000;stroke-miterlimit:10;stroke-width:1.5px;}<\/style><\/defs><g><circle class=\"path\" cx=\"14\" cy=\"14\" r=\"12\"\/><path class=\"path\" d=\"M11.2,9.12a3.4,3.4,0,0,1,3-1.69,2.84,2.84,0,0,1,3,2.76,3.16,3.16,0,0,1-.84,2.23c-.63.74-1.58,1.18-2.19,1.88a1,1,0,0,0-.26.64v2.32\"\/><circle class=\"path\" cx=\"14\" cy=\"20\" r=\"0.33\"\/><\/g><\/svg><\/div><div class=\"alert_wrapper\">Faites vos demandes particuli\u00e8res ou passez votre commande via ce formulaire <\/div><a href=\"#\" class=\"close mfn-close-icon\"><span class=\"icon\">\u2715<\/span><\/a><\/div>\n <a class=\"button  button_size_3\" href=\"https:\/\/tempsetor.be\/galerie\/ma-commande\/\"     target=\"_blank\"    title=\"\"><span class=\"button_label\">&gt; Formulaire<\/span><\/a>\n<\/p>\n","protected":false},"featured_media":8333,"template":"","meta":{"_monsterinsights_skip_tracking":false,"_monsterinsights_sitenote_active":false,"_monsterinsights_sitenote_note":"","_monsterinsights_sitenote_category":0},"product_brand":[],"product_cat":[30,27,2503],"product_tag":[],"class_list":{"0":"post-8332","1":"product","2":"type-product","3":"status-publish","4":"has-post-thumbnail","6":"product_cat-bagues-femmes","7":"product_cat-dames","8":"product_cat-ti-sento-bague","10":"first","11":"instock","12":"shipping-taxable","13":"purchasable","14":"product-type-simple"},"_links":{"self":[{"href":"https:\/\/tempsetor.be\/galerie\/wp-json\/wp\/v2\/product\/8332","targetHints":{"allow":["GET"]}}],"collection":[{"href":"https:\/\/tempsetor.be\/galerie\/wp-json\/wp\/v2\/product"}],"about":[{"href":"https:\/\/tempsetor.be\/galerie\/wp-json\/wp\/v2\/types\/product"}],"wp:featuredmedia":[{"embeddable":true,"href":"https:\/\/tempsetor.be\/galerie\/wp-json\/wp\/v2\/media\/8333"}],"wp:attachment":[{"href":"https:\/\/tempsetor.be\/galerie\/wp-json\/wp\/v2\/media?parent=8332"}],"wp:term":[{"taxonomy":"product_brand","embeddable":true,"href":"https:\/\/tempsetor.be\/galerie\/wp-json\/wp\/v2\/product_brand?post=8332"},{"taxonomy":"product_cat","embeddable":true,"href":"https:\/\/tempsetor.be\/galerie\/wp-json\/wp\/v2\/product_cat?post=8332"},{"taxonomy":"product_tag","embeddable":true,"href":"https:\/\/tempsetor.be\/galerie\/wp-json\/wp\/v2\/product_tag?post=8332"}],"curies":[{"name":"wp","href":"https:\/\/api.w.org\/{rel}","templated":true}]}}