{"id":8396,"date":"2025-03-25T15:40:07","date_gmt":"2025-03-25T14:40:07","guid":{"rendered":"https:\/\/tempsetor.be\/galerie\/?post_type=product&#038;p=8396"},"modified":"2025-03-25T15:47:21","modified_gmt":"2025-03-25T14:47:21","slug":"montre-hommes-festina-chrono-bike-f20729-1","status":"publish","type":"product","link":"https:\/\/tempsetor.be\/galerie\/produit\/montre-hommes-festina-chrono-bike-f20729-1\/","title":{"rendered":"Montre hommes &#8211; Festina &#8211; Chrono bike &#8211; F20729\/1"},"content":{"rendered":"<p>Montre Festina F20729\/1 : chronographe bleu pour homme avec bo\u00eetier acier 44,5 mm, bracelet en acier inoxydable \u00e0 maillons, guichet date, \u00e9tanch\u00e9it\u00e9 10 ATM et bracelet silicone suppl\u00e9mentaire.<\/p>\n","protected":false},"excerpt":{"rendered":"<p><img loading=\"lazy\" decoding=\"async\" class=\"wp-image-4096 size-full alignleft\" src=\"https:\/\/tempsetor.be\/galerie\/wp-content\/uploads\/2018\/11\/festina.png\" alt=\"logo Festina\" width=\"150\" height=\"92\" srcset=\"https:\/\/tempsetor.be\/galerie\/wp-content\/uploads\/2018\/11\/festina.png 150w, https:\/\/tempsetor.be\/galerie\/wp-content\/uploads\/2018\/11\/festina-50x31.png 50w, https:\/\/tempsetor.be\/galerie\/wp-content\/uploads\/2018\/11\/festina-122x75.png 122w\" sizes=\"auto, (max-width:767px) 150px, 150px\" \/><\/p>\n<p class=\"\" data-start=\"2244\" data-end=\"2607\">La montre <strong data-start=\"2254\" data-end=\"2274\">Festina F20729\/1<\/strong> incarne l\u2019\u00e9l\u00e9gance technique de la collection <strong data-start=\"2321\" data-end=\"2355\">Chrono Bike \u2013 \u00c9dition Sp\u00e9ciale<\/strong>. Son <strong data-start=\"2361\" data-end=\"2383\">bo\u00eetier de 44,5 mm<\/strong> en acier inoxydable bleu abrite un cadran parfaitement assorti, agr\u00e9ment\u00e9 de <strong data-start=\"2461\" data-end=\"2515\">trois sous-cadrans pour les fonctions chronographe<\/strong>, d\u2019un <strong data-start=\"2522\" data-end=\"2549\">guichet date \u00e0 6 heures<\/strong> et d\u2019<strong data-start=\"2555\" data-end=\"2577\">index luminescents<\/strong> pour une lisibilit\u00e9 optimale.<\/p>\n<p class=\"\" data-start=\"2609\" data-end=\"2962\">Elle est \u00e9quip\u00e9e d\u2019un <strong data-start=\"2631\" data-end=\"2679\">bracelet \u00e0 maillons en acier inoxydable bleu<\/strong>, avec <strong data-start=\"2686\" data-end=\"2727\">boucle d\u00e9ployante \u00e0 boutons poussoirs<\/strong>, garantissant un confort et une s\u00e9curit\u00e9 exemplaires. Cette \u00e9dition sp\u00e9ciale est \u00e9galement fournie dans un coffret avec <strong data-start=\"2848\" data-end=\"2887\">un second bracelet en silicone bleu<\/strong>, vous permettant d\u2019adapter votre montre \u00e0 votre style ou \u00e0 votre activit\u00e9.<\/p>\n<p class=\"\" data-start=\"2964\" data-end=\"3200\">Avec son <strong data-start=\"2973\" data-end=\"2995\">mouvement \u00e0 quartz<\/strong>, son design monochrome affirm\u00e9 et son <strong data-start=\"3034\" data-end=\"3058\">\u00e9tanch\u00e9it\u00e9 de 10 ATM<\/strong>, la Festina F20729\/1 est le garde-temps id\u00e9al pour ceux qui recherchent une montre \u00e0 la fois moderne, performante et visuellement percutante.<\/p>\n<p>D\u00e9j\u00e0 garanties 2 ans, la bijouterie <strong>Temps &amp; OR<\/strong> vous apporte une confiance suppl\u00e9mentaire pour ces produits. Selon vos besoins, ces montres peuvent \u00eatre par ailleurs r\u00e9serv\u00e9es \u00e0 la bijouterie. La mise \u00e0 mesure offerte ainsi qu&#8217;un emballage cadeau vous y seront propos\u00e9s.<\/p>\n<p><div class=\"alert alert_error\"><div class=\"alert_icon\"><svg viewBox=\"0 0 28 28\"><defs><style>.path{fill:none;stroke:#000;stroke-miterlimit:10;stroke-width:1.5px;}<\/style><\/defs><g><circle cx=\"14\" cy=\"20\" r=\"0.33\" class=\"path\"\/><line x1=\"14\" y1=\"8.72\" x2=\"14\" y2=\"16.72\" class=\"path\"\/><path d=\"M12.6,3.42,1.54,22.58A1.61,1.61,0,0,0,2.93,25H25.07a1.61,1.61,0,0,0,1.39-2.42L15.4,3.42A1.61,1.61,0,0,0,12.6,3.42Z\" class=\"path\"\/><\/g><\/svg><\/div><div class=\"alert_wrapper\">Le montant affich\u00e9 peut \u00eatre modifi\u00e9 par le fournisseur sans que nous en soyons inform\u00e9s. Une diff\u00e9rence entre le prix affich\u00e9 ici et en magasin reste possible.<\/div><a href=\"#\" class=\"close mfn-close-icon\"><span class=\"icon\">\u2715<\/span><\/a><\/div>\n<div class=\"alert alert_info\"><div class=\"alert_icon\"><svg viewBox=\"0 0 28 28\"><defs><style>.path{fill:none;stroke:#000;stroke-miterlimit:10;stroke-width:1.5px;}<\/style><\/defs><g><circle class=\"path\" cx=\"14\" cy=\"14\" r=\"12\"\/><path class=\"path\" d=\"M11.2,9.12a3.4,3.4,0,0,1,3-1.69,2.84,2.84,0,0,1,3,2.76,3.16,3.16,0,0,1-.84,2.23c-.63.74-1.58,1.18-2.19,1.88a1,1,0,0,0-.26.64v2.32\"\/><circle class=\"path\" cx=\"14\" cy=\"20\" r=\"0.33\"\/><\/g><\/svg><\/div><div class=\"alert_wrapper\">Faites vos demandes particuli\u00e8res ou passez votre commande via ce formulaire <\/div><a href=\"#\" class=\"close mfn-close-icon\"><span class=\"icon\">\u2715<\/span><\/a><\/div>\n <a class=\"button  button_size_3\" href=\"https:\/\/tempsetor.be\/galerie\/ma-commande\/\"     target=\"_blank\"    title=\"\"><span class=\"button_label\">&gt; Formulaire<\/span><\/a>\n<\/p>\n","protected":false},"featured_media":8397,"template":"","meta":{"_monsterinsights_skip_tracking":false,"_monsterinsights_sitenote_active":false,"_monsterinsights_sitenote_note":"","_monsterinsights_sitenote_category":0},"product_brand":[],"product_cat":[795,40,39],"product_tag":[],"class_list":{"0":"post-8396","1":"product","2":"type-product","3":"status-publish","4":"has-post-thumbnail","6":"product_cat-festina-hommes","7":"product_cat-montres-hommes","8":"product_cat-hommes","10":"first","11":"instock","12":"shipping-taxable","13":"purchasable","14":"product-type-simple"},"_links":{"self":[{"href":"https:\/\/tempsetor.be\/galerie\/wp-json\/wp\/v2\/product\/8396","targetHints":{"allow":["GET"]}}],"collection":[{"href":"https:\/\/tempsetor.be\/galerie\/wp-json\/wp\/v2\/product"}],"about":[{"href":"https:\/\/tempsetor.be\/galerie\/wp-json\/wp\/v2\/types\/product"}],"wp:featuredmedia":[{"embeddable":true,"href":"https:\/\/tempsetor.be\/galerie\/wp-json\/wp\/v2\/media\/8397"}],"wp:attachment":[{"href":"https:\/\/tempsetor.be\/galerie\/wp-json\/wp\/v2\/media?parent=8396"}],"wp:term":[{"taxonomy":"product_brand","embeddable":true,"href":"https:\/\/tempsetor.be\/galerie\/wp-json\/wp\/v2\/product_brand?post=8396"},{"taxonomy":"product_cat","embeddable":true,"href":"https:\/\/tempsetor.be\/galerie\/wp-json\/wp\/v2\/product_cat?post=8396"},{"taxonomy":"product_tag","embeddable":true,"href":"https:\/\/tempsetor.be\/galerie\/wp-json\/wp\/v2\/product_tag?post=8396"}],"curies":[{"name":"wp","href":"https:\/\/api.w.org\/{rel}","templated":true}]}}