{"id":8413,"date":"2025-04-10T19:36:40","date_gmt":"2025-04-10T17:36:40","guid":{"rendered":"https:\/\/tempsetor.be\/galerie\/?post_type=product&#038;p=8413"},"modified":"2025-04-10T19:43:49","modified_gmt":"2025-04-10T17:43:49","slug":"bougie-baobab-folia-calanque","status":"publish","type":"product","link":"https:\/\/tempsetor.be\/galerie\/produit\/bougie-baobab-folia-calanque\/","title":{"rendered":"Bougie Baobab &#8211; Folia &#8211; Calanque"},"content":{"rendered":"<p>La <strong data-start=\"355\" data-end=\"383\">bougie parfum\u00e9e Calanque<\/strong> de la collection <strong data-start=\"401\" data-end=\"410\">Folia<\/strong> par Baobab s\u00e9duit par son design en c\u00e9ramique fait main et ses notes apaisantes de <strong data-start=\"494\" data-end=\"507\">bergamote<\/strong>, <strong data-start=\"509\" data-end=\"521\">th\u00e9 vert<\/strong> et <strong data-start=\"525\" data-end=\"533\">musc<\/strong>. Une invitation \u00e0 la douceur m\u00e9diterran\u00e9enne. <strong data-start=\"580\" data-end=\"598\">Prix : 95,00 \u20ac<\/strong>.<\/p>\n","protected":false},"excerpt":{"rendered":"<h3><img loading=\"lazy\" decoding=\"async\" class=\"size-full wp-image-4311 alignleft\" src=\"https:\/\/tempsetor.be\/galerie\/wp-content\/uploads\/2019\/03\/baobab.jpg\" alt=\"logo Baobab\" width=\"128\" height=\"142\" srcset=\"https:\/\/tempsetor.be\/galerie\/wp-content\/uploads\/2019\/03\/baobab.jpg 128w, https:\/\/tempsetor.be\/galerie\/wp-content\/uploads\/2019\/03\/baobab-45x50.jpg 45w, https:\/\/tempsetor.be\/galerie\/wp-content\/uploads\/2019\/03\/baobab-68x75.jpg 68w\" sizes=\"auto, (max-width:767px) 128px, 128px\" \/><\/h3>\n<h2 data-start=\"2143\" data-end=\"2241\"><strong data-start=\"2143\" data-end=\"2241\">Bougie Parfum\u00e9e Baobab Folia Calanque \u2013 L\u2019Artisanat au service de la fra\u00eecheur m\u00e9diterran\u00e9enne<\/strong><\/h2>\n<p class=\"\" data-start=\"2243\" data-end=\"2470\">La <strong data-start=\"2246\" data-end=\"2265\">bougie Calanque<\/strong> de la collection <strong data-start=\"2283\" data-end=\"2292\">Folia<\/strong> par <strong data-start=\"2297\" data-end=\"2318\">Baobab Collection<\/strong> vous transporte au c\u0153ur de la M\u00e9diterran\u00e9e. Inspir\u00e9e par la nature sauvage et lumineuse des calanques, elle conjugue design raffin\u00e9 et senteur subtile.<\/p>\n<p class=\"\" data-start=\"2472\" data-end=\"2798\">\ud83c\udf3f <strong data-start=\"2475\" data-end=\"2505\">Un design artisanal unique<\/strong><br data-start=\"2505\" data-end=\"2508\" \/>Coul\u00e9e dans un contenant en <strong data-start=\"2536\" data-end=\"2579\">c\u00e9ramique fa\u00e7onn\u00e9 \u00e0 la main au Portugal<\/strong>, la bougie Calanque affiche des courbes organiques et des teintes min\u00e9rales \u00e9voquant la roche et l\u2019eau claire. Chaque pi\u00e8ce est unique, r\u00e9sultat d\u2019un savoir-faire ancestral m\u00ealant tradition et esth\u00e9tique contemporaine.<\/p>\n<p class=\"\" data-start=\"2800\" data-end=\"2828\">\ud83d\udd6f\ufe0f <strong data-start=\"2804\" data-end=\"2826\">Notes olfactives :<\/strong><\/p>\n<ul data-start=\"2829\" data-end=\"3070\">\n<li class=\"\" data-start=\"2829\" data-end=\"2898\">\n<p class=\"\" data-start=\"2831\" data-end=\"2898\"><strong data-start=\"2831\" data-end=\"2844\">Bergamote<\/strong> : une fra\u00eecheur citronn\u00e9e, p\u00e9tillante et lumineuse.<\/p>\n<\/li>\n<li class=\"\" data-start=\"2899\" data-end=\"2983\">\n<p class=\"\" data-start=\"2901\" data-end=\"2983\"><strong data-start=\"2901\" data-end=\"2913\">Th\u00e9 vert<\/strong> : une touche v\u00e9g\u00e9tale et apaisante, id\u00e9ale pour les int\u00e9rieurs zen.<\/p>\n<\/li>\n<li class=\"\" data-start=\"2984\" data-end=\"3070\">\n<p class=\"\" data-start=\"2986\" data-end=\"3070\"><strong data-start=\"2986\" data-end=\"2994\">Musc<\/strong> : une note douce et enveloppante qui \u00e9quilibre parfaitement la composition.<\/p>\n<\/li>\n<\/ul>\n<h3 data-start=\"3072\" data-end=\"3118\">\ud83c\udf1e <strong data-start=\"3075\" data-end=\"3116\">Pourquoi choisir la bougie Calanque ?<\/strong><\/h3>\n<ul data-start=\"3119\" data-end=\"3374\">\n<li class=\"\" data-start=\"3119\" data-end=\"3193\">\n<p class=\"\" data-start=\"3121\" data-end=\"3193\">Une ambiance fra\u00eeche et reposante, parfaite pour les moments de calme.<\/p>\n<\/li>\n<li class=\"\" data-start=\"3194\" data-end=\"3308\">\n<p class=\"\" data-start=\"3196\" data-end=\"3308\">Un objet d\u00e9coratif \u00e9l\u00e9gant qui s\u2019int\u00e8gre aussi bien aux int\u00e9rieurs minimalistes qu\u2019aux ambiances plus boh\u00e8mes.<\/p>\n<\/li>\n<li class=\"\" data-start=\"3309\" data-end=\"3374\">\n<p class=\"\" data-start=\"3311\" data-end=\"3374\">Une cr\u00e9ation artisanale, respectueuse du geste et des mati\u00e8res.<\/p>\n<\/li>\n<\/ul>\n<p class=\"\" data-start=\"3376\" data-end=\"3509\">Ajoutez une touche de <strong data-start=\"3398\" data-end=\"3426\">s\u00e9r\u00e9nit\u00e9 m\u00e9diterran\u00e9enne<\/strong> \u00e0 votre quotidien avec cette bougie d\u2019exception, \u00e0 la fois parfum\u00e9e et d\u00e9corative.<\/p>\n<p class=\"\" data-start=\"3511\" data-end=\"3593\">\ud83d\udc49 <strong data-start=\"3514\" data-end=\"3593\">Disponible d\u00e8s maintenant au prix de 95,00 <\/strong><\/p>\n<div class=\"icon_box_jmn\">\n<h4>Tailles disponibles en magasin (en cm)<\/h4>\n<\/div>\n<p><div class=\"column one-third mobile-one\"><div class=\"mcb-column-inner\"><div class=\"icon_box icon_position_top has_border\"><div class=\"icon_wrapper\"><div class=\"icon\"><i class=\"icon-bitbucket\" aria-hidden=\"true\"><\/i><\/div><\/div><div class=\"desc_wrapper\"><h4 class=\"title \">Max 10<\/h4><div class=\"desc\">95\u20ac<\/div><\/div><\/div>\n<\/div><\/div>\n<div class=\"column one-third mobile-one\"><div class=\"mcb-column-inner\"><div class=\"icon_box icon_position_top has_border\"><div class=\"icon_wrapper\"><div class=\"icon\"><i class=\"icon-bitbucket\" aria-hidden=\"true\"><\/i><\/div><\/div><div class=\"desc_wrapper\"><h4 class=\"title \">Max 16<\/h4><div class=\"desc\">130\u20ac<\/div><\/div><\/div>\n<\/div><\/div>\n<\/p>\n<p><div class=\"alert alert_error\"><div class=\"alert_icon\"><svg viewBox=\"0 0 28 28\"><defs><style>.path{fill:none;stroke:#000;stroke-miterlimit:10;stroke-width:1.5px;}<\/style><\/defs><g><circle cx=\"14\" cy=\"20\" r=\"0.33\" class=\"path\"\/><line x1=\"14\" y1=\"8.72\" x2=\"14\" y2=\"16.72\" class=\"path\"\/><path d=\"M12.6,3.42,1.54,22.58A1.61,1.61,0,0,0,2.93,25H25.07a1.61,1.61,0,0,0,1.39-2.42L15.4,3.42A1.61,1.61,0,0,0,12.6,3.42Z\" class=\"path\"\/><\/g><\/svg><\/div><div class=\"alert_wrapper\">Le montant affich\u00e9 peut \u00eatre modifi\u00e9 par le fournisseur sans que nous en soyons inform\u00e9s. Une diff\u00e9rence entre le prix affich\u00e9 ici et en magasin reste possible.<\/div><a href=\"#\" class=\"close mfn-close-icon\"><span class=\"icon\">\u2715<\/span><\/a><\/div>\n<div class=\"alert alert_info\"><div class=\"alert_icon\"><svg viewBox=\"0 0 28 28\"><defs><style>.path{fill:none;stroke:#000;stroke-miterlimit:10;stroke-width:1.5px;}<\/style><\/defs><g><circle class=\"path\" cx=\"14\" cy=\"14\" r=\"12\"\/><path class=\"path\" d=\"M11.2,9.12a3.4,3.4,0,0,1,3-1.69,2.84,2.84,0,0,1,3,2.76,3.16,3.16,0,0,1-.84,2.23c-.63.74-1.58,1.18-2.19,1.88a1,1,0,0,0-.26.64v2.32\"\/><circle class=\"path\" cx=\"14\" cy=\"20\" r=\"0.33\"\/><\/g><\/svg><\/div><div class=\"alert_wrapper\">Faites vos demandes particuli\u00e8res ou passez votre commande via ce formulaire <\/div><a href=\"#\" class=\"close mfn-close-icon\"><span class=\"icon\">\u2715<\/span><\/a><\/div>\n <a class=\"button  button_size_3\" href=\"https:\/\/tempsetor.be\/galerie\/ma-commande\/\"     target=\"_blank\"    title=\"\"><span class=\"button_label\">&gt; Formulaire<\/span><\/a>\n<\/p>\n","protected":false},"featured_media":8415,"template":"","meta":{"_monsterinsights_skip_tracking":false,"_monsterinsights_sitenote_active":false,"_monsterinsights_sitenote_note":"","_monsterinsights_sitenote_category":0},"product_brand":[],"product_cat":[903,1005],"product_tag":[],"class_list":{"0":"post-8413","1":"product","2":"type-product","3":"status-publish","4":"has-post-thumbnail","6":"product_cat-baobab","7":"product_cat-baobab-bougies","9":"first","10":"instock","11":"shipping-taxable","12":"purchasable","13":"product-type-simple"},"_links":{"self":[{"href":"https:\/\/tempsetor.be\/galerie\/wp-json\/wp\/v2\/product\/8413","targetHints":{"allow":["GET"]}}],"collection":[{"href":"https:\/\/tempsetor.be\/galerie\/wp-json\/wp\/v2\/product"}],"about":[{"href":"https:\/\/tempsetor.be\/galerie\/wp-json\/wp\/v2\/types\/product"}],"wp:featuredmedia":[{"embeddable":true,"href":"https:\/\/tempsetor.be\/galerie\/wp-json\/wp\/v2\/media\/8415"}],"wp:attachment":[{"href":"https:\/\/tempsetor.be\/galerie\/wp-json\/wp\/v2\/media?parent=8413"}],"wp:term":[{"taxonomy":"product_brand","embeddable":true,"href":"https:\/\/tempsetor.be\/galerie\/wp-json\/wp\/v2\/product_brand?post=8413"},{"taxonomy":"product_cat","embeddable":true,"href":"https:\/\/tempsetor.be\/galerie\/wp-json\/wp\/v2\/product_cat?post=8413"},{"taxonomy":"product_tag","embeddable":true,"href":"https:\/\/tempsetor.be\/galerie\/wp-json\/wp\/v2\/product_tag?post=8413"}],"curies":[{"name":"wp","href":"https:\/\/api.w.org\/{rel}","templated":true}]}}