{"id":8436,"date":"2025-06-23T15:25:59","date_gmt":"2025-06-23T13:25:59","guid":{"rendered":"https:\/\/tempsetor.be\/galerie\/?post_type=product&#038;p=8436"},"modified":"2025-06-23T15:38:07","modified_gmt":"2025-06-23T13:38:07","slug":"montre-hommes-bulova-mil-ships-98a324","status":"publish","type":"product","link":"https:\/\/tempsetor.be\/galerie\/produit\/montre-hommes-bulova-mil-ships-98a324\/","title":{"rendered":"Montre hommes Bulova &#8211; MIL-Ships &#8211; 98A324"},"content":{"rendered":"<p>Bulova MIL\u2011SHIPS Bronze 98A324 : bo\u00eetier bronze CuSn8 de 41\u202fmm, verre saphir double d\u00f4me, \u00e9tanch\u00e9it\u00e9 200\u202fm, mouvement automatique Miyota 83S0 (21 rubis, r\u00e9serve 60\u202fh), bracelet Cordura\u00ae\/caoutchouc vert, indicateur d\u2019humidit\u00e9.<\/p>\n","protected":false},"excerpt":{"rendered":"<p><img loading=\"lazy\" decoding=\"async\" class=\"wp-image-4746 size-full alignleft\" src=\"https:\/\/tempsetor.be\/galerie\/wp-content\/uploads\/2019\/07\/Bulova-150px.png\" alt=\"Bulova logo\" width=\"150\" height=\"28\" srcset=\"https:\/\/tempsetor.be\/galerie\/wp-content\/uploads\/2019\/07\/Bulova-150px.png 150w, https:\/\/tempsetor.be\/galerie\/wp-content\/uploads\/2019\/07\/Bulova-150px-50x9.png 50w\" sizes=\"auto, (max-width:767px) 150px, 150px\" \/><\/p>\n<p data-start=\"2860\" data-end=\"3367\">La <strong data-start=\"2863\" data-end=\"2897\">Bulova MIL\u2011SHIPS Bronze 98A324<\/strong> incarne la fusion parfaite entre h\u00e9ritage militaire, esth\u00e9tisme vintage et technologie moderne. Son bo\u00eetier en bronze massif CuSn8 de 41\u202fmm, sabl\u00e9, d\u00e9veloppe avec le temps une patine unique, conf\u00e9rant \u00e0 chaque mod\u00e8le une personnalit\u00e9 propre. Prot\u00e9g\u00e9 par un verre saphir \u00e0 double d\u00f4me trait\u00e9 anti\u2011reflet, le cadran kaki militaire r\u00e9v\u00e8le des aiguilles et index luminescents, accompagn\u00e9s d\u2019un indicateur d\u2019humidit\u00e9 bi\u2011couleur, clin d\u2019\u0153il aux montres de plong\u00e9e de la Navy.<\/p>\n<p data-start=\"3369\" data-end=\"3644\">Anim\u00e9e par le mouvement automatique Miyota 83S0 (21 rubis, 21\u202f600 A\/h, r\u00e9serve \u2265\u202f60\u202fh), cette plongeuse offre pr\u00e9cision et fiabilit\u00e9. La lunette unidirectionnelle en aluminium permet un usage pratique en immersion, renforc\u00e9 par une \u00e9tanch\u00e9it\u00e9 de 200\u202fm et une couronne viss\u00e9e.<\/p>\n<p data-start=\"3646\" data-end=\"4012\">Le bracelet vert hybride Cordura\u00ae\/caoutchouc, mont\u00e9 sur 18\u202fmm, associe robustesse et confort, parfait pour une vie d\u2019aventure. En fond, un bo\u00eetier viss\u00e9 grav\u00e9 pour le 150\u1d49 anniversaire, rappelle la dimension comm\u00e9morative de cette s\u00e9rie limit\u00e9e. Alliant histoire, robustesse et style, la MIL\u2011SHIPS 98A324 s\u00e9duira les amateurs de belles montres \u00e0 l\u2019esprit conqu\u00e9rant<\/p>\n<p>D\u00e9j\u00e0 garanties 2 ans, la bijouterie <strong>Temps &amp; OR<\/strong> vous apporte une confiance suppl\u00e9mentaire pour ces produits. Selon vos besoins, ces montres peuvent \u00eatre \u00e9galement r\u00e9serv\u00e9es \u00e0 la bijouterie. La mise \u00e0 mesure offerte ainsi qu&#8217;un emballage cadeau vous y seront propos\u00e9s.<\/p>\n<p><div class=\"alert alert_error\"><div class=\"alert_icon\"><svg viewBox=\"0 0 28 28\"><defs><style>.path{fill:none;stroke:#000;stroke-miterlimit:10;stroke-width:1.5px;}<\/style><\/defs><g><circle cx=\"14\" cy=\"20\" r=\"0.33\" class=\"path\"\/><line x1=\"14\" y1=\"8.72\" x2=\"14\" y2=\"16.72\" class=\"path\"\/><path d=\"M12.6,3.42,1.54,22.58A1.61,1.61,0,0,0,2.93,25H25.07a1.61,1.61,0,0,0,1.39-2.42L15.4,3.42A1.61,1.61,0,0,0,12.6,3.42Z\" class=\"path\"\/><\/g><\/svg><\/div><div class=\"alert_wrapper\">Le montant affich\u00e9 peut \u00eatre modifi\u00e9 par le fournisseur sans que nous en soyons inform\u00e9s. Une diff\u00e9rence entre le prix affich\u00e9 ici et en magasin reste possible.<\/div><a href=\"#\" class=\"close mfn-close-icon\"><span class=\"icon\">\u2715<\/span><\/a><\/div>\n<div class=\"alert alert_info\"><div class=\"alert_icon\"><svg viewBox=\"0 0 28 28\"><defs><style>.path{fill:none;stroke:#000;stroke-miterlimit:10;stroke-width:1.5px;}<\/style><\/defs><g><circle class=\"path\" cx=\"14\" cy=\"14\" r=\"12\"\/><path class=\"path\" d=\"M11.2,9.12a3.4,3.4,0,0,1,3-1.69,2.84,2.84,0,0,1,3,2.76,3.16,3.16,0,0,1-.84,2.23c-.63.74-1.58,1.18-2.19,1.88a1,1,0,0,0-.26.64v2.32\"\/><circle class=\"path\" cx=\"14\" cy=\"20\" r=\"0.33\"\/><\/g><\/svg><\/div><div class=\"alert_wrapper\">Faites vos demandes particuli\u00e8res ou passez votre commande via ce formulaire <\/div><a href=\"#\" class=\"close mfn-close-icon\"><span class=\"icon\">\u2715<\/span><\/a><\/div>\n <a class=\"button  button_size_3\" href=\"https:\/\/tempsetor.be\/galerie\/ma-commande\/\"     target=\"_blank\"    title=\"\"><span class=\"button_label\">&gt; Formulaire<\/span><\/a>\n<\/p>\n","protected":false},"featured_media":8438,"template":"","meta":{"_monsterinsights_skip_tracking":false,"_monsterinsights_sitenote_active":false,"_monsterinsights_sitenote_note":"","_monsterinsights_sitenote_category":0},"product_brand":[],"product_cat":[1216,40,39],"product_tag":[],"class_list":{"0":"post-8436","1":"product","2":"type-product","3":"status-publish","4":"has-post-thumbnail","6":"product_cat-bulova-hommes","7":"product_cat-montres-hommes","8":"product_cat-hommes","10":"first","11":"instock","12":"shipping-taxable","13":"purchasable","14":"product-type-simple"},"_links":{"self":[{"href":"https:\/\/tempsetor.be\/galerie\/wp-json\/wp\/v2\/product\/8436","targetHints":{"allow":["GET"]}}],"collection":[{"href":"https:\/\/tempsetor.be\/galerie\/wp-json\/wp\/v2\/product"}],"about":[{"href":"https:\/\/tempsetor.be\/galerie\/wp-json\/wp\/v2\/types\/product"}],"wp:featuredmedia":[{"embeddable":true,"href":"https:\/\/tempsetor.be\/galerie\/wp-json\/wp\/v2\/media\/8438"}],"wp:attachment":[{"href":"https:\/\/tempsetor.be\/galerie\/wp-json\/wp\/v2\/media?parent=8436"}],"wp:term":[{"taxonomy":"product_brand","embeddable":true,"href":"https:\/\/tempsetor.be\/galerie\/wp-json\/wp\/v2\/product_brand?post=8436"},{"taxonomy":"product_cat","embeddable":true,"href":"https:\/\/tempsetor.be\/galerie\/wp-json\/wp\/v2\/product_cat?post=8436"},{"taxonomy":"product_tag","embeddable":true,"href":"https:\/\/tempsetor.be\/galerie\/wp-json\/wp\/v2\/product_tag?post=8436"}],"curies":[{"name":"wp","href":"https:\/\/api.w.org\/{rel}","templated":true}]}}