{"id":8449,"date":"2025-07-09T14:39:09","date_gmt":"2025-07-09T12:39:09","guid":{"rendered":"https:\/\/tempsetor.be\/galerie\/?post_type=product&#038;p=8449"},"modified":"2025-07-10T00:36:56","modified_gmt":"2025-07-09T22:36:56","slug":"montre-dames-briston-kennedy-streamlier-hm-252025-pra-t-2-nt","status":"publish","type":"product","link":"https:\/\/tempsetor.be\/galerie\/produit\/montre-dames-briston-kennedy-streamlier-hm-252025-pra-t-2-nt\/","title":{"rendered":"Montre dames Briston &#8211; Kennedy Streamlier HM &#8211; 252025.PRA.T.2.NT"},"content":{"rendered":"<p>La Briston Streamliner Kennedy HM 25\u202fmm incarne l\u2019\u00e9l\u00e9gance discr\u00e8te : bo\u00eetier carr\u00e9 en acier poli et PVD or rose, c\u00f4t\u00e9s en ac\u00e9tate \u201ctortue\u201d, cadran blanc guilloch\u00e9, aiguilles luminescentes et mouvement quartz suisse Ronda 751. \u00c9tanche jusqu\u2019\u00e0 50\u202fm et munie d\u2019un bracelet NATO interchangeable, elle allie raffinement et polyvalence pour un quotidien styl\u00e9.<\/p>\n","protected":false},"excerpt":{"rendered":"<h3><img loading=\"lazy\" decoding=\"async\" class=\"wp-image-2750 size-full alignleft\" src=\"https:\/\/tempsetor.be\/galerie\/wp-content\/uploads\/2015\/04\/briston-1.jpg\" alt=\"\" width=\"150\" height=\"75\" \/><\/h3>\n<p data-start=\"1046\" data-end=\"1085\"><span class=\"relative -mx-px my-[-0.2rem] rounded px-px py-[0.2rem] transition-colors duration-100 ease-in-out\">La <strong data-start=\"3\" data-end=\"43\">Briston Streamliner Kennedy HM 25\u202fmm<\/strong> est une montre f\u00e9minine au charme sophistiqu\u00e9. Son bo\u00eetier carr\u00e9 (25\u202f\u00d7\u202f25\u202fmm, \u00e9paisseur 7,4\u202fmm) combine acier inoxydable poli 316L et finition PVD or rose, rehauss\u00e9 par des c\u00f4t\u00e9s en ac\u00e9tate de cellulose \u00ab\u202ftortue\u202f\u00bb faits main. Le verre bomb\u00e9 K1 ultra\u2011r\u00e9sistant de 1,7\u202fmm apporte \u00e9l\u00e9gance et durabilit\u00e9.<\/span><\/p>\n<p data-start=\"1087\" data-end=\"1126\"><span class=\"relative -mx-px my-[-0.2rem] rounded px-px py-[0.2rem] transition-colors duration-100 ease-in-out\">Le cadran blanc semi\u2011brillant \u00e0 double couche arbore des chiffres romains et arabes altern\u00e9s, une partie centrale guilloch\u00e9e subtilement cern\u00e9e d\u2019un chemin de fer, le tout illumin\u00e9 par des aiguilles dauphine en acier or rose, insert Super\u2011LumiNova\u202fC1, assurant une lisibilit\u00e9 dans la p\u00e9nombre.<\/span><\/p>\n<p data-start=\"1128\" data-end=\"1167\"><span class=\"relative -mx-px my-[-0.2rem] rounded px-px py-[0.2rem] transition-colors duration-100 ease-in-out\">Au c\u0153ur de cette montre bat un mouvement quartz suisse Ronda Normtech\u202f751, fiable et pr\u00e9cis, garantissant environ 7 ans d\u2019autonomie sur pile Renata\u202f379. Les indications se limitent aux heures et minutes pour une lecture tout en simplicit\u00e9.<\/span><\/p>\n<p data-start=\"1169\" data-end=\"1208\"><span class=\"relative -mx-px my-[-0.2rem] rounded px-px py-[0.2rem] transition-colors duration-100 ease-in-out\">\u00c9tanche jusqu\u2019\u00e0 50\u202fm (5\u202fATM) et \u00e9quip\u00e9e d\u2019un bracelet NATO beige interchangeable de 12\u202fmm, avec boucle ardillon acier poli estampill\u00e9e Briston, la Kennedy HM est \u00e0 la fois l\u00e9g\u00e8re, pratique et personnalisable selon vos envies.<\/span><\/p>\n<p><div class=\"alert alert_error\"><div class=\"alert_icon\"><svg viewBox=\"0 0 28 28\"><defs><style>.path{fill:none;stroke:#000;stroke-miterlimit:10;stroke-width:1.5px;}<\/style><\/defs><g><circle cx=\"14\" cy=\"20\" r=\"0.33\" class=\"path\"\/><line x1=\"14\" y1=\"8.72\" x2=\"14\" y2=\"16.72\" class=\"path\"\/><path d=\"M12.6,3.42,1.54,22.58A1.61,1.61,0,0,0,2.93,25H25.07a1.61,1.61,0,0,0,1.39-2.42L15.4,3.42A1.61,1.61,0,0,0,12.6,3.42Z\" class=\"path\"\/><\/g><\/svg><\/div><div class=\"alert_wrapper\">Le montant affich\u00e9 peut \u00eatre modifi\u00e9 par le fournisseur sans que nous en soyons inform\u00e9s. Une diff\u00e9rence entre le prix affich\u00e9 ici et en magasin reste possible.<\/div><a href=\"#\" class=\"close mfn-close-icon\"><span class=\"icon\">\u2715<\/span><\/a><\/div>\n<div class=\"alert alert_info\"><div class=\"alert_icon\"><svg viewBox=\"0 0 28 28\"><defs><style>.path{fill:none;stroke:#000;stroke-miterlimit:10;stroke-width:1.5px;}<\/style><\/defs><g><circle class=\"path\" cx=\"14\" cy=\"14\" r=\"12\"\/><path class=\"path\" d=\"M11.2,9.12a3.4,3.4,0,0,1,3-1.69,2.84,2.84,0,0,1,3,2.76,3.16,3.16,0,0,1-.84,2.23c-.63.74-1.58,1.18-2.19,1.88a1,1,0,0,0-.26.64v2.32\"\/><circle class=\"path\" cx=\"14\" cy=\"20\" r=\"0.33\"\/><\/g><\/svg><\/div><div class=\"alert_wrapper\">Faites vos demandes particuli\u00e8res ou passez votre commande via ce formulaire <\/div><a href=\"#\" class=\"close mfn-close-icon\"><span class=\"icon\">\u2715<\/span><\/a><\/div>\n <a class=\"button  button_size_3\" href=\"https:\/\/tempsetor.be\/galerie\/ma-commande\/\"     target=\"_blank\"    title=\"\"><span class=\"button_label\">&gt; Formulaire<\/span><\/a>\n<\/p>\n","protected":false},"featured_media":8451,"template":"","meta":{"_monsterinsights_skip_tracking":false,"_monsterinsights_sitenote_active":false,"_monsterinsights_sitenote_note":"","_monsterinsights_sitenote_category":0},"product_brand":[],"product_cat":[56,28,27],"product_tag":[],"class_list":{"0":"post-8449","1":"product","2":"type-product","3":"status-publish","4":"has-post-thumbnail","6":"product_cat-briston-dames","7":"product_cat-montres-dames","8":"product_cat-dames","10":"first","11":"instock","12":"shipping-taxable","13":"purchasable","14":"product-type-simple"},"_links":{"self":[{"href":"https:\/\/tempsetor.be\/galerie\/wp-json\/wp\/v2\/product\/8449","targetHints":{"allow":["GET"]}}],"collection":[{"href":"https:\/\/tempsetor.be\/galerie\/wp-json\/wp\/v2\/product"}],"about":[{"href":"https:\/\/tempsetor.be\/galerie\/wp-json\/wp\/v2\/types\/product"}],"wp:featuredmedia":[{"embeddable":true,"href":"https:\/\/tempsetor.be\/galerie\/wp-json\/wp\/v2\/media\/8451"}],"wp:attachment":[{"href":"https:\/\/tempsetor.be\/galerie\/wp-json\/wp\/v2\/media?parent=8449"}],"wp:term":[{"taxonomy":"product_brand","embeddable":true,"href":"https:\/\/tempsetor.be\/galerie\/wp-json\/wp\/v2\/product_brand?post=8449"},{"taxonomy":"product_cat","embeddable":true,"href":"https:\/\/tempsetor.be\/galerie\/wp-json\/wp\/v2\/product_cat?post=8449"},{"taxonomy":"product_tag","embeddable":true,"href":"https:\/\/tempsetor.be\/galerie\/wp-json\/wp\/v2\/product_tag?post=8449"}],"curies":[{"name":"wp","href":"https:\/\/api.w.org\/{rel}","templated":true}]}}