{"id":8467,"date":"2025-07-26T13:51:49","date_gmt":"2025-07-26T11:51:49","guid":{"rendered":"https:\/\/tempsetor.be\/galerie\/?post_type=product&#038;p=8467"},"modified":"2025-07-26T18:16:05","modified_gmt":"2025-07-26T16:16:05","slug":"montre-hommes-raidillon-curve-c10-3007","status":"publish","type":"product","link":"https:\/\/tempsetor.be\/galerie\/produit\/montre-hommes-raidillon-curve-c10-3007\/","title":{"rendered":"Montre hommes Raidillon &#8211; CURVE-C10-3007"},"content":{"rendered":"<p>Raidillon Curve\u202fC10\u20113007 : une montre chronographe automatique limit\u00e9e \u00e0 55 pi\u00e8ces, avec cadran vert \u00e0 rayures, mouvement Sellita SW500 (62\u202fh de r\u00e9serve de marche), guichet jour\u2011date, bracelet Rally en cuir noir. Bo\u00eetier 41\u202fmm \u00e9tanche 10\u202fATM, verre saphir antireflet. Prix : 4\u202f550\u202f\u20ac.<\/p>\n","protected":false},"excerpt":{"rendered":"<p><img loading=\"lazy\" decoding=\"async\" class=\"size-full wp-image-2753 alignleft\" src=\"https:\/\/tempsetor.be\/galerie\/wp-content\/uploads\/2015\/04\/raidillon.jpg\" alt=\"\" width=\"150\" height=\"75\" srcset=\"https:\/\/tempsetor.be\/galerie\/wp-content\/uploads\/2015\/04\/raidillon.jpg 150w, https:\/\/tempsetor.be\/galerie\/wp-content\/uploads\/2015\/04\/raidillon-50x25.jpg 50w\" sizes=\"auto, (max-width:767px) 150px, 150px\" \/><\/p>\n<h3 data-start=\"2370\" data-end=\"2452\">Montre automatique <strong data-start=\"2389\" data-end=\"2417\">Raidillon Curve\u202fC10\u20113007<\/strong> \u2022 \u00c9dition limit\u00e9e \u00e0 55 exemplaires<\/h3>\n<p data-start=\"2454\" data-end=\"2865\">Inspir\u00e9e par la victoire historique de l\u2019Aston Martin #007 au 24 Heures de Spa, cette montre chronographe incarne l\u2019\u00e9l\u00e9gance et la performance au masculin. Son bo\u00eetier en acier inoxydable bross\u00e9 de 41\u202fmm, accompagn\u00e9 d\u2019une plaque num\u00e9rot\u00e9e, met en valeur un cadran vert rehauss\u00e9 de rayures diagonales et de compteurs blancs. Les touches jaunes et la trotteuse rouge \u00e9voquent le dynamisme de la course automobile.<\/p>\n<p data-start=\"2867\" data-end=\"3205\">Le verre saphir \u00e0 double traitement antireflet garantit une lisibilit\u00e9 optimale. Les aiguilles facett\u00e9es argent\u00e9es des heures et minutes sont luminescentes. Le mouvement automatique suisse Sellita SW500, avec 25 rubis, offre une r\u00e9serve de marche d\u2019environ 62\u202fh et int\u00e8gre un chronographe ainsi qu\u2019un guichet affichant jour et date \u00e0 3\u202fh.<\/p>\n<p data-start=\"3207\" data-end=\"3444\">Avec une \u00e9tanch\u00e9it\u00e9 de 10 ATM, cette montre associe robustesse et finesse. Le bracelet en cuir Rally noir \u00e0 coutures blanches, \u00e9quip\u00e9 d\u2019une boucle d\u00e9ployante avec extension de confort grav\u00e9e Raidillon, assure un port raffin\u00e9 et s\u00e9curis\u00e9.<\/p>\n<p data-start=\"3446\" data-end=\"3643\">Chaque mod\u00e8le est livr\u00e9 dans un coffret premium, accompagn\u00e9 d\u2019une garantie de 3 ans. Pi\u00e8ce rare, elle allie le raffinement du design belge \u00e0 l\u2019excellence de l\u2019horlogerie suisse.<\/p>\n<p>D\u00e9j\u00e0 garanties 2 ans, la bijouterie <strong>Temps &amp; OR<\/strong> vous apporte une confiance suppl\u00e9mentaire pour ces produits. Selon vos besoins, ces montres peuvent \u00eatre \u00e9galement r\u00e9serv\u00e9es \u00e0 la bijouterie. La mise \u00e0 mesure offerte ainsi qu&#8217;un emballage cadeau vous y seront propos\u00e9s.<\/p>\n<p><div class=\"alert alert_error\"><div class=\"alert_icon\"><svg viewBox=\"0 0 28 28\"><defs><style>.path{fill:none;stroke:#000;stroke-miterlimit:10;stroke-width:1.5px;}<\/style><\/defs><g><circle cx=\"14\" cy=\"20\" r=\"0.33\" class=\"path\"\/><line x1=\"14\" y1=\"8.72\" x2=\"14\" y2=\"16.72\" class=\"path\"\/><path d=\"M12.6,3.42,1.54,22.58A1.61,1.61,0,0,0,2.93,25H25.07a1.61,1.61,0,0,0,1.39-2.42L15.4,3.42A1.61,1.61,0,0,0,12.6,3.42Z\" class=\"path\"\/><\/g><\/svg><\/div><div class=\"alert_wrapper\">Le montant affich\u00e9 peut \u00eatre modifi\u00e9 par le fournisseur sans que nous en soyons inform\u00e9s. Une diff\u00e9rence entre le prix affich\u00e9 ici et en magasin reste possible.<\/div><a href=\"#\" class=\"close mfn-close-icon\"><span class=\"icon\">\u2715<\/span><\/a><\/div>\n<div class=\"alert alert_info\"><div class=\"alert_icon\"><svg viewBox=\"0 0 28 28\"><defs><style>.path{fill:none;stroke:#000;stroke-miterlimit:10;stroke-width:1.5px;}<\/style><\/defs><g><circle class=\"path\" cx=\"14\" cy=\"14\" r=\"12\"\/><path class=\"path\" d=\"M11.2,9.12a3.4,3.4,0,0,1,3-1.69,2.84,2.84,0,0,1,3,2.76,3.16,3.16,0,0,1-.84,2.23c-.63.74-1.58,1.18-2.19,1.88a1,1,0,0,0-.26.64v2.32\"\/><circle class=\"path\" cx=\"14\" cy=\"20\" r=\"0.33\"\/><\/g><\/svg><\/div><div class=\"alert_wrapper\">Faites vos demandes particuli\u00e8res ou passez votre commande via ce formulaire <\/div><a href=\"#\" class=\"close mfn-close-icon\"><span class=\"icon\">\u2715<\/span><\/a><\/div>\n <a class=\"button  button_size_3\" href=\"https:\/\/tempsetor.be\/galerie\/ma-commande\/\"     target=\"_blank\"    title=\"\"><span class=\"button_label\">&gt; Formulaire<\/span><\/a>\n<\/p>\n","protected":false},"featured_media":8468,"template":"","meta":{"_monsterinsights_skip_tracking":false,"_monsterinsights_sitenote_active":false,"_monsterinsights_sitenote_note":"","_monsterinsights_sitenote_category":0},"product_brand":[],"product_cat":[40,39,69],"product_tag":[],"class_list":{"0":"post-8467","1":"product","2":"type-product","3":"status-publish","4":"has-post-thumbnail","6":"product_cat-montres-hommes","7":"product_cat-hommes","8":"product_cat-raidillon-hommes","10":"first","11":"instock","12":"shipping-taxable","13":"purchasable","14":"product-type-simple"},"_links":{"self":[{"href":"https:\/\/tempsetor.be\/galerie\/wp-json\/wp\/v2\/product\/8467","targetHints":{"allow":["GET"]}}],"collection":[{"href":"https:\/\/tempsetor.be\/galerie\/wp-json\/wp\/v2\/product"}],"about":[{"href":"https:\/\/tempsetor.be\/galerie\/wp-json\/wp\/v2\/types\/product"}],"wp:featuredmedia":[{"embeddable":true,"href":"https:\/\/tempsetor.be\/galerie\/wp-json\/wp\/v2\/media\/8468"}],"wp:attachment":[{"href":"https:\/\/tempsetor.be\/galerie\/wp-json\/wp\/v2\/media?parent=8467"}],"wp:term":[{"taxonomy":"product_brand","embeddable":true,"href":"https:\/\/tempsetor.be\/galerie\/wp-json\/wp\/v2\/product_brand?post=8467"},{"taxonomy":"product_cat","embeddable":true,"href":"https:\/\/tempsetor.be\/galerie\/wp-json\/wp\/v2\/product_cat?post=8467"},{"taxonomy":"product_tag","embeddable":true,"href":"https:\/\/tempsetor.be\/galerie\/wp-json\/wp\/v2\/product_tag?post=8467"}],"curies":[{"name":"wp","href":"https:\/\/api.w.org\/{rel}","templated":true}]}}