{"id":8494,"date":"2025-08-30T17:06:12","date_gmt":"2025-08-30T15:06:12","guid":{"rendered":"https:\/\/tempsetor.be\/galerie\/?post_type=product&#038;p=8494"},"modified":"2025-08-30T17:17:52","modified_gmt":"2025-08-30T15:17:52","slug":"montre-hommes-hamilton-jazzmaster-open-heart-h32675140","status":"publish","type":"product","link":"https:\/\/tempsetor.be\/galerie\/produit\/montre-hommes-hamilton-jazzmaster-open-heart-h32675140\/","title":{"rendered":"Montre hommes Hamilton &#8211;  Jazzmaster Open Heart &#8211; H32675140"},"content":{"rendered":"<p>Hamilton Jazzmaster Open Heart Auto (r\u00e9f. H32675140) : montre automatique de 40\u202fmm au design raffin\u00e9, dot\u00e9 d\u2019un cadran bleu fum\u00e9 avec ouverture sur le mouvement H\u201110 (r\u00e9serve de marche de 80\u202fh), verre saphir antireflet, bracelet acier, \u00e9tanche 50\u202fm.<\/p>\n","protected":false},"excerpt":{"rendered":"<p><img loading=\"lazy\" decoding=\"async\" class=\"size-full wp-image-5425 alignleft\" src=\"https:\/\/www.tempsetor.be\/galerie\/wp-content\/uploads\/2020\/12\/Hamilton.png\" alt=\"logo Hamilton\" width=\"150\" height=\"29\" srcset=\"https:\/\/tempsetor.be\/galerie\/wp-content\/uploads\/2020\/12\/Hamilton.png 150w, https:\/\/tempsetor.be\/galerie\/wp-content\/uploads\/2020\/12\/Hamilton-50x10.png 50w\" sizes=\"auto, (max-width:767px) 150px, 150px\" \/><\/p>\n<h1 class=\"page-title large\"><\/h1>\n<div class=\"product-main-attributes\">\n<p data-start=\"3600\" data-end=\"4050\">Hamilton Jazzmaster Open Heart Auto, r\u00e9f\u00e9rence H32675140, assemble avec \u00e9l\u00e9gance esth\u00e9tique contemporaine et m\u00e9canique haut de gamme. Arborant un bo\u00eetier rond en acier inoxydable poli de 40\u202fmm de diam\u00e8tre et 11,05\u202fmm d\u2019\u00e9paisseur, cette montre incarne \u00e0 la fois finesse et robustesse. Son cadran bleu fum\u00e9, trait\u00e9 antireflet et prot\u00e9g\u00e9 par un verre saphir, r\u00e9v\u00e8le subtilement le mouvement \u00e0 travers des d\u00e9coupes d\u00e9licatement pr\u00e9cises (\u00ab open heart \u00bb).<\/p>\n<p data-start=\"4052\" data-end=\"4410\">Anim\u00e9e par le calibre automatique H\u201110, cette montre offre une r\u00e9serve de marche remarquable de 80\u202fheures. Ce mouvement int\u00e8gre un spiral Nivachron, gage d\u2019une excellente pr\u00e9cision et d\u2019une r\u00e9sistance accrue aux champs magn\u00e9tiques. Le fond viss\u00e9 transparent laisse entrevoir l\u2019architecture m\u00e9canique, renfor\u00e7ant l\u2019exp\u00e9rience visuelle et technique de l\u2019objet.<\/p>\n<p data-start=\"4412\" data-end=\"4756\">La montre est mont\u00e9e sur un bracelet en acier inoxydable bross\u00e9 et poli, avec boucle d\u00e9ployante papillon et maillons de 20\u202fmm, pour un port\u00e9 confortable et ajust\u00e9. Elle est \u00e9tanche jusqu\u2019\u00e0 5\u202fbar (50\u202fm), suffisamment fiable pour une vie quotidienne sans concession. L\u2019ensemble combine harmonieusement horlogerie sophistiqu\u00e9e et design s\u00e9duisant.<\/p>\n<\/div>\n<p><div class=\"alert alert_error\"><div class=\"alert_icon\"><svg viewBox=\"0 0 28 28\"><defs><style>.path{fill:none;stroke:#000;stroke-miterlimit:10;stroke-width:1.5px;}<\/style><\/defs><g><circle cx=\"14\" cy=\"20\" r=\"0.33\" class=\"path\"\/><line x1=\"14\" y1=\"8.72\" x2=\"14\" y2=\"16.72\" class=\"path\"\/><path d=\"M12.6,3.42,1.54,22.58A1.61,1.61,0,0,0,2.93,25H25.07a1.61,1.61,0,0,0,1.39-2.42L15.4,3.42A1.61,1.61,0,0,0,12.6,3.42Z\" class=\"path\"\/><\/g><\/svg><\/div><div class=\"alert_wrapper\">Le montant affich\u00e9 peut \u00eatre modifi\u00e9 par le fournisseur sans que nous en soyons inform\u00e9s. Une diff\u00e9rence entre le prix affich\u00e9 ici et en magasin reste possible.<\/div><a href=\"#\" class=\"close mfn-close-icon\"><span class=\"icon\">\u2715<\/span><\/a><\/div>\n<div class=\"alert alert_info\"><div class=\"alert_icon\"><svg viewBox=\"0 0 28 28\"><defs><style>.path{fill:none;stroke:#000;stroke-miterlimit:10;stroke-width:1.5px;}<\/style><\/defs><g><circle class=\"path\" cx=\"14\" cy=\"14\" r=\"12\"\/><path class=\"path\" d=\"M11.2,9.12a3.4,3.4,0,0,1,3-1.69,2.84,2.84,0,0,1,3,2.76,3.16,3.16,0,0,1-.84,2.23c-.63.74-1.58,1.18-2.19,1.88a1,1,0,0,0-.26.64v2.32\"\/><circle class=\"path\" cx=\"14\" cy=\"20\" r=\"0.33\"\/><\/g><\/svg><\/div><div class=\"alert_wrapper\">Faites vos demandes particuli\u00e8res ou passez votre commande via ce formulaire <\/div><a href=\"#\" class=\"close mfn-close-icon\"><span class=\"icon\">\u2715<\/span><\/a><\/div>\n <a class=\"button  button_size_3\" href=\"https:\/\/tempsetor.be\/galerie\/ma-commande\/\"     target=\"_blank\"    title=\"\"><span class=\"button_label\">&gt; Formulaire<\/span><\/a>\n<\/p>\n","protected":false},"featured_media":8495,"template":"","meta":{"_monsterinsights_skip_tracking":false,"_monsterinsights_sitenote_active":false,"_monsterinsights_sitenote_note":"","_monsterinsights_sitenote_category":0},"product_brand":[],"product_cat":[1628,40,39],"product_tag":[],"class_list":{"0":"post-8494","1":"product","2":"type-product","3":"status-publish","4":"has-post-thumbnail","6":"product_cat-hamilton-hommes","7":"product_cat-montres-hommes","8":"product_cat-hommes","10":"first","11":"instock","12":"shipping-taxable","13":"purchasable","14":"product-type-simple"},"_links":{"self":[{"href":"https:\/\/tempsetor.be\/galerie\/wp-json\/wp\/v2\/product\/8494","targetHints":{"allow":["GET"]}}],"collection":[{"href":"https:\/\/tempsetor.be\/galerie\/wp-json\/wp\/v2\/product"}],"about":[{"href":"https:\/\/tempsetor.be\/galerie\/wp-json\/wp\/v2\/types\/product"}],"wp:featuredmedia":[{"embeddable":true,"href":"https:\/\/tempsetor.be\/galerie\/wp-json\/wp\/v2\/media\/8495"}],"wp:attachment":[{"href":"https:\/\/tempsetor.be\/galerie\/wp-json\/wp\/v2\/media?parent=8494"}],"wp:term":[{"taxonomy":"product_brand","embeddable":true,"href":"https:\/\/tempsetor.be\/galerie\/wp-json\/wp\/v2\/product_brand?post=8494"},{"taxonomy":"product_cat","embeddable":true,"href":"https:\/\/tempsetor.be\/galerie\/wp-json\/wp\/v2\/product_cat?post=8494"},{"taxonomy":"product_tag","embeddable":true,"href":"https:\/\/tempsetor.be\/galerie\/wp-json\/wp\/v2\/product_tag?post=8494"}],"curies":[{"name":"wp","href":"https:\/\/api.w.org\/{rel}","templated":true}]}}