{"id":8554,"date":"2025-09-24T13:39:07","date_gmt":"2025-09-24T11:39:07","guid":{"rendered":"https:\/\/tempsetor.be\/galerie\/?post_type=product&#038;p=8554"},"modified":"2025-09-24T13:47:54","modified_gmt":"2025-09-24T11:47:54","slug":"montre-hommes-orient-ra-ar0012n","status":"publish","type":"product","link":"https:\/\/tempsetor.be\/galerie\/produit\/montre-hommes-orient-ra-ar0012n\/","title":{"rendered":"Montre hommes &#8211; Orient &#8211; RA-AR0012N"},"content":{"rendered":"<p data-start=\"3062\" data-end=\"3376\">Montre pour homme automatique en \u00e9dition limit\u00e9e (2 800 ex.) : <strong data-start=\"4421\" data-end=\"4445\">Orient RA-AR0012N30B<\/strong>, bo\u00eetier acier de 40,8 mm, cadran gris \u201copen heart\u201d, mouvement F6S22 (24 rubis, 40 h de r\u00e9serve), verre saphir, bracelet acier 22 mm, \u00e9tanche 5 bar.<\/p>\n","protected":false},"excerpt":{"rendered":"<p><img loading=\"lazy\" decoding=\"async\" class=\"alignleft wp-image-6593\" src=\"https:\/\/tempsetor.be\/galerie\/wp-content\/uploads\/2022\/11\/Orient-logo.jpg\" alt=\"Orient logo\" width=\"151\" height=\"79\" srcset=\"https:\/\/tempsetor.be\/galerie\/wp-content\/uploads\/2022\/11\/Orient-logo.jpg 191w, https:\/\/tempsetor.be\/galerie\/wp-content\/uploads\/2022\/11\/Orient-logo-50x26.jpg 50w, https:\/\/tempsetor.be\/galerie\/wp-content\/uploads\/2022\/11\/Orient-logo-143x75.jpg 143w\" sizes=\"auto, (max-width:767px) 151px, 151px\" \/><\/p>\n<p data-start=\"4693\" data-end=\"4932\">Orient pr\u00e9sente la RA-AR0012N30B, une montre pour homme en <strong data-start=\"4752\" data-end=\"4791\">\u00e9dition limit\u00e9e (2 800 exemplaires)<\/strong> en hommage \u00e0 ses 75 ans. Elle appartient \u00e0 la collection Stretto \/ Contemporary \u201cOpen Heart\u201d, alliant tradition horlog\u00e8re et design moderne.<\/p>\n<p data-start=\"4934\" data-end=\"5345\">Le bo\u00eetier est en acier inoxydable poli\/matifi\u00e9, d\u2019un diam\u00e8tre de 40,8 mm (axe 3h-9h), avec une \u00e9paisseur d\u2019environ 10,9 mm. La distance corne \u00e0 corne est de ~ 48 mm, ce qui lui conf\u00e8re une silhouette \u00e9quilibr\u00e9e sur le poignet. Le fond est transparent, laissant appara\u00eetre le rotor et les m\u00e9canismes int\u00e9rieurs, et inscrit \u201cOrient Since 1950 75th Anniversary\u201d avec num\u00e9ro de s\u00e9rie unique.<\/p>\n<p data-start=\"5347\" data-end=\"5689\">Le cadran adopte une teinte grise \u00e9l\u00e9gante, avec index appliqu\u00e9s et aiguilles luminescentes pour une lisibilit\u00e9 en lumi\u00e8re faible. Une ouverture \u201copen heart\u201d d\u00e9voile une partie du balancier, ajoutant une dimension visuelle intrigante. Le verre en cristal de saphir recouvre le cadran, assurant une r\u00e9sistance aux rayures.<\/p>\n<p data-start=\"6037\" data-end=\"6235\">\u00c9tanche \u00e0 5 bar (50 m\u00e8tres), cette montre r\u00e9siste efficacement aux \u00e9claboussures, \u00e0 la pluie et \u00e0 un usage quotidien classique, mais n\u2019est pas pr\u00e9vue pour des immersions prolong\u00e9es.<\/p>\n<p data-start=\"6237\" data-end=\"6487\">Le bracelet est en acier inoxydable \u00e0 maillons, d\u2019une largeur de 22 mm entre les cornes. Il se termine par un fermoir d\u00e9ployant avec boutons poussoirs (push-button deployant), assurant s\u00e9curit\u00e9 et facilit\u00e9 de mise en place.<\/p>\n<p>D\u00e9j\u00e0 garanties 2 ans, le service apr\u00e8s-vente de la bijouterie <strong>Temps &amp; OR<\/strong> vous apporte une confiance suppl\u00e9mentaire pour ces produits. Selon vos besoins, ces montres peuvent \u00eatre par ailleurs r\u00e9serv\u00e9es \u00e0 la bijouterie. La mise \u00e0 mesure offerte ainsi qu&#8217;un emballage cadeau vous y seront propos\u00e9s.<\/p>\n<p><div class=\"alert alert_error\"><div class=\"alert_icon\"><svg viewBox=\"0 0 28 28\"><defs><style>.path{fill:none;stroke:#000;stroke-miterlimit:10;stroke-width:1.5px;}<\/style><\/defs><g><circle cx=\"14\" cy=\"20\" r=\"0.33\" class=\"path\"\/><line x1=\"14\" y1=\"8.72\" x2=\"14\" y2=\"16.72\" class=\"path\"\/><path d=\"M12.6,3.42,1.54,22.58A1.61,1.61,0,0,0,2.93,25H25.07a1.61,1.61,0,0,0,1.39-2.42L15.4,3.42A1.61,1.61,0,0,0,12.6,3.42Z\" class=\"path\"\/><\/g><\/svg><\/div><div class=\"alert_wrapper\">Le montant affich\u00e9 peut \u00eatre modifi\u00e9 par le fournisseur sans que nous en soyons inform\u00e9s. Une diff\u00e9rence entre le prix affich\u00e9 ici et en magasin reste possible.<\/div><a href=\"#\" class=\"close mfn-close-icon\"><span class=\"icon\">\u2715<\/span><\/a><\/div>\n<div class=\"alert alert_info\"><div class=\"alert_icon\"><svg viewBox=\"0 0 28 28\"><defs><style>.path{fill:none;stroke:#000;stroke-miterlimit:10;stroke-width:1.5px;}<\/style><\/defs><g><circle class=\"path\" cx=\"14\" cy=\"14\" r=\"12\"\/><path class=\"path\" d=\"M11.2,9.12a3.4,3.4,0,0,1,3-1.69,2.84,2.84,0,0,1,3,2.76,3.16,3.16,0,0,1-.84,2.23c-.63.74-1.58,1.18-2.19,1.88a1,1,0,0,0-.26.64v2.32\"\/><circle class=\"path\" cx=\"14\" cy=\"20\" r=\"0.33\"\/><\/g><\/svg><\/div><div class=\"alert_wrapper\">Faites vos demandes particuli\u00e8res ou passez votre commande via ce formulaire <\/div><a href=\"#\" class=\"close mfn-close-icon\"><span class=\"icon\">\u2715<\/span><\/a><\/div>\n <a class=\"button  button_size_3\" href=\"https:\/\/tempsetor.be\/galerie\/ma-commande\/\"     target=\"_blank\"    title=\"\"><span class=\"button_label\">&gt; Formulaire<\/span><\/a>\n<\/p>\n","protected":false},"featured_media":8555,"template":"","meta":{"_monsterinsights_skip_tracking":false,"_monsterinsights_sitenote_active":false,"_monsterinsights_sitenote_note":"","_monsterinsights_sitenote_category":0},"product_brand":[],"product_cat":[40,2096,39],"product_tag":[],"class_list":{"0":"post-8554","1":"product","2":"type-product","3":"status-publish","4":"has-post-thumbnail","6":"product_cat-montres-hommes","7":"product_cat-orient-hommes","8":"product_cat-hommes","10":"first","11":"instock","12":"shipping-taxable","13":"purchasable","14":"product-type-simple"},"_links":{"self":[{"href":"https:\/\/tempsetor.be\/galerie\/wp-json\/wp\/v2\/product\/8554","targetHints":{"allow":["GET"]}}],"collection":[{"href":"https:\/\/tempsetor.be\/galerie\/wp-json\/wp\/v2\/product"}],"about":[{"href":"https:\/\/tempsetor.be\/galerie\/wp-json\/wp\/v2\/types\/product"}],"wp:featuredmedia":[{"embeddable":true,"href":"https:\/\/tempsetor.be\/galerie\/wp-json\/wp\/v2\/media\/8555"}],"wp:attachment":[{"href":"https:\/\/tempsetor.be\/galerie\/wp-json\/wp\/v2\/media?parent=8554"}],"wp:term":[{"taxonomy":"product_brand","embeddable":true,"href":"https:\/\/tempsetor.be\/galerie\/wp-json\/wp\/v2\/product_brand?post=8554"},{"taxonomy":"product_cat","embeddable":true,"href":"https:\/\/tempsetor.be\/galerie\/wp-json\/wp\/v2\/product_cat?post=8554"},{"taxonomy":"product_tag","embeddable":true,"href":"https:\/\/tempsetor.be\/galerie\/wp-json\/wp\/v2\/product_tag?post=8554"}],"curies":[{"name":"wp","href":"https:\/\/api.w.org\/{rel}","templated":true}]}}