{"id":8602,"date":"2025-10-14T20:50:41","date_gmt":"2025-10-14T18:50:41","guid":{"rendered":"https:\/\/tempsetor.be\/galerie\/?post_type=product&#038;p=8602"},"modified":"2025-10-14T20:56:48","modified_gmt":"2025-10-14T18:56:48","slug":"montre-hommes-festina-vallee-f22003-2","status":"publish","type":"product","link":"https:\/\/tempsetor.be\/galerie\/produit\/montre-hommes-festina-vallee-f22003-2\/","title":{"rendered":"Montre hommes &#8211; Festina &#8211; Vall\u00e9e &#8211; F22003\/2"},"content":{"rendered":"<p>Festina Vall\u00e9e F22001\/4 : montre homme alliant design sportif et pr\u00e9cision, avec bo\u00eetier acier 42\u202fmm, verre saphir, mouvement quartz Ronda\u202f715, \u00e9tanch\u00e9it\u00e9 100\u202fm et bracelet en silicone.<\/p>\n","protected":false},"excerpt":{"rendered":"<p><img loading=\"lazy\" decoding=\"async\" class=\"wp-image-4096 size-full alignleft\" src=\"https:\/\/tempsetor.be\/galerie\/wp-content\/uploads\/2018\/11\/festina.png\" alt=\"logo Festina\" width=\"150\" height=\"92\" srcset=\"https:\/\/tempsetor.be\/galerie\/wp-content\/uploads\/2018\/11\/festina.png 150w, https:\/\/tempsetor.be\/galerie\/wp-content\/uploads\/2018\/11\/festina-50x31.png 50w, https:\/\/tempsetor.be\/galerie\/wp-content\/uploads\/2018\/11\/festina-122x75.png 122w\" sizes=\"auto, (max-width:767px) 150px, 150px\" \/><\/p>\n<p data-start=\"4497\" data-end=\"5027\">La Festina Vall\u00e9e F22001\/4 s\u2019impose comme une montre masculine moderne o\u00f9 l\u2019\u00e9quilibre entre robustesse et finesse est parfaitement ma\u00eetris\u00e9. Son bo\u00eetier en acier inoxydable de 42\u202fmm de diam\u00e8tre et environ 11\u202fmm d\u2019\u00e9paisseur conf\u00e8re une pr\u00e9sence affirm\u00e9e au poignet, sans exc\u00e8s. Le cadran noir, prot\u00e9g\u00e9 par un verre saphir, offre un contraste \u00e9l\u00e9gant avec les index et aiguilles argent\u00e9s rev\u00eatus de mati\u00e8re luminescente, assurant une lecture claire, m\u00eame dans l\u2019obscurit\u00e9. Le fond viss\u00e9 ajoute une touche de s\u00e9curit\u00e9 et de finition.<\/p>\n<p data-start=\"5029\" data-end=\"5293\">Le mouvement quartz Ronda\u202f715 (\u00e0 3 aiguilles + date) \u00e9quipe ce mod\u00e8le : ce calibre performant offre une grande fiabilit\u00e9, une fonction de stop\u2011secondes (hacking) et une autonomie de pile estim\u00e9e \u00e0 60 mois. La fen\u00eatre date est plac\u00e9e de fa\u00e7on discr\u00e8te mais lisible.<\/p>\n<p data-start=\"5295\" data-end=\"5552\">L\u2019\u00e9tanch\u00e9it\u00e9 jusqu\u2019\u00e0 100\u202fm (10 ATM) permet d\u2019envisager des usages aquatiques (natation, eau libre mod\u00e9r\u00e9e) sans contrainte. Le bracelet en silicone noir, confortable et souple, compl\u00e8te l\u2019esprit sportif de la montre tout en lui assurant un bon ajustement.<\/p>\n<p><div class=\"alert alert_error\"><div class=\"alert_icon\"><svg viewBox=\"0 0 28 28\"><defs><style>.path{fill:none;stroke:#000;stroke-miterlimit:10;stroke-width:1.5px;}<\/style><\/defs><g><circle cx=\"14\" cy=\"20\" r=\"0.33\" class=\"path\"\/><line x1=\"14\" y1=\"8.72\" x2=\"14\" y2=\"16.72\" class=\"path\"\/><path d=\"M12.6,3.42,1.54,22.58A1.61,1.61,0,0,0,2.93,25H25.07a1.61,1.61,0,0,0,1.39-2.42L15.4,3.42A1.61,1.61,0,0,0,12.6,3.42Z\" class=\"path\"\/><\/g><\/svg><\/div><div class=\"alert_wrapper\">Le montant affich\u00e9 peut \u00eatre modifi\u00e9 par le fournisseur sans que nous en soyons inform\u00e9s. Une diff\u00e9rence entre le prix affich\u00e9 ici et en magasin reste possible.<\/div><a href=\"#\" class=\"close mfn-close-icon\"><span class=\"icon\">\u2715<\/span><\/a><\/div>\n<div class=\"alert alert_info\"><div class=\"alert_icon\"><svg viewBox=\"0 0 28 28\"><defs><style>.path{fill:none;stroke:#000;stroke-miterlimit:10;stroke-width:1.5px;}<\/style><\/defs><g><circle class=\"path\" cx=\"14\" cy=\"14\" r=\"12\"\/><path class=\"path\" d=\"M11.2,9.12a3.4,3.4,0,0,1,3-1.69,2.84,2.84,0,0,1,3,2.76,3.16,3.16,0,0,1-.84,2.23c-.63.74-1.58,1.18-2.19,1.88a1,1,0,0,0-.26.64v2.32\"\/><circle class=\"path\" cx=\"14\" cy=\"20\" r=\"0.33\"\/><\/g><\/svg><\/div><div class=\"alert_wrapper\">Faites vos demandes particuli\u00e8res ou passez votre commande via ce formulaire <\/div><a href=\"#\" class=\"close mfn-close-icon\"><span class=\"icon\">\u2715<\/span><\/a><\/div>\n <a class=\"button  button_size_3\" href=\"https:\/\/tempsetor.be\/galerie\/ma-commande\/\"     target=\"_blank\"    title=\"\"><span class=\"button_label\">&gt; Formulaire<\/span><\/a>\n<\/p>\n","protected":false},"featured_media":8603,"template":"","meta":{"_monsterinsights_skip_tracking":false,"_monsterinsights_sitenote_active":false,"_monsterinsights_sitenote_note":"","_monsterinsights_sitenote_category":0},"product_brand":[],"product_cat":[795,40,39],"product_tag":[],"class_list":{"0":"post-8602","1":"product","2":"type-product","3":"status-publish","4":"has-post-thumbnail","6":"product_cat-festina-hommes","7":"product_cat-montres-hommes","8":"product_cat-hommes","10":"first","11":"instock","12":"shipping-taxable","13":"purchasable","14":"product-type-simple"},"_links":{"self":[{"href":"https:\/\/tempsetor.be\/galerie\/wp-json\/wp\/v2\/product\/8602","targetHints":{"allow":["GET"]}}],"collection":[{"href":"https:\/\/tempsetor.be\/galerie\/wp-json\/wp\/v2\/product"}],"about":[{"href":"https:\/\/tempsetor.be\/galerie\/wp-json\/wp\/v2\/types\/product"}],"wp:featuredmedia":[{"embeddable":true,"href":"https:\/\/tempsetor.be\/galerie\/wp-json\/wp\/v2\/media\/8603"}],"wp:attachment":[{"href":"https:\/\/tempsetor.be\/galerie\/wp-json\/wp\/v2\/media?parent=8602"}],"wp:term":[{"taxonomy":"product_brand","embeddable":true,"href":"https:\/\/tempsetor.be\/galerie\/wp-json\/wp\/v2\/product_brand?post=8602"},{"taxonomy":"product_cat","embeddable":true,"href":"https:\/\/tempsetor.be\/galerie\/wp-json\/wp\/v2\/product_cat?post=8602"},{"taxonomy":"product_tag","embeddable":true,"href":"https:\/\/tempsetor.be\/galerie\/wp-json\/wp\/v2\/product_tag?post=8602"}],"curies":[{"name":"wp","href":"https:\/\/api.w.org\/{rel}","templated":true}]}}