{"id":8629,"date":"2025-11-03T13:09:16","date_gmt":"2025-11-03T12:09:16","guid":{"rendered":"https:\/\/tempsetor.be\/galerie\/?post_type=product&#038;p=8629"},"modified":"2025-11-03T13:56:44","modified_gmt":"2025-11-03T12:56:44","slug":"montre-hommes-citizen-eco-drive-suratto-ar3120-16a","status":"publish","type":"product","link":"https:\/\/tempsetor.be\/galerie\/produit\/montre-hommes-citizen-eco-drive-suratto-ar3120-16a\/","title":{"rendered":"Montre hommes &#8211; Citizen &#8211; Eco-Drive Suratto &#8211; AR3120-16A"},"content":{"rendered":"<p>La Citizen\u202fSuratto\u202fAR3120\u201116A est une montre homme ultra\u2011plate (38,4\u202fmm \u00d7\u202f\u22484,7\u202fmm) en acier, \u00e9quip\u00e9e du mouvement solaire Eco\u2011Drive G872, verre saphir et bracelet cuir noir. Autonomie d\u2019environ 210\u202fjours, pr\u00e9cision \u00b115\u202fs\/mois. Une \u00e9l\u00e9gance technique \u00e0 d\u00e9couvrir.<\/p>\n","protected":false},"excerpt":{"rendered":"<p><img loading=\"lazy\" decoding=\"async\" class=\"alignleft wp-image-8633\" src=\"https:\/\/tempsetor.be\/galerie\/wp-content\/uploads\/2025\/11\/citizen-logo-300x63.png\" alt=\"logo Citizen\" width=\"151\" height=\"32\" srcset=\"https:\/\/tempsetor.be\/galerie\/wp-content\/uploads\/2025\/11\/citizen-logo-300x63.png 300w, https:\/\/tempsetor.be\/galerie\/wp-content\/uploads\/2025\/11\/citizen-logo-150x32.png 150w, https:\/\/tempsetor.be\/galerie\/wp-content\/uploads\/2025\/11\/citizen-logo-480x101.png 480w, https:\/\/tempsetor.be\/galerie\/wp-content\/uploads\/2025\/11\/citizen-logo.png 568w\" sizes=\"auto, (max-width:767px) 151px, 151px\" \/><\/p>\n<p data-start=\"2910\" data-end=\"3312\">La Citizen\u202fSuratto\u202fAR3120\u201116A incarne une \u00e9l\u00e9gance discr\u00e8te alli\u00e9e \u00e0 une technologie horlog\u00e8re avanc\u00e9e. Sa silhouette ultra\u2011fine de seulement ~4,7\u202fmm d\u2019\u00e9paisseur et son bo\u00eetier en acier inoxydable de 38,4\u202fmm de diam\u00e8tre offrent une pr\u00e9sence raffin\u00e9e au poignet. Le cadran argent\u00e9 aux index et aiguilles ton sur ton s\u2019accorde \u00e0 un verre saphir anti\u2011rayures, garantissant une lisibilit\u00e9 nette et durable.<\/p>\n<p data-start=\"3314\" data-end=\"3636\">Ce mod\u00e8le est dot\u00e9 du mouvement Eco\u2011Drive calibre G872, une m\u00e9canique solaire qui capte toute source de lumi\u00e8re pour alimenter la montre. Gr\u00e2ce \u00e0 ce syst\u00e8me, pas de changement de pile, et jusqu\u2019\u00e0 environ 210\u202fjours de r\u00e9serve de marche sont assur\u00e9s. La pr\u00e9cision est de \u00b115 secondes par mois, gage de fiabilit\u00e9 quotidienne.<\/p>\n<p data-start=\"3638\" data-end=\"3931\">L\u2019\u00e9tanch\u00e9it\u00e9 du bo\u00eetier est annonc\u00e9e \u00e0 3\u202fbar (30\u202fm), suffisante pour faire face aux \u00e9claboussures ou \u00e0 un usage au quotidien. Le fond viss\u00e9 du bo\u00eetier renforce la finition soign\u00e9e. Le bracelet en cuir noir, mont\u00e9 sur une boucle ardillon, compl\u00e8te le style habill\u00e9 et contemporain de la montre.<\/p>\n<p data-start=\"3933\" data-end=\"4294\">Fonctionnant sur l\u2019heure, les minutes et les secondes, ce mod\u00e8le minimaliste se distingue par sa technologie\u202f: aucun chronographe, aucune complication superflue, uniquement l\u2019essentiel ma\u00eetris\u00e9. Cette montre s\u2019adresse \u00e0 un homme en qu\u00eate d\u2019un garde\u2011temps fin, discret et performant, capable de s\u2019inscrire dans un style professionnel ou \u00e9l\u00e9gant sans ostentation.<\/p>\n<p><div class=\"alert alert_error\"><div class=\"alert_icon\"><svg viewBox=\"0 0 28 28\"><defs><style>.path{fill:none;stroke:#000;stroke-miterlimit:10;stroke-width:1.5px;}<\/style><\/defs><g><circle cx=\"14\" cy=\"20\" r=\"0.33\" class=\"path\"\/><line x1=\"14\" y1=\"8.72\" x2=\"14\" y2=\"16.72\" class=\"path\"\/><path d=\"M12.6,3.42,1.54,22.58A1.61,1.61,0,0,0,2.93,25H25.07a1.61,1.61,0,0,0,1.39-2.42L15.4,3.42A1.61,1.61,0,0,0,12.6,3.42Z\" class=\"path\"\/><\/g><\/svg><\/div><div class=\"alert_wrapper\">Le montant affich\u00e9 peut \u00eatre modifi\u00e9 par le fournisseur sans que nous en soyons inform\u00e9s. Une diff\u00e9rence entre le prix affich\u00e9 ici et en magasin reste possible.<\/div><a href=\"#\" class=\"close mfn-close-icon\"><span class=\"icon\">\u2715<\/span><\/a><\/div>\n<div class=\"alert alert_info\"><div class=\"alert_icon\"><svg viewBox=\"0 0 28 28\"><defs><style>.path{fill:none;stroke:#000;stroke-miterlimit:10;stroke-width:1.5px;}<\/style><\/defs><g><circle class=\"path\" cx=\"14\" cy=\"14\" r=\"12\"\/><path class=\"path\" d=\"M11.2,9.12a3.4,3.4,0,0,1,3-1.69,2.84,2.84,0,0,1,3,2.76,3.16,3.16,0,0,1-.84,2.23c-.63.74-1.58,1.18-2.19,1.88a1,1,0,0,0-.26.64v2.32\"\/><circle class=\"path\" cx=\"14\" cy=\"20\" r=\"0.33\"\/><\/g><\/svg><\/div><div class=\"alert_wrapper\">Faites vos demandes particuli\u00e8res ou passez votre commande via ce formulaire <\/div><a href=\"#\" class=\"close mfn-close-icon\"><span class=\"icon\">\u2715<\/span><\/a><\/div>\n <a class=\"button  button_size_3\" href=\"https:\/\/tempsetor.be\/galerie\/ma-commande\/\"     target=\"_blank\"    title=\"\"><span class=\"button_label\">&gt; Formulaire<\/span><\/a>\n<\/p>\n","protected":false},"featured_media":8630,"template":"","meta":{"_monsterinsights_skip_tracking":false,"_monsterinsights_sitenote_active":false,"_monsterinsights_sitenote_note":"","_monsterinsights_sitenote_category":0},"product_brand":[],"product_cat":[2616,40,39],"product_tag":[],"class_list":{"0":"post-8629","1":"product","2":"type-product","3":"status-publish","4":"has-post-thumbnail","6":"product_cat-citizen-hommes","7":"product_cat-montres-hommes","8":"product_cat-hommes","10":"first","11":"instock","12":"shipping-taxable","13":"purchasable","14":"product-type-simple"},"_links":{"self":[{"href":"https:\/\/tempsetor.be\/galerie\/wp-json\/wp\/v2\/product\/8629","targetHints":{"allow":["GET"]}}],"collection":[{"href":"https:\/\/tempsetor.be\/galerie\/wp-json\/wp\/v2\/product"}],"about":[{"href":"https:\/\/tempsetor.be\/galerie\/wp-json\/wp\/v2\/types\/product"}],"wp:featuredmedia":[{"embeddable":true,"href":"https:\/\/tempsetor.be\/galerie\/wp-json\/wp\/v2\/media\/8630"}],"wp:attachment":[{"href":"https:\/\/tempsetor.be\/galerie\/wp-json\/wp\/v2\/media?parent=8629"}],"wp:term":[{"taxonomy":"product_brand","embeddable":true,"href":"https:\/\/tempsetor.be\/galerie\/wp-json\/wp\/v2\/product_brand?post=8629"},{"taxonomy":"product_cat","embeddable":true,"href":"https:\/\/tempsetor.be\/galerie\/wp-json\/wp\/v2\/product_cat?post=8629"},{"taxonomy":"product_tag","embeddable":true,"href":"https:\/\/tempsetor.be\/galerie\/wp-json\/wp\/v2\/product_tag?post=8629"}],"curies":[{"name":"wp","href":"https:\/\/api.w.org\/{rel}","templated":true}]}}