{"id":8644,"date":"2025-11-03T18:06:50","date_gmt":"2025-11-03T17:06:50","guid":{"rendered":"https:\/\/tempsetor.be\/galerie\/?post_type=product&#038;p=8644"},"modified":"2025-11-03T18:14:54","modified_gmt":"2025-11-03T17:14:54","slug":"montre-hommes-citizen-nh8390-03xc","status":"publish","type":"product","link":"https:\/\/tempsetor.be\/galerie\/produit\/montre-hommes-citizen-nh8390-03xc\/","title":{"rendered":"Montre hommes &#8211; Citizen &#8211; NH8390-03XC"},"content":{"rendered":"<p>La Citizen\u202fNH8390\u201103XC r\u00e9unit esth\u00e9tisme vintage et m\u00e9canique automatique de qualit\u00e9 : bo\u00eetier acier de 40,2\u202fmm, cadran vert profond, mouvement calibre\u202f8200, r\u00e9serve de marche d\u2019environ 40\u202fh et bracelet cuir brun. Une montre d\u00e9licatement con\u00e7ue pour l\u2019homme qui appr\u00e9cie les belles m\u00e9caniques \u00e0 un prix accessible.<\/p>\n","protected":false},"excerpt":{"rendered":"<p><img loading=\"lazy\" decoding=\"async\" class=\"alignleft wp-image-8633\" src=\"https:\/\/tempsetor.be\/galerie\/wp-content\/uploads\/2025\/11\/citizen-logo-300x63.png\" alt=\"logo Citizen\" width=\"151\" height=\"32\" srcset=\"https:\/\/tempsetor.be\/galerie\/wp-content\/uploads\/2025\/11\/citizen-logo-300x63.png 300w, https:\/\/tempsetor.be\/galerie\/wp-content\/uploads\/2025\/11\/citizen-logo-150x32.png 150w, https:\/\/tempsetor.be\/galerie\/wp-content\/uploads\/2025\/11\/citizen-logo-480x101.png 480w, https:\/\/tempsetor.be\/galerie\/wp-content\/uploads\/2025\/11\/citizen-logo.png 568w\" sizes=\"auto, (max-width:767px) 151px, 151px\" \/><\/p>\n<p data-start=\"3730\" data-end=\"4212\">La montre Citizen NH8390\u201103XC s\u2019impose comme un mod\u00e8le raffin\u00e9 au bo\u00eetier acier de 40,2\u202fmm de diam\u00e8tre et 13,1\u202fmm d\u2019\u00e9paisseur, parfaitement \u00e9quilibr\u00e9e pour un poignet masculin. Son cadran vert profond, rehauss\u00e9 d\u2019index appliqu\u00e9s et d\u2019aiguilles en harmonie, est prot\u00e9g\u00e9 par un verre cristal (ou min\u00e9ral selon les march\u00e9s) et pr\u00e9sente \u00e9l\u00e9gamment les fonctions jour et date. Le mouvement automatique calibre\u202f8200, avec 21 rubis, offre une r\u00e9serve de marche d\u2019environ 40\u202fh, refl\u00e9tant l\u2019engagement horloger de la marque.<\/p>\n<p data-start=\"3730\" data-end=\"4212\">Avec une \u00e9tanch\u00e9it\u00e9 de 5\u202fbar (50\u202fm), cette montre est con\u00e7ue pour r\u00e9sister aux al\u00e9as de la vie quotidienne. Le bracelet en cuir brun, muni d\u2019une largeur d\u2019entre\u2011corne de 20\u202fmm, apporte une touche classique et confortable. Parfait pour l\u2019homme attentif \u00e0 la qualit\u00e9, au style et \u00e0 la m\u00e9canique fine, ce mod\u00e8le s\u2019int\u00e9grera aussi bien dans un registre formel que casual.<\/p>\n<p><div class=\"alert alert_error\"><div class=\"alert_icon\"><svg viewBox=\"0 0 28 28\"><defs><style>.path{fill:none;stroke:#000;stroke-miterlimit:10;stroke-width:1.5px;}<\/style><\/defs><g><circle cx=\"14\" cy=\"20\" r=\"0.33\" class=\"path\"\/><line x1=\"14\" y1=\"8.72\" x2=\"14\" y2=\"16.72\" class=\"path\"\/><path d=\"M12.6,3.42,1.54,22.58A1.61,1.61,0,0,0,2.93,25H25.07a1.61,1.61,0,0,0,1.39-2.42L15.4,3.42A1.61,1.61,0,0,0,12.6,3.42Z\" class=\"path\"\/><\/g><\/svg><\/div><div class=\"alert_wrapper\">Le montant affich\u00e9 peut \u00eatre modifi\u00e9 par le fournisseur sans que nous en soyons inform\u00e9s. Une diff\u00e9rence entre le prix affich\u00e9 ici et en magasin reste possible.<\/div><a href=\"#\" class=\"close mfn-close-icon\"><span class=\"icon\">\u2715<\/span><\/a><\/div>\n<div class=\"alert alert_info\"><div class=\"alert_icon\"><svg viewBox=\"0 0 28 28\"><defs><style>.path{fill:none;stroke:#000;stroke-miterlimit:10;stroke-width:1.5px;}<\/style><\/defs><g><circle class=\"path\" cx=\"14\" cy=\"14\" r=\"12\"\/><path class=\"path\" d=\"M11.2,9.12a3.4,3.4,0,0,1,3-1.69,2.84,2.84,0,0,1,3,2.76,3.16,3.16,0,0,1-.84,2.23c-.63.74-1.58,1.18-2.19,1.88a1,1,0,0,0-.26.64v2.32\"\/><circle class=\"path\" cx=\"14\" cy=\"20\" r=\"0.33\"\/><\/g><\/svg><\/div><div class=\"alert_wrapper\">Faites vos demandes particuli\u00e8res ou passez votre commande via ce formulaire <\/div><a href=\"#\" class=\"close mfn-close-icon\"><span class=\"icon\">\u2715<\/span><\/a><\/div>\n <a class=\"button  button_size_3\" href=\"https:\/\/tempsetor.be\/galerie\/ma-commande\/\"     target=\"_blank\"    title=\"\"><span class=\"button_label\">&gt; Formulaire<\/span><\/a>\n<\/p>\n","protected":false},"featured_media":8645,"template":"","meta":{"_monsterinsights_skip_tracking":false,"_monsterinsights_sitenote_active":false,"_monsterinsights_sitenote_note":"","_monsterinsights_sitenote_category":0},"product_brand":[],"product_cat":[2616,40,39],"product_tag":[],"class_list":{"0":"post-8644","1":"product","2":"type-product","3":"status-publish","4":"has-post-thumbnail","6":"product_cat-citizen-hommes","7":"product_cat-montres-hommes","8":"product_cat-hommes","10":"first","11":"instock","12":"shipping-taxable","13":"purchasable","14":"product-type-simple"},"_links":{"self":[{"href":"https:\/\/tempsetor.be\/galerie\/wp-json\/wp\/v2\/product\/8644","targetHints":{"allow":["GET"]}}],"collection":[{"href":"https:\/\/tempsetor.be\/galerie\/wp-json\/wp\/v2\/product"}],"about":[{"href":"https:\/\/tempsetor.be\/galerie\/wp-json\/wp\/v2\/types\/product"}],"wp:featuredmedia":[{"embeddable":true,"href":"https:\/\/tempsetor.be\/galerie\/wp-json\/wp\/v2\/media\/8645"}],"wp:attachment":[{"href":"https:\/\/tempsetor.be\/galerie\/wp-json\/wp\/v2\/media?parent=8644"}],"wp:term":[{"taxonomy":"product_brand","embeddable":true,"href":"https:\/\/tempsetor.be\/galerie\/wp-json\/wp\/v2\/product_brand?post=8644"},{"taxonomy":"product_cat","embeddable":true,"href":"https:\/\/tempsetor.be\/galerie\/wp-json\/wp\/v2\/product_cat?post=8644"},{"taxonomy":"product_tag","embeddable":true,"href":"https:\/\/tempsetor.be\/galerie\/wp-json\/wp\/v2\/product_tag?post=8644"}],"curies":[{"name":"wp","href":"https:\/\/api.w.org\/{rel}","templated":true}]}}