{"id":8661,"date":"2025-11-04T16:42:55","date_gmt":"2025-11-04T15:42:55","guid":{"rendered":"https:\/\/tempsetor.be\/galerie\/?post_type=product&#038;p=8661"},"modified":"2025-11-04T17:03:01","modified_gmt":"2025-11-04T16:03:01","slug":"montre-hommes-citizen-nk0020-55e","status":"publish","type":"product","link":"https:\/\/tempsetor.be\/galerie\/produit\/montre-hommes-citizen-nk0020-55e\/","title":{"rendered":"Montre hommes &#8211; Citizen &#8211; NK0020-55E"},"content":{"rendered":"<p>La Citizen NK0020\u201155E de la collection Tsuyosa\u202f60 est une montre homme automatique de 40\u202fmm \u00e9quip\u00e9e du calibre 8310, offrant 60\u202fh de r\u00e9serve de marche. Avec son bo\u00eetier acier, son cadran noir guilloch\u00e9 et son verre saphir, elle combine \u00e9l\u00e9gance et robustesse pour un usage quotidien raffin\u00e9.<\/p>\n","protected":false},"excerpt":{"rendered":"<p><img loading=\"lazy\" decoding=\"async\" class=\"alignleft wp-image-8633\" src=\"https:\/\/tempsetor.be\/galerie\/wp-content\/uploads\/2025\/11\/citizen-logo-300x63.png\" alt=\"logo Citizen\" width=\"151\" height=\"32\" srcset=\"https:\/\/tempsetor.be\/galerie\/wp-content\/uploads\/2025\/11\/citizen-logo-300x63.png 300w, https:\/\/tempsetor.be\/galerie\/wp-content\/uploads\/2025\/11\/citizen-logo-150x32.png 150w, https:\/\/tempsetor.be\/galerie\/wp-content\/uploads\/2025\/11\/citizen-logo-480x101.png 480w, https:\/\/tempsetor.be\/galerie\/wp-content\/uploads\/2025\/11\/citizen-logo.png 568w\" sizes=\"auto, (max-width:767px) 151px, 151px\" \/><\/p>\n<p data-start=\"3191\" data-end=\"3671\">La montre Citizen NK0020\u201155E appartient \u00e0 la collection Tsuyosa\u202f60 et incarne l\u2019\u00e9quilibre parfait entre raffinement et performance. Son bo\u00eetier en acier inoxydable de 40\u202fmm de diam\u00e8tre et 11,7\u202fmm d\u2019\u00e9paisseur est travaill\u00e9 avec alternance de surfaces bross\u00e9es et polies, offrant un effet visuel s\u00e9duisant et distinctif. Le cadran noir, subtilement guilloch\u00e9, accueille des index appliqu\u00e9s et des aiguilles luminescentes pour une lisibilit\u00e9 optimale. Le verre saphir prot\u00e8ge l\u2019ensemble tandis que la loupe positionn\u00e9e sur le guichet de date \u00e0 3\u202fh apporte une touche fonctionnelle \u00e9l\u00e9gante. Le mouvement automatique calibre\u202f8310 bat \u00e0 21\u202f600 vibrations par heure, permet une r\u00e9serve de marche d\u2019environ 60\u202fheures et se remonte aussi manuellement.<\/p>\n<p data-start=\"3191\" data-end=\"3671\">Cette montre est \u00e9tanche \u00e0 50\u202fm (5\u202fbar), ce qui la rend adapt\u00e9e \u00e0 un usage quotidien. Le bracelet acier int\u00e9gr\u00e9, \u00e0 cinq maillons, adopte un style \u00e9l\u00e9gant et confortable, et se ferme par un fermoir papillon \u00e0 boutons poussoirs. Elle offre un excellent rapport qualit\u00e9\u2011prix et constitue un choix id\u00e9al pour l\u2019homme moderne, qui souhaite une montre m\u00e9canique fiable \u00e0 porter au quotidien ou en occasion plus habill\u00e9e.<\/p>\n<p><div class=\"alert alert_error\"><div class=\"alert_icon\"><svg viewBox=\"0 0 28 28\"><defs><style>.path{fill:none;stroke:#000;stroke-miterlimit:10;stroke-width:1.5px;}<\/style><\/defs><g><circle cx=\"14\" cy=\"20\" r=\"0.33\" class=\"path\"\/><line x1=\"14\" y1=\"8.72\" x2=\"14\" y2=\"16.72\" class=\"path\"\/><path d=\"M12.6,3.42,1.54,22.58A1.61,1.61,0,0,0,2.93,25H25.07a1.61,1.61,0,0,0,1.39-2.42L15.4,3.42A1.61,1.61,0,0,0,12.6,3.42Z\" class=\"path\"\/><\/g><\/svg><\/div><div class=\"alert_wrapper\">Le montant affich\u00e9 peut \u00eatre modifi\u00e9 par le fournisseur sans que nous en soyons inform\u00e9s. Une diff\u00e9rence entre le prix affich\u00e9 ici et en magasin reste possible.<\/div><a href=\"#\" class=\"close mfn-close-icon\"><span class=\"icon\">\u2715<\/span><\/a><\/div>\n<div class=\"alert alert_info\"><div class=\"alert_icon\"><svg viewBox=\"0 0 28 28\"><defs><style>.path{fill:none;stroke:#000;stroke-miterlimit:10;stroke-width:1.5px;}<\/style><\/defs><g><circle class=\"path\" cx=\"14\" cy=\"14\" r=\"12\"\/><path class=\"path\" d=\"M11.2,9.12a3.4,3.4,0,0,1,3-1.69,2.84,2.84,0,0,1,3,2.76,3.16,3.16,0,0,1-.84,2.23c-.63.74-1.58,1.18-2.19,1.88a1,1,0,0,0-.26.64v2.32\"\/><circle class=\"path\" cx=\"14\" cy=\"20\" r=\"0.33\"\/><\/g><\/svg><\/div><div class=\"alert_wrapper\">Faites vos demandes particuli\u00e8res ou passez votre commande via ce formulaire <\/div><a href=\"#\" class=\"close mfn-close-icon\"><span class=\"icon\">\u2715<\/span><\/a><\/div>\n <a class=\"button  button_size_3\" href=\"https:\/\/tempsetor.be\/galerie\/ma-commande\/\"     target=\"_blank\"    title=\"\"><span class=\"button_label\">&gt; Formulaire<\/span><\/a>\n<\/p>\n","protected":false},"featured_media":8662,"template":"","meta":{"_monsterinsights_skip_tracking":false,"_monsterinsights_sitenote_active":false,"_monsterinsights_sitenote_note":"","_monsterinsights_sitenote_category":0},"product_brand":[],"product_cat":[2616,40,39],"product_tag":[],"class_list":{"0":"post-8661","1":"product","2":"type-product","3":"status-publish","4":"has-post-thumbnail","6":"product_cat-citizen-hommes","7":"product_cat-montres-hommes","8":"product_cat-hommes","10":"first","11":"instock","12":"shipping-taxable","13":"purchasable","14":"product-type-simple"},"_links":{"self":[{"href":"https:\/\/tempsetor.be\/galerie\/wp-json\/wp\/v2\/product\/8661","targetHints":{"allow":["GET"]}}],"collection":[{"href":"https:\/\/tempsetor.be\/galerie\/wp-json\/wp\/v2\/product"}],"about":[{"href":"https:\/\/tempsetor.be\/galerie\/wp-json\/wp\/v2\/types\/product"}],"wp:featuredmedia":[{"embeddable":true,"href":"https:\/\/tempsetor.be\/galerie\/wp-json\/wp\/v2\/media\/8662"}],"wp:attachment":[{"href":"https:\/\/tempsetor.be\/galerie\/wp-json\/wp\/v2\/media?parent=8661"}],"wp:term":[{"taxonomy":"product_brand","embeddable":true,"href":"https:\/\/tempsetor.be\/galerie\/wp-json\/wp\/v2\/product_brand?post=8661"},{"taxonomy":"product_cat","embeddable":true,"href":"https:\/\/tempsetor.be\/galerie\/wp-json\/wp\/v2\/product_cat?post=8661"},{"taxonomy":"product_tag","embeddable":true,"href":"https:\/\/tempsetor.be\/galerie\/wp-json\/wp\/v2\/product_tag?post=8661"}],"curies":[{"name":"wp","href":"https:\/\/api.w.org\/{rel}","templated":true}]}}