{"id":8897,"date":"2026-03-15T19:23:39","date_gmt":"2026-03-15T18:23:39","guid":{"rendered":"https:\/\/tempsetor.be\/galerie\/?post_type=product&#038;p=8897"},"modified":"2026-03-15T19:42:14","modified_gmt":"2026-03-15T18:42:14","slug":"montre-hommes-depancel-driver-black-wa05abaar-mrlqn1a","status":"publish","type":"product","link":"https:\/\/tempsetor.be\/galerie\/produit\/montre-hommes-depancel-driver-black-wa05abaar-mrlqn1a\/","title":{"rendered":"Montre hommes &#8211; Depancel &#8211; D[r]iver &#8211; Black &#8211; WA05ABAAR.MRLQN1A"},"content":{"rendered":"<p>La Depancel Allure D[R]IVER Calendrier associe design inspir\u00e9 de l\u2019automobile et m\u00e9canique de pr\u00e9cision. Son bo\u00eetier acier de 39 mm, son mouvement automatique Miyota 9122 et son calendrier complet avec affichage du jour, du mois et de la date offrent un garde-temps sportif, \u00e9tanche \u00e0 10 ATM et mont\u00e9 sur bracelet caoutchouc FKM.<\/p>\n","protected":false},"excerpt":{"rendered":"<p><img loading=\"lazy\" decoding=\"async\" class=\"size-full wp-image-8903\" src=\"https:\/\/tempsetor.be\/galerie\/wp-content\/uploads\/2026\/03\/Depancel_Montre_francaise_automa.png\" alt=\"Depancel logo\" width=\"260\" height=\"74\" srcset=\"https:\/\/tempsetor.be\/galerie\/wp-content\/uploads\/2026\/03\/Depancel_Montre_francaise_automa.png 260w, https:\/\/tempsetor.be\/galerie\/wp-content\/uploads\/2026\/03\/Depancel_Montre_francaise_automa-150x43.png 150w\" sizes=\"auto, (max-width:767px) 260px, 260px\" \/><\/p>\n<p>La Depancel Allure D[R]IVER Calendrier est une montre inspir\u00e9e de l\u2019univers automobile et de l\u2019esth\u00e9tique des tableaux de bord des ann\u00e9es 70 et 80. Son bo\u00eetier en acier inoxydable 316L de 39 mm combine finitions polies et bross\u00e9es pour cr\u00e9er une silhouette sportive et \u00e9l\u00e9gante. La lunette bidirectionnelle gradu\u00e9e 12 heures avec insert aluminium renforce le caract\u00e8re technique du mod\u00e8le tandis que la couronne viss\u00e9e participe \u00e0 la robustesse de l\u2019ensemble.<\/p>\n<p data-start=\"5922\" data-end=\"6210\">Le cadran noir met en valeur des index appliqu\u00e9s et des aiguilles luminescentes con\u00e7ues pour garantir une excellente lisibilit\u00e9. Prot\u00e9g\u00e9 par un verre saphir r\u00e9sistant aux rayures avec traitement anti-reflets, il assure une lecture claire du temps dans diff\u00e9rentes conditions de lumi\u00e8re.<\/p>\n<p data-start=\"6212\" data-end=\"6555\">Au c\u0153ur de cette montre se trouve le mouvement automatique japonais Miyota 9122. Ce calibre anime les fonctions heures, minutes et secondes et int\u00e8gre un calendrier complet avec affichage du jour, du mois et de la date. Il offre \u00e9galement une r\u00e9serve de marche d\u2019environ 40 heures, assurant une autonomie confortable pour un usage quotidien.<\/p>\n<p data-start=\"6557\" data-end=\"6791\">\u00c9tanche \u00e0 10 ATM, la montre est con\u00e7ue pour r\u00e9sister aux activit\u00e9s quotidiennes et aux environnements actifs. Le bracelet en caoutchouc FKM noir int\u00e9gr\u00e9 apporte confort et r\u00e9sistance tout en soulignant l\u2019identit\u00e9 sportive du mod\u00e8le.<\/p>\n<p><div class=\"alert alert_error\"><div class=\"alert_icon\"><svg viewBox=\"0 0 28 28\"><defs><style>.path{fill:none;stroke:#000;stroke-miterlimit:10;stroke-width:1.5px;}<\/style><\/defs><g><circle cx=\"14\" cy=\"20\" r=\"0.33\" class=\"path\"\/><line x1=\"14\" y1=\"8.72\" x2=\"14\" y2=\"16.72\" class=\"path\"\/><path d=\"M12.6,3.42,1.54,22.58A1.61,1.61,0,0,0,2.93,25H25.07a1.61,1.61,0,0,0,1.39-2.42L15.4,3.42A1.61,1.61,0,0,0,12.6,3.42Z\" class=\"path\"\/><\/g><\/svg><\/div><div class=\"alert_wrapper\">Le montant affich\u00e9 peut \u00eatre modifi\u00e9 par le fournisseur sans que nous en soyons inform\u00e9s. Une diff\u00e9rence entre le prix affich\u00e9 ici et en magasin reste possible.<\/div><a href=\"#\" class=\"close mfn-close-icon\"><span class=\"icon\">\u2715<\/span><\/a><\/div>\n<div class=\"alert alert_info\"><div class=\"alert_icon\"><svg viewBox=\"0 0 28 28\"><defs><style>.path{fill:none;stroke:#000;stroke-miterlimit:10;stroke-width:1.5px;}<\/style><\/defs><g><circle class=\"path\" cx=\"14\" cy=\"14\" r=\"12\"\/><path class=\"path\" d=\"M11.2,9.12a3.4,3.4,0,0,1,3-1.69,2.84,2.84,0,0,1,3,2.76,3.16,3.16,0,0,1-.84,2.23c-.63.74-1.58,1.18-2.19,1.88a1,1,0,0,0-.26.64v2.32\"\/><circle class=\"path\" cx=\"14\" cy=\"20\" r=\"0.33\"\/><\/g><\/svg><\/div><div class=\"alert_wrapper\">Faites vos demandes particuli\u00e8res ou passez votre commande via ce formulaire <\/div><a href=\"#\" class=\"close mfn-close-icon\"><span class=\"icon\">\u2715<\/span><\/a><\/div>\n <a class=\"button  button_size_3\" href=\"https:\/\/tempsetor.be\/galerie\/ma-commande\/\"     target=\"_blank\"    title=\"\"><span class=\"button_label\">&gt; Formulaire<\/span><\/a>\n<\/p>\n","protected":false},"featured_media":8898,"template":"","meta":{"_monsterinsights_skip_tracking":false,"_monsterinsights_sitenote_active":false,"_monsterinsights_sitenote_note":"","_monsterinsights_sitenote_category":0},"product_brand":[],"product_cat":[2710,40,39],"product_tag":[],"class_list":{"0":"post-8897","1":"product","2":"type-product","3":"status-publish","4":"has-post-thumbnail","6":"product_cat-depancel-hommes","7":"product_cat-montres-hommes","8":"product_cat-hommes","10":"first","11":"instock","12":"shipping-taxable","13":"purchasable","14":"product-type-simple"},"_links":{"self":[{"href":"https:\/\/tempsetor.be\/galerie\/wp-json\/wp\/v2\/product\/8897","targetHints":{"allow":["GET"]}}],"collection":[{"href":"https:\/\/tempsetor.be\/galerie\/wp-json\/wp\/v2\/product"}],"about":[{"href":"https:\/\/tempsetor.be\/galerie\/wp-json\/wp\/v2\/types\/product"}],"wp:featuredmedia":[{"embeddable":true,"href":"https:\/\/tempsetor.be\/galerie\/wp-json\/wp\/v2\/media\/8898"}],"wp:attachment":[{"href":"https:\/\/tempsetor.be\/galerie\/wp-json\/wp\/v2\/media?parent=8897"}],"wp:term":[{"taxonomy":"product_brand","embeddable":true,"href":"https:\/\/tempsetor.be\/galerie\/wp-json\/wp\/v2\/product_brand?post=8897"},{"taxonomy":"product_cat","embeddable":true,"href":"https:\/\/tempsetor.be\/galerie\/wp-json\/wp\/v2\/product_cat?post=8897"},{"taxonomy":"product_tag","embeddable":true,"href":"https:\/\/tempsetor.be\/galerie\/wp-json\/wp\/v2\/product_tag?post=8897"}],"curies":[{"name":"wp","href":"https:\/\/api.w.org\/{rel}","templated":true}]}}

<p>La Depancel Allure D[R]IVER Calendrier associe design inspiré de l’automobile et mécanique de précision. Son boîtier acier de 39 mm, son mouvement automatique Miyota 9122 et son calendrier complet avec affichage du jour, du mois et de la date offrent un garde-temps sportif, étanche à 10 ATM et monté sur bracelet caoutchouc FKM.</p>

<p><img loading="lazy" decoding="async" class="size-full wp-image-8903" src="https://tempsetor.be/galerie/wp-content/uploads/2026/03/Depancel_Montre_francaise_automa.png" alt="Depancel logo" width="260" height="74" srcset="https://tempsetor.be/galerie/wp-content/uploads/2026/03/Depancel_Montre_francaise_automa.png 260w, https://tempsetor.be/galerie/wp-content/uploads/2026/03/Depancel_Montre_francaise_automa-150x43.png 150w" sizes="auto, (max-width:767px) 260px, 260px" /></p>
<p>La Depancel Allure D[R]IVER Calendrier est une montre inspirée de l’univers automobile et de l’esthétique des tableaux de bord des années 70 et 80. Son boîtier en acier inoxydable 316L de 39 mm combine finitions polies et brossées pour créer une silhouette sportive et élégante. La lunette bidirectionnelle graduée 12 heures avec insert aluminium renforce le caractère technique du modèle tandis que la couronne vissée participe à la robustesse de l’ensemble.</p>
<p data-start="5922" data-end="6210">Le cadran noir met en valeur des index appliqués et des aiguilles luminescentes conçues pour garantir une excellente lisibilité. Protégé par un verre saphir résistant aux rayures avec traitement anti-reflets, il assure une lecture claire du temps dans différentes conditions de lumière.</p>
<p data-start="6212" data-end="6555">Au cœur de cette montre se trouve le mouvement automatique japonais Miyota 9122. Ce calibre anime les fonctions heures, minutes et secondes et intègre un calendrier complet avec affichage du jour, du mois et de la date. Il offre également une réserve de marche d’environ 40 heures, assurant une autonomie confortable pour un usage quotidien.</p>
<p data-start="6557" data-end="6791">Étanche à 10 ATM, la montre est conçue pour résister aux activités quotidiennes et aux environnements actifs. Le bracelet en caoutchouc FKM noir intégré apporte confort et résistance tout en soulignant l’identité sportive du modèle.</p>
<p><div class="alert alert_error"><div class="alert_icon"><svg viewBox="0 0 28 28"><defs><style>.path{fill:none;stroke:#000;stroke-miterlimit:10;stroke-width:1.5px;}</style></defs><g><circle cx="14" cy="20" r="0.33" class="path"/><line x1="14" y1="8.72" x2="14" y2="16.72" class="path"/><path d="M12.6,3.42,1.54,22.58A1.61,1.61,0,0,0,2.93,25H25.07a1.61,1.61,0,0,0,1.39-2.42L15.4,3.42A1.61,1.61,0,0,0,12.6,3.42Z" class="path"/></g></svg></div><div class="alert_wrapper">Le montant affiché peut être modifié par le fournisseur sans que nous en soyons informés. Une différence entre le prix affiché ici et en magasin reste possible.</div><a href="#" class="close mfn-close-icon"><span class="icon">✕</span></a></div>
<div class="alert alert_info"><div class="alert_icon"><svg viewBox="0 0 28 28"><defs><style>.path{fill:none;stroke:#000;stroke-miterlimit:10;stroke-width:1.5px;}</style></defs><g><circle class="path" cx="14" cy="14" r="12"/><path class="path" d="M11.2,9.12a3.4,3.4,0,0,1,3-1.69,2.84,2.84,0,0,1,3,2.76,3.16,3.16,0,0,1-.84,2.23c-.63.74-1.58,1.18-2.19,1.88a1,1,0,0,0-.26.64v2.32"/><circle class="path" cx="14" cy="20" r="0.33"/></g></svg></div><div class="alert_wrapper">Faites vos demandes particulières ou passez votre commande via ce formulaire </div><a href="#" class="close mfn-close-icon"><span class="icon">✕</span></a></div>
 <a class="button  button_size_3" href="https://tempsetor.be/galerie/ma-commande/"     target="_blank"    title=""><span class="button_label">&gt; Formulaire</span></a>
</p>
